{"id":572,"date":"2020-09-30T13:06:27","date_gmt":"2020-09-30T13:06:27","guid":{"rendered":"https:\/\/www.happysunday.eu\/?page_id=572"},"modified":"2020-09-30T13:14:28","modified_gmt":"2020-09-30T13:14:28","slug":"lietosanas-noteikumi","status":"publish","type":"page","link":"https:\/\/www.happysunday.eu\/?page_id=572","title":{"rendered":"Lieto\u0161anas noteikumi"},"content":{"rendered":"\n<ol class=\"wp-block-list\"><li>Pirms s\u0101kt lietot interneta vietni happysunday.eu (SIA Happy Sunday, re\u0123istr\u0101cijas Nr. 40203085101), l\u016bdzam r\u016bp\u012bgi izlas\u012bt \u0161os interneta vietnes happysunday.eu lieto\u0161anas noteikumus (turpm\u0101k \u2013 noteikumi).<\/li><li>Apmekl\u0113jot interneta vietni happysunday.eu vai izmantojot taj\u0101 izvietoto inform\u0101ciju par prec\u0113m un pakalpojumu snieg\u0161anu, J\u016bs personiski vai J\u016bsu p\u0101rst\u0101v\u0113t\u0101 persona, ja darbojaties t\u0101s v\u0101rd\u0101, piekr\u012bt \u0161iem noteikumiem.<\/li><li>Gad\u012bjum\u0101, ja nepiekr\u012btat \u0161iem noteikumiem, l\u016bdzam neapmekl\u0113t un nelietot interneta vietni happysunday.eu, k\u0101 ar\u012b neizmantot taj\u0101 pied\u0101v\u0101tos pakalpojumus un ietverto inform\u0101ciju.<\/li><li>Inform\u0113jam, ka interneta vietn\u0113 happysunday.eu ievad\u012bt\u0101s inform\u0101cijas (tai skait\u0101 fizisko personu datu) apstr\u0101des m\u0113r\u0137is ir taj\u0101 nor\u0101d\u012bto pakalpojumu snieg\u0161ana un pal\u012bdz\u012bbas snieg\u0161ana interneta vietnes happysunday.eu lieto\u0161anas laik\u0101.<\/li><li>SIA Happy Sunday ir ties\u012bbas jebkur\u0101 br\u012bd\u012b vienpus\u0113ji main\u012bt interneta vietnes happysunday.eu saturu un lieto\u0161anas noteikumus. \u0160\u0101das izmai\u0146as st\u0101jas sp\u0113k\u0101 p\u0113c to public\u0113\u0161anas interneta vietn\u0113 happysunday.eu.<\/li><li>Ar br\u012bdi, kad s\u0101kat lietot interneta vietni happysunday.eu vai min\u0113taj\u0101 vietn\u0113 veicat jebk\u0101das aktivit\u0101tes, tiks uzskat\u0101ms, ka esat iepazinies ar lieto\u0161anas br\u012bd\u012b sp\u0113k\u0101 eso\u0161ajiem noteikumiem un iev\u0113rosiet tos. Katram interneta vietnes lietot\u0101jam ir pien\u0101kums regul\u0101ri p\u0101rlas\u012bt noteikumus, lai savlaic\u012bgi b\u016btu lietas kurs\u0101 par tajos veiktaj\u0101m izmai\u0146\u0101m. Ja nepiekr\u012btat noteikumiem, tad aizliegts lietot interneta vietni.<\/li><li>Interneta vietnes happysunday.eu lietot\u0101jiem ir ties\u012bbas izmantot taj\u0101 pied\u0101v\u0101t\u0101s iesp\u0113jas un pakalpojumus par cenu, k\u0101da ir sp\u0113k\u0101 attiec\u012bg\u0101 pakalpojuma pied\u0101v\u0101\u0161anas br\u012bd\u012b. SIA Happy Sunday ir ties\u012bbas jebkur\u0101 br\u012bd\u012b p\u0113c saviem ieskatiem main\u012bt interneta vietn\u0113 happysunday.eu nor\u0101d\u012bt\u0101s cenas un\/vai izveidot jaunus maksas pakalpojumus. happysunday.eu visas pre\u010du cenas ir nor\u0101d\u012btas, ieskaitot Pievienot\u0101s v\u0113rt\u012bbas nodokli 21%.<\/li><li>Lai k\u013c\u016btu par interneta vietnes happysunday.eu re\u0123istr\u0113to lietot\u0101ju, ir j\u0101iev\u0113ro interneta vietn\u0113 happysunday.eu noteikt\u0101 re\u0123istr\u0113\u0161an\u0101s k\u0101rt\u012bba.<\/li><li>Interneta vietnes lietot\u0101js piekr\u012bt sa\u0146emt inform\u0101ciju no interneta vietnes happysunday.eu par da\u017e\u0101da veida aktualit\u0101t\u0113m, ja ir sa\u0146emta lietot\u0101ja, k\u0101 datu subjekta br\u012bva un nep\u0101rprotama piekri\u0161ana (iz\u0146emot gad\u012bjumus, kad zi\u0146u nos\u016bt\u012b\u0161ana lietot\u0101jam tiek veikta uz cita tiesisk\u0101 pamata).<\/li><li>SIA Happy Sunday neatbild par jebk\u0101da veida izdevumiem un zaud\u0113jumiem, kas radu\u0161ies interneta vietnes happysunday.eu lieto\u0161anas laik\u0101.<\/li><\/ol>\n\n\n\n<p><strong>Interneta vietn\u0113 happysunday.eu pied\u0101v\u0101to pakalpojumu izmanto\u0161ana.<\/strong><\/p>\n\n\n\n<ol class=\"wp-block-list\" start=\"11\"><li>Jums vienm\u0113r ir j\u0101r\u012bkojas saska\u0146\u0101 ar interneta vietn\u0113 happysunday.eu nor\u0101d\u012bto k\u0101rt\u012bbu.<\/li><li>Neizmantojiet interneta vietn\u0113 happysunday.eu ievietoto inform\u0101ciju \u013caunpr\u0101t\u012bgi. Interneta vietn\u0113 pied\u0101v\u0101tos pakalpojumus dr\u012bkstat izmantot tikai saska\u0146\u0101 ar sp\u0113k\u0101 eso\u0161ajiem normat\u012bvajiem aktiem. SIA Happy Sunday ir ties\u012bba aptur\u0113t vai p\u0101rtraukt pakalpojumu snieg\u0161anu, ja pas\u016bt\u012bjuma laik\u0101 netiek nodro\u0161in\u0101ta atbilst\u012bba interneta vietnes happysunday.eu lieto\u0161anas noteikumiem.<\/li><li>Interneta vietn\u0113 happysunday.eu tiek att\u0113lots pre\u010du saturs un apraksts un cita inform\u0101cija, kas ir SIA Happy Sunday \u012bpa\u0161ums.<\/li><li>Saist\u012bb\u0101 ar izmantotajiem pakalpojumiem SIA Happy Sunday ir ties\u012bgs nos\u016bt\u012bt pazi\u0146ojumus, atg\u0101din\u0101jumus par uzs\u0101ktajiem, bet nepabeigtajiem pakalpojumiem un citu inform\u0101ciju uz ievad\u012bto elektronisko e-pasta adresi ar m\u0113r\u0137i uzlabot pakalpojumu snieg\u0161anas kvalit\u0101ti. T\u0101pat SIA Happy Sunday ir ties\u012bgs nos\u016bt\u012bt inform\u0101ciju, tai skait\u0101 tie\u0161o zvanu veid\u0101, par happysunday.eu un SIA Happy Sunday sadarb\u012bbas partneru jaunumiem, akcij\u0101m un atlaid\u0113m. Jums ir ties\u012bbas atteikties no jebk\u0101du jaunumu sa\u0146em\u0161anas, redi\u0123\u0113jot \u0161o inform\u0101ciju sav\u0101 lietot\u0101ja profil\u0101, atrakstoties no jaunumu sa\u0146em\u0161anas, noklik\u0161\u0137inot uz epasta saites vai nos\u016btot inform\u0101ciju uz epastu happy@sunday.lv<\/li><li>Ja esat happysunday.eu re\u0123istr\u0113ts lietot\u0101js, bet k\u0101du iemeslu d\u0113\u013c v\u0113laties dz\u0113st savu profilu, l\u016bdzu rakstiet uz happy@sunday.lv<\/li><\/ol>\n\n\n\n<p><strong>Interneta vietn\u0113 happysunday.eu ievad\u012bto datu izmanto\u0161ana un konfidencialit\u0101te.<\/strong><\/p>\n\n\n\n<ol class=\"wp-block-list\" start=\"16\"><li>SIA Happy Sunday inform\u0113, ka nor\u0101dot savu e-pasta adresi, piekr\u012btat, ka t\u0101 tiek iek\u013cauta datu b\u0101z\u0113 un uz to var tikt nos\u016bt\u012bta no interneta vietnes happysunday.eu pazi\u0146ojums\/atg\u0101din\u0101jums par uzs\u0101ktajiem, bet nepabeigtajiem pre\u010du pas\u016bt\u012bjumiem.<\/li><li>Lietojot interneta vietni happysunday.eu, piekr\u012btat, ka SIA Happy Sunday vai jebkura tre\u0161\u0101 persona, kas darbojas happysunday.eu v\u0101rd\u0101, var apkopot un uzglab\u0101t datus, kas \u013cauj izsekot un uzskait\u012bt:<ol><li>t\u012bmek\u013ca viet\u0146u kop\u0113jo apmekl\u0113jumu skaitu,<\/li><li>IP adreses,<\/li><li>citus datus, kuru izmanto\u0161anas m\u0113r\u0137is ir sist\u0113mu administr\u0113\u0161anas nol\u016bkos, k\u0101 ar\u012b lai kontrol\u0113tu happysunday.eu interneta vietnes izmanto\u0161anu un organiz\u0113tu t\u0101s uzlabo\u0161anu.<\/li><\/ol><\/li><li>SIA Happy Sunday interneta vietn\u0113 happysunday.eu apkopotos un uzkr\u0101tos datus informat\u012bvos nol\u016bkos un statistikas veik\u0161anas nol\u016bkos ir ties\u012bga nodot ar\u012b citiem uz\u0146\u0113mumiem.&nbsp;Dati, kas \u013cautu identific\u0113t personu, \u0161aj\u0101 proces\u0101 netiek atkl\u0101ti un netiek nodoti tre\u0161aj\u0101m person\u0101m.<\/li><li>SIA Happy Sunday nesaista lietot\u0101ja IP adresi un e-pasta adresi ar datiem, kas \u013cauj identific\u0113t \u0161o lietot\u0101ju. Tas noz\u012bm\u0113, ka katra lietot\u0101ja sesija tiks re\u0123istr\u0113ta, ta\u010du interneta vietnes happysunday.eu lietot\u0101js paliks anon\u012bms.<\/li><li>Visi materi\u0101li, kas tiek nos\u016bt\u012bti vai ievad\u012bti interneta vietn\u0113 happysunday.eu, k\u013c\u016bst par SIA Happy Sunday \u012bpa\u0161umu, kurus SIA Happy Sunday k\u0101 interneta vietnes happysunday.eu \u012bpa\u0161nieks, ir ties\u012bgs izmantot saviem nol\u016bkiem, iz\u0146emot fizisko personu datus.<\/li><li>L\u016bdzu, iev\u0113rojiet, ka uzr\u0101dot savu e-pasta adresi vai nos\u016btot jebk\u0101du inform\u0101ciju uz interneta vietni happysunday.eu, esat piekritis, ka SIA Happy Sunday \u0161os datus ir ties\u012bgs izmantot tikai iepriek\u0161 min\u0113tajos nol\u016bkos, tai skait\u0101 \u0161o noteikumu 14.punkt\u0101 nor\u0101d\u012btajam m\u0113r\u0137im.<\/li><\/ol>\n\n\n\n<p><strong>Interneta vietnes happysunday.eu preces pas\u016bt\u012b\u0161ana un autorties\u012bbu aizsardz\u012bba.<\/strong><\/p>\n\n\n\n<ol class=\"wp-block-list\" start=\"22\"><li>Uzs\u0101kot preces pas\u016bt\u012b\u0161anu, apliecin\u0101t, ka esat iepazinies un piekr\u012btat interneta vietnes happysunday.eu&nbsp;<a href=\"https:\/\/www.happysunday.eu\/privatuma-politika\/\" data-type=\"URL\" data-id=\"https:\/\/www.happysunday.eu\/privatuma-politika\/\">Priv\u0101tuma politikai<\/a>.<\/li><li>Uzs\u0101kot preces pas\u016bt\u012b\u0161anu, sazinoties ar SIA Happy Sunday vai t\u0101s v\u0101rd\u0101 p\u0101rst\u0101v\u0113to personu, telefoniski, rakstiski \u010dat\u0101 interneta vietn\u0113 happysunday.eu, e-past\u0101 vai soci\u0101lajos t\u012bklos, apliecin\u0101t, ka esat iepazinies un piekr\u012btat ar interneta vietnes happysunday.eu lieto\u0161anas noteikumiem un sniegtie kontaktpersonas dati ir pareizi.<\/li><li><strong>Par pas\u016bt\u012bjuma iepako\u0161anu var tikt apr\u0113\u0137in\u0101ta papildus maksa (piem\u0113ram, par iepirkuma maisi\u0146u), kas tiks nor\u0101d\u012bta gala r\u0113\u0137in\u0101, kur\u0161 klientam tiks izs\u016bt\u012bts.<\/strong><\/li><\/ol>\n\n\n\n<p><strong>Par interneta vietnes happysunday.eu lieto\u0161anas noteikumiem.<\/strong><\/p>\n\n\n\n<ol class=\"wp-block-list\" start=\"26\"><li>Gad\u012bjum\u0101, ja k\u0101ds no \u0161ajos noteikumos nor\u0101d\u012btajiem punktiem zaud\u0113s sp\u0113ku, tas neietekm\u0113s p\u0101r\u0113jos noteikumus.<\/li><li>Jebkuri str\u012bdi, kas izriet no \u0161iem noteikumiem vai pakalpojumiem vai ir saist\u012bti ar tiem, tiks izskat\u012bti saska\u0146\u0101 ar normat\u012bvajos aktos noteiktaj\u0101m pras\u012bb\u0101m.<\/li><li>Visas intelektu\u0101l\u0101 \u012bpa\u0161uma ties\u012bbas attiec\u012bb\u0101 uz interneta vietni happysunday.eu pieder tikai un vien\u012bgi SIA Happy Sunday. \u0160o ties\u012bbu p\u0101rk\u0101puma gad\u012bjum\u0101 vain\u012bg\u0101 persona tiek saukta pie normat\u012bvajos aktos noteikt\u0101s atbild\u012bbas, k\u0101 ar\u012b ir piln\u012bb\u0101 atbild\u012bga par visiem zaud\u0113jumiem, kas ir vai var\u0113tu tikt nodar\u012bti SIA Happy Sunday un tre\u0161aj\u0101m person\u0101m.<\/li><li>Inform\u0101ciju par to, k\u0101 sazin\u0101ties ar SIA Happy Sunday, skatiet m\u0101jas vietnes happysunday.eu sada\u013c\u0101 \u201eKontakti\u201d.<\/li><\/ol>\n","protected":false},"excerpt":{"rendered":"<p>Pirms s\u0101kt lietot interneta vietni happysunday.eu (SIA Happy Sunday, re\u0123istr\u0101cijas Nr. 40203085101), l\u016bdzam r\u016bp\u012bgi izlas\u012bt \u0161os interneta vietnes happysunday.eu lieto\u0161anas noteikumus (turpm\u0101k \u2013 noteikumi). Apmekl\u0113jot interneta vietni happysunday.eu vai izmantojot taj\u0101 izvietoto inform\u0101ciju par prec\u0113m un pakalpojumu snieg\u0161anu, J\u016bs personiski vai J\u016bsu p\u0101rst\u0101v\u0113t\u0101 persona, ja darbojaties t\u0101s v\u0101rd\u0101, piekr\u012bt \u0161iem noteikumiem. Gad\u012bjum\u0101, ja nepiekr\u012btat \u0161iem noteikumiem, l\u016bdzam neapmekl\u0113t un nelietot interneta vietni happysunday.eu, k\u0101 ar\u012b neizmantot taj\u0101 pied\u0101v\u0101tos pakalpojumus un ietverto inform\u0101ciju. Inform\u0113jam, ka interneta vietn\u0113 happysunday.eu ievad\u012bt\u0101s inform\u0101cijas (tai skait\u0101 fizisko personu datu) apstr\u0101des m\u0113r\u0137is ir taj\u0101 nor\u0101d\u012bto pakalpojumu&hellip;<\/p>\n","protected":false},"author":1,"featured_media":0,"parent":0,"menu_order":0,"comment_status":"closed","ping_status":"closed","template":"","meta":{"footnotes":""},"class_list":["post-572","page","type-page","status-publish","hentry"],"_links":{"self":[{"href":"https:\/\/www.happysunday.eu\/index.php?rest_route=\/wp\/v2\/pages\/572","targetHints":{"allow":["GET"]}}],"collection":[{"href":"https:\/\/www.happysunday.eu\/index.php?rest_route=\/wp\/v2\/pages"}],"about":[{"href":"https:\/\/www.happysunday.eu\/index.php?rest_route=\/wp\/v2\/types\/page"}],"author":[{"embeddable":true,"href":"https:\/\/www.happysunday.eu\/index.php?rest_route=\/wp\/v2\/users\/1"}],"replies":[{"embeddable":true,"href":"https:\/\/www.happysunday.eu\/index.php?rest_route=%2Fwp%2Fv2%2Fcomments&post=572"}],"version-history":[{"count":2,"href":"https:\/\/www.happysunday.eu\/index.php?rest_route=\/wp\/v2\/pages\/572\/revisions"}],"predecessor-version":[{"id":578,"href":"https:\/\/www.happysunday.eu\/index.php?rest_route=\/wp\/v2\/pages\/572\/revisions\/578"}],"wp:attachment":[{"href":"https:\/\/www.happysunday.eu\/index.php?rest_route=%2Fwp%2Fv2%2Fmedia&parent=572"}],"curies":[{"name":"wp","href":"https:\/\/api.w.org\/{rel}","templated":true}]}}