{"id":1107,"date":"2021-02-26T17:53:53","date_gmt":"2021-02-26T17:53:53","guid":{"rendered":"https:\/\/www.happysunday.eu\/?post_type=product&#038;p=1107"},"modified":"2026-04-07T06:56:54","modified_gmt":"2026-04-07T06:56:54","slug":"antiwrinkles-night-cream-corrective-50ml","status":"publish","type":"product","link":"https:\/\/www.happysunday.eu\/?product=antiwrinkles-night-cream-corrective-50ml","title":{"rendered":"NAKTS SEJAS KR\u0112MS PRET GRUMB\u0100M AR CILMES \u0160\u016aN\u0100M 50ML"},"content":{"rendered":"<p>VERDEOASI STAMIN C Antiwrinkles Night Cream Corrective 50ml<\/p>\n<p>Nakts kr\u0113ms ar augu cilmes \u0161\u016bn\u0101m. Cilmes \u0161\u016bnu ekstrakts un antioksidanti pal\u0113lina to \u0161\u016bnu noveco\u0161anos, kas ir atbild\u012bgas par \u0101das atjauno\u0161anos. Efekt\u012bvi c\u012bn\u0101s pret br\u012bvajiem radik\u0101\u013ciem, kas pa\u0101trina \u0101das noveco\u0161an\u0101s procesu. Produktam piem\u012bt pretnoveco\u0161an\u0101s un \u0101das atjauno\u0161an\u0101s iedarb\u012bba. Stimul\u0113 fibroblastu funkcijas, t\u0101dej\u0101di nostiprinot \u0101das strukt\u016bru.<\/p>\n<p>Augstas efektivit\u0101tes formula, kas \u012bpa\u0161i izstr\u0101d\u0101ta, lai nov\u0113rstu un izlabotu jebk\u0101das \u0101das st\u0101vokli. Tas atbr\u012bvo \u0101du no stresa un noguruma paz\u012bm\u0113m, sniedzot t\u012bru labsaj\u016btu. Tas atst\u0101j \u0101du \u0101rk\u0101rt\u012bgi relaks\u0113tu, spilgtu, boratu un izgaismotu. Intens\u012bvi aktiviz\u0113 \u0101da\u015b jaun\u012bbas procesui.\u00a0Grumbas tiek izl\u012bdz\u012bn\u0101tas, un \u0101da k\u013c\u016bst tvirta, maiga un pul\u0113ta. Piem\u0113rots visiem \u0101das tipiem, pat \u013coti sausai, trauslai un nobriedu\u0161ai \u0101dai.<\/p>\n<p>Lieto\u0161ana: nakt\u012b uzkl\u0101t uz piln\u012bgi att\u012br\u012btas sejas un kakla.<\/p>\n<p>Funkcion\u0101l\u0101s sast\u0101vda\u013cas: augu cilmes \u0161\u016bnas &#8211; re\u0123ener\u0101cija, hialuronsk\u0101bes akt\u012bvais prekursors &#8211; mitrino\u0161s, Filaggr\u012bns &#8211; re\u0123ener\u0101cija, j\u016bras kolag\u0113ns &#8211; elast\u012bba, E vitam\u012bna acet\u0101ts &#8211; antioksidants.<\/p>\n<p>* Pier\u0101d\u012bta pretgrumbu darb\u012bba.<\/p>\n<p>Dermatolo\u0123iski p\u0101rbaud\u012bts.<\/p>\n","protected":false},"excerpt":{"rendered":"<p>VERDEOASI STAMIN C Antiwrinkles Night Cream Corrective 50ml Nakts kr\u0113ms ar augu cilmes \u0161\u016bn\u0101m. Cilmes \u0161\u016bnu ekstrakts un antioksidanti pal\u0113lina to \u0161\u016bnu noveco\u0161anos, kas ir atbild\u012bgas par \u0101das atjauno\u0161anos. Efekt\u012bvi c\u012bn\u0101s pret br\u012bvajiem radik\u0101\u013ciem, kas pa\u0101trina \u0101das noveco\u0161an\u0101s procesu. Produktam piem\u012bt pretnoveco\u0161an\u0101s un \u0101das atjauno\u0161an\u0101s iedarb\u012bba. Stimul\u0113 fibroblastu funkcijas, t\u0101dej\u0101di nostiprinot \u0101das strukt\u016bru. Augstas efektivit\u0101tes formula, kas \u012bpa\u0161i izstr\u0101d\u0101ta, lai nov\u0113rstu un izlabotu jebk\u0101das \u0101das st\u0101vokli. Tas atbr\u012bvo \u0101du no stresa un noguruma paz\u012bm\u0113m, sniedzot t\u012bru labsaj\u016btu. Tas atst\u0101j \u0101du \u0101rk\u0101rt\u012bgi relaks\u0113tu, spilgtu, boratu un izgaismotu. Intens\u012bvi aktiviz\u0113 \u0101da\u015b jaun\u012bbas&hellip;<\/p>\n","protected":false},"featured_media":1103,"template":"","meta":[],"product_brand":[],"product_cat":[63],"product_tag":[],"class_list":{"0":"post-1107","1":"product","2":"type-product","3":"status-publish","4":"has-post-thumbnail","6":"product_cat-kosmetologija","8":"first","9":"instock","10":"shipping-taxable","11":"purchasable","12":"product-type-simple"},"_links":{"self":[{"href":"https:\/\/www.happysunday.eu\/index.php?rest_route=\/wp\/v2\/product\/1107","targetHints":{"allow":["GET"]}}],"collection":[{"href":"https:\/\/www.happysunday.eu\/index.php?rest_route=\/wp\/v2\/product"}],"about":[{"href":"https:\/\/www.happysunday.eu\/index.php?rest_route=\/wp\/v2\/types\/product"}],"wp:featuredmedia":[{"embeddable":true,"href":"https:\/\/www.happysunday.eu\/index.php?rest_route=\/wp\/v2\/media\/1103"}],"wp:attachment":[{"href":"https:\/\/www.happysunday.eu\/index.php?rest_route=%2Fwp%2Fv2%2Fmedia&parent=1107"}],"wp:term":[{"taxonomy":"product_brand","embeddable":true,"href":"https:\/\/www.happysunday.eu\/index.php?rest_route=%2Fwp%2Fv2%2Fproduct_brand&post=1107"},{"taxonomy":"product_cat","embeddable":true,"href":"https:\/\/www.happysunday.eu\/index.php?rest_route=%2Fwp%2Fv2%2Fproduct_cat&post=1107"},{"taxonomy":"product_tag","embeddable":true,"href":"https:\/\/www.happysunday.eu\/index.php?rest_route=%2Fwp%2Fv2%2Fproduct_tag&post=1107"}],"curies":[{"name":"wp","href":"https:\/\/api.w.org\/{rel}","templated":true}]}}