{"id":1264,"date":"2021-03-23T15:04:17","date_gmt":"2021-03-23T15:04:17","guid":{"rendered":"https:\/\/www.happysunday.eu\/?post_type=product&#038;p=1264"},"modified":"2026-04-07T06:56:53","modified_gmt":"2026-04-07T06:56:53","slug":"the-color-mask-300-ml-intense-red-66","status":"publish","type":"product","link":"https:\/\/www.happysunday.eu\/?product=the-color-mask-300-ml-intense-red-66","title":{"rendered":"The Color Mask 300 ml Intense Red .66"},"content":{"rendered":"<p>COLOR MASK ir ton\u0113jo\u0161o un barojo\u0161o masku l\u012bnija, kuras var jaukt sav\u0101 starp\u0101, veidojot aizraujo\u0161us to\u0146us un pie\u0161\u0137irot matiem spilgtus akcentus, kas ilgst l\u012bdz 5 matu mazg\u0101\u0161an\u0101s reiz\u0113m.<\/p>\n<p>Lieliski piem\u0113rota spilgtu un vilino\u0161u sarkano kr\u0101su uztur\u0113\u0161anai un atdz\u012bvin\u0101\u0161anai. B\u016btisks pal\u012bgs, lai saglab\u0101tu ko\u0161u kr\u0101su l\u012bdz n\u0101kamjai kr\u0101so\u0161an\u0101s reizei.<\/p>\n<p>Ide\u0101la b\u0101ze: 4-5-6. Ieteicams ar\u012b atdz\u012bvin\u0101t toni uz matu b\u0101zes 6.<\/p>\n<p>Pateicoties COLOR MASKA, ir iesp\u0113jams pastiprin\u0101t matu sp\u012bdumu, neitraliz\u0113t nev\u0113lam\u0101s dzeltenos to\u0146us un pie\u0161\u0137irt kr\u0101sai dzi\u013cumu un intensit\u0101ti, vienlaikus stiprinot matu strukt\u016bru.<\/p>\n<p>T\u0101 ir neaizst\u0101jama izv\u0113le ar\u012b saloniemm, lai rad\u012btu unik\u0101lus efektus katram klientam un pied\u0101v\u0101tu personaliz\u0113tu pakalpojumu.<\/p>\n<p>COLOR MASK Uzlabo un atdz\u012bvina kr\u0101su, pie\u0161\u0137irot v\u0113l nebiju\u0161u sp\u012bdumu.<\/p>\n<p>Aizsarg\u0101 kr\u0101su no oksid\u0113\u0161an\u0101s, t\u0101p\u0113c matu kr\u0101sa ilg\u0101k paliek ko\u0161a un spilgta.<\/p>\n<p>P\u0101rdomu rezult\u0101ts ir atkar\u012bgs no pamatnes, uz kuras tiek uzkl\u0101ta maska, gan dab\u012bgiem, gan kr\u0101sotiem \/ balin\u0101tiem matiem.<br \/>\nJo zem\u0101ka matu porain\u012bba, jo ilg\u0101k iedarb\u012bba saglab\u0101jas: \u013coti poraini mati, absorb\u0113jot pigmentus, tos \u013coti \u0101tri atbr\u012bvo.<br \/>\nJo gai\u0161\u0101ka ir pamatne, jo sp\u0113c\u012bg\u0101ka ir atspulga. Maskas baro matus, padara matus sp\u0113c\u012bg\u0101kus, bet izskatu vesel\u012bg\u0101ku<\/p>\n","protected":false},"excerpt":{"rendered":"<p>COLOR MASK ir ton\u0113jo\u0161o un barojo\u0161o masku l\u012bnija, kuras var jaukt sav\u0101 starp\u0101, veidojot aizraujo\u0161us to\u0146us un pie\u0161\u0137irot matiem spilgtus akcentus, kas ilgst l\u012bdz 5 matu mazg\u0101\u0161an\u0101s reiz\u0113m. Lieliski piem\u0113rota spilgtu un vilino\u0161u sarkano kr\u0101su uztur\u0113\u0161anai un atdz\u012bvin\u0101\u0161anai. B\u016btisks pal\u012bgs, lai saglab\u0101tu ko\u0161u kr\u0101su l\u012bdz n\u0101kamjai kr\u0101so\u0161an\u0101s reizei. Ide\u0101la b\u0101ze: 4-5-6. Ieteicams ar\u012b atdz\u012bvin\u0101t toni uz matu b\u0101zes 6. Pateicoties COLOR MASKA, ir iesp\u0113jams pastiprin\u0101t matu sp\u012bdumu, neitraliz\u0113t nev\u0113lam\u0101s dzeltenos to\u0146us un pie\u0161\u0137irt kr\u0101sai dzi\u013cumu un intensit\u0101ti, vienlaikus stiprinot matu strukt\u016bru. T\u0101 ir neaizst\u0101jama izv\u0113le ar\u012b saloniemm, lai rad\u012btu unik\u0101lus&hellip;<\/p>\n","protected":false},"featured_media":1255,"template":"","meta":[],"product_brand":[],"product_cat":[33,69,58],"product_tag":[],"class_list":{"0":"post-1264","1":"product","2":"type-product","3":"status-publish","4":"has-post-thumbnail","6":"product_cat-uncategorized","7":"product_cat-matu-kopsana-2","8":"product_cat-super-sale","10":"first","11":"instock","12":"shipping-taxable","13":"purchasable","14":"product-type-simple"},"_links":{"self":[{"href":"https:\/\/www.happysunday.eu\/index.php?rest_route=\/wp\/v2\/product\/1264","targetHints":{"allow":["GET"]}}],"collection":[{"href":"https:\/\/www.happysunday.eu\/index.php?rest_route=\/wp\/v2\/product"}],"about":[{"href":"https:\/\/www.happysunday.eu\/index.php?rest_route=\/wp\/v2\/types\/product"}],"wp:featuredmedia":[{"embeddable":true,"href":"https:\/\/www.happysunday.eu\/index.php?rest_route=\/wp\/v2\/media\/1255"}],"wp:attachment":[{"href":"https:\/\/www.happysunday.eu\/index.php?rest_route=%2Fwp%2Fv2%2Fmedia&parent=1264"}],"wp:term":[{"taxonomy":"product_brand","embeddable":true,"href":"https:\/\/www.happysunday.eu\/index.php?rest_route=%2Fwp%2Fv2%2Fproduct_brand&post=1264"},{"taxonomy":"product_cat","embeddable":true,"href":"https:\/\/www.happysunday.eu\/index.php?rest_route=%2Fwp%2Fv2%2Fproduct_cat&post=1264"},{"taxonomy":"product_tag","embeddable":true,"href":"https:\/\/www.happysunday.eu\/index.php?rest_route=%2Fwp%2Fv2%2Fproduct_tag&post=1264"}],"curies":[{"name":"wp","href":"https:\/\/api.w.org\/{rel}","templated":true}]}}