{"id":1394,"date":"2021-04-04T13:59:29","date_gmt":"2021-04-04T13:59:29","guid":{"rendered":"https:\/\/www.happysunday.eu\/?post_type=product&#038;p=1394"},"modified":"2026-04-07T06:57:21","modified_gmt":"2026-04-07T06:57:21","slug":"intensive-antiage-active-6ml-1gb","status":"publish","type":"product","link":"https:\/\/www.happysunday.eu\/?product=intensive-antiage-active-6ml-1gb","title":{"rendered":"INTENS\u012aVS S\u0112JAS SERUMS PRET \u0100DAS NOVECO\u0160ANU 6ml 1gb"},"content":{"rendered":"<div id=\"product-title\">\n<p><strong>Intensive Antiage Active Attivo <\/strong>Intens\u012bvs pretnoveco\u0161an\u0101s serums ar sojas olbaltumvielu un ak\u0101cijas ekstraktiem<\/p>\n<p>Serums ir jauna paaudze, lai apkarotu ar vecumu saist\u012btas izmai\u0146as. Tas s\u0101k re\u0123ener\u0101cijas, rehidrat\u0101cijas procesus, tai ir antioksidanta iedarb\u012bba. Aizsarg\u0101 no nelabv\u0113l\u012bgiem klimatiskajiem faktoriem, apk\u0101rt\u0113j\u0101s vides ietekmes. Regul\u0101ri lietojot, atjauno \u0101das elast\u012bbu, gludumu un spilgtumu.<\/p>\n<p>Lieto\u0161ana: pirms lieto\u0161anas sakrat\u012bt, ar mas\u0101\u017eas kust\u012bb\u0101m uzkl\u0101t uz att\u012br\u012btas sejas \u0101das, l\u012bdz t\u0101 piln\u012bb\u0101 uzs\u016bcas. J\u016bs varat pielietot aparat\u016bras kosmetolo\u0123iju ar ultraska\u0146u, mikrocirkul\u0101cijas terapiju, fonofor\u0113zi, elektropor\u0101ciju. Tas labi der ar algin\u0101tu mask\u0101m.<\/p>\n<p>Akt\u012bvie komponenti: \u016bdens, glicer\u012bns, gammamelis \u016bdens, denatur\u0113ts spirts, ur\u012bnviela, hidrogen\u0113ta r\u012bcine\u013c\u013ca, sojas olbaltumvielu hidroliz\u0101ts, Seneg\u0101las ak\u0101ciju sve\u0137i, vani\u013cas ekstrakts.<\/p>\n<p>Tilpums 6ml<\/p>\n<\/div>\n","protected":false},"excerpt":{"rendered":"<p>Intensive Antiage Active Attivo Intens\u012bvs pretnoveco\u0161an\u0101s serums ar sojas olbaltumvielu un ak\u0101cijas ekstraktiem Serums ir jauna paaudze, lai apkarotu ar vecumu saist\u012btas izmai\u0146as. Tas s\u0101k re\u0123ener\u0101cijas, rehidrat\u0101cijas procesus, tai ir antioksidanta iedarb\u012bba. Aizsarg\u0101 no nelabv\u0113l\u012bgiem klimatiskajiem faktoriem, apk\u0101rt\u0113j\u0101s vides ietekmes. Regul\u0101ri lietojot, atjauno \u0101das elast\u012bbu, gludumu un spilgtumu. Lieto\u0161ana: pirms lieto\u0161anas sakrat\u012bt, ar mas\u0101\u017eas kust\u012bb\u0101m uzkl\u0101t uz att\u012br\u012btas sejas \u0101das, l\u012bdz t\u0101 piln\u012bb\u0101 uzs\u016bcas. J\u016bs varat pielietot aparat\u016bras kosmetolo\u0123iju ar ultraska\u0146u, mikrocirkul\u0101cijas terapiju, fonofor\u0113zi, elektropor\u0101ciju. Tas labi der ar algin\u0101tu mask\u0101m. Akt\u012bvie komponenti: \u016bdens, glicer\u012bns, gammamelis \u016bdens, denatur\u0113ts spirts, ur\u012bnviela,&hellip;<\/p>\n","protected":false},"featured_media":763,"template":"","meta":[],"product_brand":[],"product_cat":[63],"product_tag":[],"class_list":{"0":"post-1394","1":"product","2":"type-product","3":"status-publish","4":"has-post-thumbnail","6":"product_cat-kosmetologija","8":"first","9":"instock","10":"shipping-taxable","11":"purchasable","12":"product-type-simple"},"_links":{"self":[{"href":"https:\/\/www.happysunday.eu\/index.php?rest_route=\/wp\/v2\/product\/1394","targetHints":{"allow":["GET"]}}],"collection":[{"href":"https:\/\/www.happysunday.eu\/index.php?rest_route=\/wp\/v2\/product"}],"about":[{"href":"https:\/\/www.happysunday.eu\/index.php?rest_route=\/wp\/v2\/types\/product"}],"wp:featuredmedia":[{"embeddable":true,"href":"https:\/\/www.happysunday.eu\/index.php?rest_route=\/wp\/v2\/media\/763"}],"wp:attachment":[{"href":"https:\/\/www.happysunday.eu\/index.php?rest_route=%2Fwp%2Fv2%2Fmedia&parent=1394"}],"wp:term":[{"taxonomy":"product_brand","embeddable":true,"href":"https:\/\/www.happysunday.eu\/index.php?rest_route=%2Fwp%2Fv2%2Fproduct_brand&post=1394"},{"taxonomy":"product_cat","embeddable":true,"href":"https:\/\/www.happysunday.eu\/index.php?rest_route=%2Fwp%2Fv2%2Fproduct_cat&post=1394"},{"taxonomy":"product_tag","embeddable":true,"href":"https:\/\/www.happysunday.eu\/index.php?rest_route=%2Fwp%2Fv2%2Fproduct_tag&post=1394"}],"curies":[{"name":"wp","href":"https:\/\/api.w.org\/{rel}","templated":true}]}}