{"id":1441,"date":"2021-04-15T21:27:38","date_gmt":"2021-04-15T21:27:38","guid":{"rendered":"https:\/\/www.happysunday.eu\/?post_type=product&#038;p=1441"},"modified":"2026-04-07T06:57:21","modified_gmt":"2026-04-07T06:57:21","slug":"thermo-cellulite-mud-500ml","status":"publish","type":"product","link":"https:\/\/www.happysunday.eu\/?product=thermo-cellulite-mud-500ml","title":{"rendered":"PRETCELUL\u012aTA TERMO D\u016a\u0145AS AR SARKAN\u0100M \u010cILI PIPARIEM 500ml"},"content":{"rendered":"<p>DR KRAUT <b>BODY SLIM &#8211; <\/b><strong>THERMO CELLULITE* MUD WITH RED CHILLI PEPPER<\/strong><\/p>\n<p>* Kosm\u0113tiskais pal\u012bgl\u012bdzeklis celul\u012bta \u0101das plankumu \u0101rst\u0113\u0161an\u0101<\/p>\n<p>Gludas d\u016b\u0146as, kas bag\u0101tin\u0101tas ar sarkanajiem \u010dilli pipariem, t\u012briem m\u0101liem un kan\u0113\u013ca \u0113terisko e\u013c\u013cu, lai att\u012br\u012btu \u0101du un adjuvantam l\u012bdzekli pret celul\u012btu un aptauko\u0161an\u0101s plankumiem. Lieliski piem\u0113rots \u0137erme\u0146a iet\u012b\u0161anai.<br \/>\nVEGAN FORMULA &#8211; 97,13% Dab\u012bgs<\/p>\n<p>D\u016b\u0146as ar maigu un kr\u0113m\u012bgu tekst\u016bru paredz\u0113tas celul\u012bta \u0101das plankumu kosm\u0113tiskajai \u0101rst\u0113\u0161anai. Sast\u0101v\u0101 eso\u0161ais sarkanais \u010dilli izraisa dursto\u0161u saj\u016btu, pateicoties kapsaic\u012bna kl\u0101tb\u016btnei, vielai, kas stimul\u0113 virspus\u0113jo \u0101das mikrocirkul\u0101ciju. Sarkanais \u010dili pipars, t\u012brais m\u0101ls un funkcion\u0101lo sast\u0101vda\u013cu komplekss ar toniz\u0113jo\u0161u darb\u012bbu siner\u0123ij\u0101 iedarbojas uz tauku nogulsn\u0113m, kas atrodas uz aug\u0161stilbiem, s\u0113\u017eamviet\u0101m un gurniem, nov\u0113r\u0161ot \u0161\u0137idruma stagn\u0101ciju un \u016bdens aiztures veido\u0161anos.<\/p>\n<p>SARKANIE \u010cILI PAPRI: neitraliz\u0113 celul\u012bta \u0101das plankumus, jo satur kapsaic\u012bnu, komponentu, kas sp\u0113j stimul\u0113t asinsriti zon\u0101, ar kuru tas saskaras. Capscina pal\u012bdz stimul\u0113t lok\u0101lo virspus\u0113jo asinsriti, veicinot toniz\u0113jo\u0161u iedarb\u012bbu uz lokaliz\u0113tiem tauku nogulsn\u0113m.<br \/>\nPURE CAY: avots, kas bag\u0101ts ar miner\u0101lviel\u0101m, to raksturo lielisks absorb\u0113jo\u0161s, att\u012bro\u0161s un mineraliz\u0113jo\u0161s sp\u0113ks. Pateicoties apmai\u0146as procesam, m\u0101ls uzs\u016bc no \u0101das net\u012brumus, izdalot miner\u0101ls\u0101\u013cus.<br \/>\nVULKANILS: pulveris, kas ieg\u016bts no vulk\u0101niskajiem ie\u017eiem, kam rakstur\u012bgs liels sil\u012bcija dioks\u012bda procents, viela, kas nemaina norm\u0101lu \u0101das pH. Tam ir uzs\u016bk\u0161anas un att\u012br\u012b\u0161anas sp\u0113ja, kas ir l\u012bdz\u012bga termisk\u0101m d\u016b\u0146\u0101m. Turkl\u0101t tai piem\u012bt rakstur\u012bga p\u012blinga iedarb\u012bba, kas veicina dabisku \u0101das atjauno\u0161anos.<br \/>\nKA\u0145\u0112\u013bA \u0112TERISK\u0100 E\u013b\u013bA: ieg\u016bta no kan\u0113\u013ca koka, tai piem\u012bt toniz\u0113jo\u0161as \u012bpa\u0161\u012bbas, kas ir noder\u012bgas celul\u012bta izrais\u012btu \u0101das boj\u0101jumu \u0101rst\u0113\u0161anai.<br \/>\nKRAVAS \u0112TERISK\u0100 E\u013b\u013bA: ieg\u016bta no Eugenia Caryophyllata auga ziediem, tai rakstur\u012bgas toniz\u0113jo\u0161as \u012bpa\u0161\u012bbas, kas ir noder\u012bgas celul\u012bta \u0101das plankumu \u0101rst\u0113\u0161anai.<\/p>\n<p>&nbsp;<\/p>\n","protected":false},"excerpt":{"rendered":"<p>DR KRAUT BODY SLIM &#8211; THERMO CELLULITE* MUD WITH RED CHILLI PEPPER * Kosm\u0113tiskais pal\u012bgl\u012bdzeklis celul\u012bta \u0101das plankumu \u0101rst\u0113\u0161an\u0101 Gludas d\u016b\u0146as, kas bag\u0101tin\u0101tas ar sarkanajiem \u010dilli pipariem, t\u012briem m\u0101liem un kan\u0113\u013ca \u0113terisko e\u013c\u013cu, lai att\u012br\u012btu \u0101du un adjuvantam l\u012bdzekli pret celul\u012btu un aptauko\u0161an\u0101s plankumiem. Lieliski piem\u0113rots \u0137erme\u0146a iet\u012b\u0161anai. VEGAN FORMULA &#8211; 97,13% Dab\u012bgs D\u016b\u0146as ar maigu un kr\u0113m\u012bgu tekst\u016bru paredz\u0113tas celul\u012bta \u0101das plankumu kosm\u0113tiskajai \u0101rst\u0113\u0161anai. Sast\u0101v\u0101 eso\u0161ais sarkanais \u010dilli izraisa dursto\u0161u saj\u016btu, pateicoties kapsaic\u012bna kl\u0101tb\u016btnei, vielai, kas stimul\u0113 virspus\u0113jo \u0101das mikrocirkul\u0101ciju. Sarkanais \u010dili pipars, t\u012brais m\u0101ls un funkcion\u0101lo sast\u0101vda\u013cu komplekss&hellip;<\/p>\n","protected":false},"featured_media":1442,"template":"","meta":[],"product_brand":[],"product_cat":[64,73],"product_tag":[],"class_list":{"0":"post-1441","1":"product","2":"type-product","3":"status-publish","4":"has-post-thumbnail","6":"product_cat-kermenu-kopsana","7":"product_cat-masaza","9":"first","10":"instock","11":"shipping-taxable","12":"purchasable","13":"product-type-simple"},"_links":{"self":[{"href":"https:\/\/www.happysunday.eu\/index.php?rest_route=\/wp\/v2\/product\/1441","targetHints":{"allow":["GET"]}}],"collection":[{"href":"https:\/\/www.happysunday.eu\/index.php?rest_route=\/wp\/v2\/product"}],"about":[{"href":"https:\/\/www.happysunday.eu\/index.php?rest_route=\/wp\/v2\/types\/product"}],"wp:featuredmedia":[{"embeddable":true,"href":"https:\/\/www.happysunday.eu\/index.php?rest_route=\/wp\/v2\/media\/1442"}],"wp:attachment":[{"href":"https:\/\/www.happysunday.eu\/index.php?rest_route=%2Fwp%2Fv2%2Fmedia&parent=1441"}],"wp:term":[{"taxonomy":"product_brand","embeddable":true,"href":"https:\/\/www.happysunday.eu\/index.php?rest_route=%2Fwp%2Fv2%2Fproduct_brand&post=1441"},{"taxonomy":"product_cat","embeddable":true,"href":"https:\/\/www.happysunday.eu\/index.php?rest_route=%2Fwp%2Fv2%2Fproduct_cat&post=1441"},{"taxonomy":"product_tag","embeddable":true,"href":"https:\/\/www.happysunday.eu\/index.php?rest_route=%2Fwp%2Fv2%2Fproduct_tag&post=1441"}],"curies":[{"name":"wp","href":"https:\/\/api.w.org\/{rel}","templated":true}]}}