{"id":3191,"date":"2022-11-14T12:37:48","date_gmt":"2022-11-14T12:37:48","guid":{"rendered":"https:\/\/www.happysunday.eu\/?post_type=product&#038;p=3191"},"modified":"2026-04-07T06:58:17","modified_gmt":"2026-04-07T06:58:17","slug":"yanni-macadamia-oil-keratin-komplekts","status":"publish","type":"product","link":"https:\/\/www.happysunday.eu\/?product=yanni-macadamia-oil-keratin-komplekts","title":{"rendered":"MACADAMIA &#038; KERATIN MATU KOMPLEKTS"},"content":{"rendered":"<p>Piln\u012bga matu kop\u0161ana ar makad\u0101mijas e\u013c\u013cu un kerat\u012bnu.<\/p>\n<p>Matu komplekts: \u0161amp\u016bns 1000ml + maska 1000ml + serums 120ml<\/p>\n<p>Ar kerat\u012bnu, makd\u0101mijas e\u013c\u013cu, B5 provitam\u012bnu un bag\u0101t\u012bg\u0101m akt\u012bvaj\u0101m sast\u0101vda\u013c\u0101m sausu matu piln\u012bgai atjauno\u0161anai un diev\u012bgu aromatu.<\/p>\n<p>\u2666 Kerat\u012bns: rekonstru\u0113 un mitrina matus, pievienojot tiem zaud\u0113tos vitam\u012bnus.\u00a0Ide\u0101li, lai pie\u0161\u0137irtu sp\u012bdumu sausiem, boj\u0101tiem matiem, stiprina saknes un c\u012bn\u0101s pret matu izkri\u0161anu.<\/p>\n<p>\u2666 B5 provitam\u012bns: mitrina, aizsarg\u0101 pret kr\u0101su izbal\u0113\u0161anu un saglab\u0101 sp\u012bdumu.<\/p>\n<p>\u2666 Makad\u0101mijas e\u013c\u013ca<br \/>\nNodro\u0161ina bag\u0101t\u012bgas barojo\u0161as, mitrino\u0161as un antioksidanta \u012bpa\u0161\u012bbas.<br \/>\nNodro\u0161ina maksim\u0101lu mitrin\u0101\u0161anu, nepadarot matus smagus. Tas iek\u013c\u016bst matu por\u0101s un palielina to elast\u012bbu un notur\u012bbu.<br \/>\nAptur \u010dokuro\u0161an\u0101s efektu un pie\u0161\u0137ir matiem m\u012bkstumu.<br \/>\nTas satur Omega3 tauksk\u0101bes, t\u0101p\u0113c nodro\u0161ina m\u016bs ar visu, kas nepiecie\u0161ams, lai m\u016bsu mati b\u016btu sp\u012bd\u012bgi un veseli.<br \/>\nPie\u0161\u0137ir matiem sp\u012bdumu un pasarg\u0101 tos no karstuma.<\/p>\n<p>Pateicoties t\u0101 sast\u0101vda\u013cu kombin\u0101cijai, \u0161is produkts atjauno, stiprina un nobl\u012bv\u0113 mitrumu matu iek\u0161ien\u0113.<\/p>\n<p>\u2666 Piem\u0113rots visiem matu tipiem<\/p>\n<p>\u2666 Ar lazdu riekstu pralin\u0113 arom\u0101tu.<\/p>\n<p>\u2666 Parab\u0113nu un silikonu nesaturo\u0161a formula.<\/p>\n<p>Padoms: \u0160\u012b ir matu \u0101rst\u0113\u0161anas sist\u0113ma. S\u0101ciet ar mazg\u0101\u0161anu ar Yanni Keratin &amp; Argan Oil \u0161amp\u016bnu, p\u0113c tam uzkl\u0101jiet Yanni Keratin &amp; Argan Oil matu masku un atst\u0101jiet iedarboties 3-5 min\u016btes. Visbeidzot, uzkl\u0101jiet Yanni kerat\u012bna un arg\u0101na e\u013c\u013cas serumu, lai aizsarg\u0101tu matus un padar\u012btu tos v\u0113l m\u012bkst\u0101kus.<\/p>\n<p>T\u0101d\u0101 veid\u0101 j\u016bs sa\u0146emsiet visas Keratin &amp; Argan Oil s\u0113rijas priek\u0161roc\u012bbas, un jums b\u016bs dzi\u013ci arom\u0101tiski mati l\u012bdz n\u0101kamajai mazg\u0101\u0161anai! Jau p\u0113c pirm\u0101s lieto\u0161anas reizes redz\u0113siet intens\u012bvu rezult\u0101tu!<\/p>\n","protected":false},"excerpt":{"rendered":"<p>Piln\u012bga matu kop\u0161ana ar makad\u0101mijas e\u013c\u013cu un kerat\u012bnu. Matu komplekts: \u0161amp\u016bns 1000ml + maska 1000ml + serums 120ml Ar kerat\u012bnu, makd\u0101mijas e\u013c\u013cu, B5 provitam\u012bnu un bag\u0101t\u012bg\u0101m akt\u012bvaj\u0101m sast\u0101vda\u013c\u0101m sausu matu piln\u012bgai atjauno\u0161anai un diev\u012bgu aromatu. \u2666 Kerat\u012bns: rekonstru\u0113 un mitrina matus, pievienojot tiem zaud\u0113tos vitam\u012bnus.\u00a0Ide\u0101li, lai pie\u0161\u0137irtu sp\u012bdumu sausiem, boj\u0101tiem matiem, stiprina saknes un c\u012bn\u0101s pret matu izkri\u0161anu. \u2666 B5 provitam\u012bns: mitrina, aizsarg\u0101 pret kr\u0101su izbal\u0113\u0161anu un saglab\u0101 sp\u012bdumu. \u2666 Makad\u0101mijas e\u013c\u013ca Nodro\u0161ina bag\u0101t\u012bgas barojo\u0161as, mitrino\u0161as un antioksidanta \u012bpa\u0161\u012bbas. Nodro\u0161ina maksim\u0101lu mitrin\u0101\u0161anu, nepadarot matus smagus. Tas iek\u013c\u016bst matu por\u0101s un&hellip;<\/p>\n","protected":false},"featured_media":3192,"template":"","meta":[],"product_brand":[],"product_cat":[69,58],"product_tag":[],"class_list":{"0":"post-3191","1":"product","2":"type-product","3":"status-publish","4":"has-post-thumbnail","6":"product_cat-matu-kopsana-2","7":"product_cat-super-sale","9":"first","10":"instock","11":"shipping-taxable","12":"purchasable","13":"product-type-simple"},"_links":{"self":[{"href":"https:\/\/www.happysunday.eu\/index.php?rest_route=\/wp\/v2\/product\/3191","targetHints":{"allow":["GET"]}}],"collection":[{"href":"https:\/\/www.happysunday.eu\/index.php?rest_route=\/wp\/v2\/product"}],"about":[{"href":"https:\/\/www.happysunday.eu\/index.php?rest_route=\/wp\/v2\/types\/product"}],"wp:featuredmedia":[{"embeddable":true,"href":"https:\/\/www.happysunday.eu\/index.php?rest_route=\/wp\/v2\/media\/3192"}],"wp:attachment":[{"href":"https:\/\/www.happysunday.eu\/index.php?rest_route=%2Fwp%2Fv2%2Fmedia&parent=3191"}],"wp:term":[{"taxonomy":"product_brand","embeddable":true,"href":"https:\/\/www.happysunday.eu\/index.php?rest_route=%2Fwp%2Fv2%2Fproduct_brand&post=3191"},{"taxonomy":"product_cat","embeddable":true,"href":"https:\/\/www.happysunday.eu\/index.php?rest_route=%2Fwp%2Fv2%2Fproduct_cat&post=3191"},{"taxonomy":"product_tag","embeddable":true,"href":"https:\/\/www.happysunday.eu\/index.php?rest_route=%2Fwp%2Fv2%2Fproduct_tag&post=3191"}],"curies":[{"name":"wp","href":"https:\/\/api.w.org\/{rel}","templated":true}]}}