{"id":3953,"date":"2023-06-01T10:43:10","date_gmt":"2023-06-01T10:43:10","guid":{"rendered":"https:\/\/www.happysunday.eu\/?post_type=product&#038;p=3953"},"modified":"2026-04-07T06:59:55","modified_gmt":"2026-04-07T06:59:55","slug":"super-booster-vitamin-c-with-biofermented-acerola-30ml","status":"publish","type":"product","link":"https:\/\/www.happysunday.eu\/?product=super-booster-vitamin-c-with-biofermented-acerola-30ml","title":{"rendered":"SUPER BOOSTER VITAMIN C 25% with Biofermented Acerola 30ml"},"content":{"rendered":"<div id=\"product-title\">\n<p>SUPER BOOSTER C VITAM\u012aNS ar bioferment\u0113tu acerolu<br \/>\nKoncentr\u0113ts C vitam\u012bna serums, kas izveidots ar bioferment\u0113tu acerolu, dab\u012bgu C vitam\u012bna avotu, lai sniegtu \u0101dai intens\u012bvu pretnoveco\u0161an\u0101s kop\u0161anu un saglab\u0101tu to jaunu, vesel\u012bgu un mirdzo\u0161u.<br \/>\nVEG\u0100NU FORMULA &#8211; 93,46 % DAB\u012aGA<\/p>\n<ul>\n<li>&#8211; man\u0101mi izgaismo \u0101du un l\u012bdzsvaro t\u0101s toni<\/li>\n<li>&#8211; samazina pigment\u0101ciju, ko izrais\u012bju\u0161i noveco\u0161an\u0101s procesi<\/li>\n<li>&#8211; atjauno \u0101das vitalit\u0101ti un padara to glud\u0101ku<\/li>\n<li>&#8211; aizkav\u0113 grumbu un citu noveco\u0161an\u0101s paz\u012bmju ra\u0161anos<\/li>\n<li>&#8211; antioksid\u0113jo\u0161a iedarb\u012bba, neitraliz\u0113 br\u012bvo radik\u0101\u013cu iedarb\u012bbu<\/li>\n<li>&#8211; paaugstina kolag\u0113na sint\u0113zi \u0101d\u0101 un padara to elast\u012bg\u0101ku<\/li>\n<li>&#8211; \u00a0sniedz \u0101dai nepiecie\u0161amo mitrin\u0101\u0161anu<\/li>\n<li><\/li>\n<li>Koncentr\u0113ts C vitam\u012bna serums, kas izveidots ar Acerola Biofermentata, 100% dab\u012bgu C vitam\u012bna avotu, lai nodro\u0161in\u0101tu \u0101du ar intens\u012bvu pretnoveco\u0161an\u0101s kop\u0161anu. Tas stimul\u0113 dabisko kolag\u0113na ra\u017eo\u0161anu, aizsarg\u0101 \u0101du no fotonoveco\u0161an\u0101s, pie\u0161\u0137ir \u0101dai mitrin\u0101\u0161anu un padara to dabiski vesel\u012bg\u0101ku un gai\u0161\u0101ku.<\/li>\n<\/ul>\n<p>Lieto\u0161ana: Lietojiet produktu p\u0113c \u0101das att\u012br\u012b\u0161anas.\u00a0Uzkl\u0101jiet da\u017eus pilienus no r\u012bta un vakar\u0101 uz sejas, kakla, acu kont\u016bras un l\u016bp\u0101m.\u00a0Mas\u0101\u017ea l\u012bdz piln\u012bgai uzs\u016bk\u0161anai.<br \/>\nVasaras period\u0101 produktu ieteicams lietot vakara \u0101das kop\u0161anas rut\u012bn\u0101.\u00a0Izvairieties no saskares ar ac\u012bm.<\/p>\n<p>Sejas akt\u012bvie l\u012bdzek\u013ci, kuru pamat\u0101 ir C vitam\u012bns, kas izveidots ar bioferment\u0113tu acerolu, ir indic\u0113ts visiem \u0101das tipiem, un tos var lietot jebkur\u0101 vecum\u0101.<\/p>\n<p>BIOFERMENT\u0112TA ACEROLA: Acerola ir augs, kas n\u0101k no Dienvidamerikas un Anti\u013cu salu tropisk\u0101s zonas. To galvenok\u0101rt audz\u0113 Braz\u012blij\u0101. Sulu ieg\u016bst no Acerola aug\u013ciem, kas tiek koncentr\u0113ta, \u017e\u0101v\u0113ta un pulveriz\u0113ta, lai ieg\u016btu ekstraktu ar \u013coti lielu C vitam\u012bna daudzumu. Koncentr\u0113tais ekstrakts satur l\u012bdz 25% C vitam\u012bna. Acerola C vitam\u012bns ir 65 reizes liel\u0101ks nek\u0101 apels\u012bn\u0101, un no dab\u012bgiem avotiem ieg\u016bt\u0101 askorb\u012bnsk\u0101be organism\u0101 uzs\u016bcas viegl\u0101k. \u0160\u012b paaugstin\u0101t\u0101 biopieejam\u012bba ir saist\u012bta ar flavono\u012bdu kl\u0101tb\u016btni, kas vienm\u0113r ir aug\u013cos.<br \/>\nE VITAM\u012aNA ACET\u0100TS: E vitam\u012bna acet\u0101ts ir paz\u012bstams ar sav\u0101m m\u012bkstino\u0161aj\u0101m un \u013coti nomierino\u0161aj\u0101m \u012bpa\u0161\u012bb\u0101m, tas saglab\u0101 \u0101du gludu un maigu un ierobe\u017eo \u016bdens zudumu no epidermas, saglab\u0101jot \u0101das mitrin\u0101\u0161anu. To raksturo ar\u012b augsta antioksidanta sp\u0113ja; tas c\u012bn\u0101s ar br\u012bvajiem radik\u0101\u013ciem, aizsarg\u0101jot \u0101du un aizsarg\u0101jot to no oksidat\u012bv\u0101 stresa.<br \/>\nVEKTORIZ\u0112TS C VITAM\u012aNS: Vektoriz\u0113tais C vitam\u012bns ir savienojums, ko veido sil\u012bcijs un askorb\u012bnsk\u0101be, un, t\u0101pat k\u0101 tradicion\u0101lajam C vitam\u012bnam, tam ir antioksidanta un att\u012bro\u0161a iedarb\u012bba pret br\u012bvajiem radik\u0101\u013ciem un \u0101das nepiln\u012bb\u0101m. C vitam\u012bna Vectorized raksturo lab\u0101ka iek\u013c\u016b\u0161ana \u0101d\u0101 un l\u012bdz ar to efekt\u012bv\u0101ki un notur\u012bg\u0101ki rezult\u0101ti sal\u012bdzin\u0101jum\u0101 ar tradicion\u0101lo C vitam\u012bnu. \u0100da faktiski b\u016bs toniz\u0113t\u0101ka un sejas kr\u0101sa gai\u0161\u0101ka un vienm\u0113r\u012bg\u0101ka, jo askorb\u012bnsk\u0101be ir tirozin\u0101zes inhibitors, enz\u012bms, kas stimul\u0113 melan\u012bna ra\u017eo\u0161anu.<br \/>\nOLIGOELEMENTI: \u0161ie miner\u0101li ir b\u016btiski \u0161\u016bnu biolo\u0123iskajiem procesiem. \u0160im serumam tiek izmantots cinks, var\u0161, magnijs un mang\u0101ns. Tiem ir noz\u012bm\u012bga loma norm\u0101l\u0101 \u0101das atjauno\u0161an\u0101, un tie ir b\u016btiski, lai ilgsto\u0161i uztur\u0113tu mitrin\u0101\u0161anu.<\/p>\n<p>&nbsp;<\/p>\n<\/div>\n","protected":false},"excerpt":{"rendered":"<p>SUPER BOOSTER C VITAM\u012aNS ar bioferment\u0113tu acerolu Koncentr\u0113ts C vitam\u012bna serums, kas izveidots ar bioferment\u0113tu acerolu, dab\u012bgu C vitam\u012bna avotu, lai sniegtu \u0101dai intens\u012bvu pretnoveco\u0161an\u0101s kop\u0161anu un saglab\u0101tu to jaunu, vesel\u012bgu un mirdzo\u0161u. VEG\u0100NU FORMULA &#8211; 93,46 % DAB\u012aGA &#8211; man\u0101mi izgaismo \u0101du un l\u012bdzsvaro t\u0101s toni &#8211; samazina pigment\u0101ciju, ko izrais\u012bju\u0161i noveco\u0161an\u0101s procesi &#8211; atjauno \u0101das vitalit\u0101ti un padara to glud\u0101ku &#8211; aizkav\u0113 grumbu un citu noveco\u0161an\u0101s paz\u012bmju ra\u0161anos &#8211; antioksid\u0113jo\u0161a iedarb\u012bba, neitraliz\u0113 br\u012bvo radik\u0101\u013cu iedarb\u012bbu &#8211; paaugstina kolag\u0113na sint\u0113zi \u0101d\u0101 un padara to elast\u012bg\u0101ku &#8211; \u00a0sniedz \u0101dai nepiecie\u0161amo&hellip;<\/p>\n","protected":false},"featured_media":3954,"template":"","meta":[],"product_brand":[],"product_cat":[71,33,63],"product_tag":[],"class_list":{"0":"post-3953","1":"product","2":"type-product","3":"status-publish","4":"has-post-thumbnail","6":"product_cat-davanas","7":"product_cat-uncategorized","8":"product_cat-kosmetologija","10":"first","11":"instock","12":"shipping-taxable","13":"purchasable","14":"product-type-simple"},"_links":{"self":[{"href":"https:\/\/www.happysunday.eu\/index.php?rest_route=\/wp\/v2\/product\/3953","targetHints":{"allow":["GET"]}}],"collection":[{"href":"https:\/\/www.happysunday.eu\/index.php?rest_route=\/wp\/v2\/product"}],"about":[{"href":"https:\/\/www.happysunday.eu\/index.php?rest_route=\/wp\/v2\/types\/product"}],"wp:featuredmedia":[{"embeddable":true,"href":"https:\/\/www.happysunday.eu\/index.php?rest_route=\/wp\/v2\/media\/3954"}],"wp:attachment":[{"href":"https:\/\/www.happysunday.eu\/index.php?rest_route=%2Fwp%2Fv2%2Fmedia&parent=3953"}],"wp:term":[{"taxonomy":"product_brand","embeddable":true,"href":"https:\/\/www.happysunday.eu\/index.php?rest_route=%2Fwp%2Fv2%2Fproduct_brand&post=3953"},{"taxonomy":"product_cat","embeddable":true,"href":"https:\/\/www.happysunday.eu\/index.php?rest_route=%2Fwp%2Fv2%2Fproduct_cat&post=3953"},{"taxonomy":"product_tag","embeddable":true,"href":"https:\/\/www.happysunday.eu\/index.php?rest_route=%2Fwp%2Fv2%2Fproduct_tag&post=3953"}],"curies":[{"name":"wp","href":"https:\/\/api.w.org\/{rel}","templated":true}]}}