{"id":5114,"date":"2024-03-22T13:33:26","date_gmt":"2024-03-22T13:33:26","guid":{"rendered":"https:\/\/www.happysunday.eu\/?post_type=product&#038;p=5114"},"modified":"2026-04-07T07:01:30","modified_gmt":"2026-04-07T07:01:30","slug":"luau-black-200x-400ml","status":"publish","type":"product","link":"https:\/\/www.happysunday.eu\/?product=luau-black-200x-400ml","title":{"rendered":"Luau Black 200X 400ml"},"content":{"rendered":"<div id=\"product-title\">\n<p class=\"p1\"><strong><span class=\"s1\">Luau Black 200X \u2013 Sau\u013co\u0161an\u0101s kr\u0113ms ar 200X Island Black bronzeri, 400 ml<\/span><\/strong><\/p>\n<p class=\"p1\"><span class=\"s2\">Ieg\u016bsti eksotisku, dzi\u013cu iedegumu ar <\/span><span class=\"s1\">Luau Black 200X<\/span><span class=\"s2\"> \u2013 augstas veiktsp\u0113jas sau\u013co\u0161an\u0101s kr\u0113mu, kas apvieno intens\u012bvu bronz\u0113jo\u0161u efektu ar bag\u0101t\u012bgu \u0101das kop\u0161anu.<\/span><\/p>\n<p class=\"p1\"><strong><span class=\"s1\">Galven\u0101s \u012bpa\u0161\u012bbas:<\/span><\/strong><\/p>\n<ul>\n<li>\n<p class=\"p1\"><span class=\"s1\">200X Island Black bronz\u0113jo\u0161ais komplekss<\/span><span class=\"s2\"> nodro\u0161ina parad\u012bzes l\u012bme\u0146a tum\u0161u iedegumu.<\/span><\/p>\n<\/li>\n<li>\n<p class=\"p1\"><span class=\"s1\">Melno og\u013cu inf\u016bzija<\/span><span class=\"s2\"> pie\u0161\u0137ir \u0101dai k\u0101roto \u201csalas mirdzumu\u201d.<\/span><\/p>\n<\/li>\n<li>\n<p class=\"p1\"><span class=\"s1\">Havaju ekstraktu mais\u012bjums<\/span><span class=\"s2\"> kondicion\u0113 \u0101du, nodro\u0161inot skaistu un vienm\u0113r\u012bgu iedegumu.<\/span><\/p>\n<\/li>\n<li>\n<p class=\"p1\"><span class=\"s1\">Marula Goddess Glow serums<\/span><span class=\"s2\"> ar augstu Marula e\u013c\u013cas saturu baro un mitrina \u0101du, pie\u0161\u0137irot tai neticamu mirdzumu.<\/span><\/p>\n<\/li>\n<li>\n<p class=\"p1\"><span class=\"s1\">Maksim\u0101lais silikona kokteilis<\/span><span class=\"s2\"> nodro\u0161ina z\u012bdainu un gludu \u0101das saj\u016btu.<\/span><\/p>\n<\/li>\n<li>\n<p class=\"p1\"><span class=\"s1\">Arom\u0101ts<\/span><span class=\"s2\">: Awapuhi persiku sm\u016btijs.<\/span><\/p>\n<\/li>\n<li>\n<p class=\"p1\"><span class=\"s1\">Clean Beauty<\/span><span class=\"s2\">: Veg\u0101nisks, bez parab\u0113niem, sulf\u0101tiem, glut\u0113na un ftal\u0101tiem; nav test\u0113ts uz dz\u012bvniekiem. <\/span><\/p>\n<\/li>\n<\/ul>\n<p>&nbsp;<\/p>\n<p class=\"p1\"><span class=\"s2\">Ide\u0101li piem\u0113rots vid\u0113jiem un pieredz\u0113ju\u0161iem sau\u013cot\u0101jiem, kas v\u0113las ieg\u016bt notur\u012bgu, dzi\u013cu iedegumu, vienlaikus r\u016bp\u0113joties par \u0101das vesel\u012bbu un izskatu.<\/span><\/p>\n<\/div>\n","protected":false},"excerpt":{"rendered":"<p>Luau Black 200X \u2013 Sau\u013co\u0161an\u0101s kr\u0113ms ar 200X Island Black bronzeri, 400 ml Ieg\u016bsti eksotisku, dzi\u013cu iedegumu ar Luau Black 200X \u2013 augstas veiktsp\u0113jas sau\u013co\u0161an\u0101s kr\u0113mu, kas apvieno intens\u012bvu bronz\u0113jo\u0161u efektu ar bag\u0101t\u012bgu \u0101das kop\u0161anu. Galven\u0101s \u012bpa\u0161\u012bbas: 200X Island Black bronz\u0113jo\u0161ais komplekss nodro\u0161ina parad\u012bzes l\u012bme\u0146a tum\u0161u iedegumu. Melno og\u013cu inf\u016bzija pie\u0161\u0137ir \u0101dai k\u0101roto \u201csalas mirdzumu\u201d. Havaju ekstraktu mais\u012bjums kondicion\u0113 \u0101du, nodro\u0161inot skaistu un vienm\u0113r\u012bgu iedegumu. Marula Goddess Glow serums ar augstu Marula e\u013c\u013cas saturu baro un mitrina \u0101du, pie\u0161\u0137irot tai neticamu mirdzumu. Maksim\u0101lais silikona kokteilis nodro\u0161ina z\u012bdainu un gludu \u0101das&hellip;<\/p>\n","protected":false},"featured_media":5115,"template":"","meta":[],"product_brand":[],"product_cat":[34],"product_tag":[],"class_list":{"0":"post-5114","1":"product","2":"type-product","3":"status-publish","4":"has-post-thumbnail","6":"product_cat-kosmetika","8":"first","9":"instock","10":"shipping-taxable","11":"purchasable","12":"product-type-simple"},"_links":{"self":[{"href":"https:\/\/www.happysunday.eu\/index.php?rest_route=\/wp\/v2\/product\/5114","targetHints":{"allow":["GET"]}}],"collection":[{"href":"https:\/\/www.happysunday.eu\/index.php?rest_route=\/wp\/v2\/product"}],"about":[{"href":"https:\/\/www.happysunday.eu\/index.php?rest_route=\/wp\/v2\/types\/product"}],"wp:featuredmedia":[{"embeddable":true,"href":"https:\/\/www.happysunday.eu\/index.php?rest_route=\/wp\/v2\/media\/5115"}],"wp:attachment":[{"href":"https:\/\/www.happysunday.eu\/index.php?rest_route=%2Fwp%2Fv2%2Fmedia&parent=5114"}],"wp:term":[{"taxonomy":"product_brand","embeddable":true,"href":"https:\/\/www.happysunday.eu\/index.php?rest_route=%2Fwp%2Fv2%2Fproduct_brand&post=5114"},{"taxonomy":"product_cat","embeddable":true,"href":"https:\/\/www.happysunday.eu\/index.php?rest_route=%2Fwp%2Fv2%2Fproduct_cat&post=5114"},{"taxonomy":"product_tag","embeddable":true,"href":"https:\/\/www.happysunday.eu\/index.php?rest_route=%2Fwp%2Fv2%2Fproduct_tag&post=5114"}],"curies":[{"name":"wp","href":"https:\/\/api.w.org\/{rel}","templated":true}]}}