{"id":5252,"date":"2024-06-07T10:55:43","date_gmt":"2024-06-07T10:55:43","guid":{"rendered":"https:\/\/www.happysunday.eu\/?post_type=product&#038;p=5252"},"modified":"2026-04-07T07:02:06","modified_gmt":"2026-04-07T07:02:06","slug":"intensivi-mitrinoss-kermena-mienins-500ml","status":"publish","type":"product","link":"https:\/\/www.happysunday.eu\/?product=intensivi-mitrinoss-kermena-mienins-500ml","title":{"rendered":"INTENS\u012aVI MITRINO\u0160S \u0136ERME\u0145A PIENI\u0145\u0160 500ml"},"content":{"rendered":"<div id=\"product-title\">\n<p><strong>BODY HOME USE &#8211; <\/strong><b>HIDRATISSIMA MOISTURIZING EMULSION &#8211; TONING DEEP ACTION WITH ARGAN OIL<\/b><\/p>\n<p>HIDRATISSIMA MITRINO\u0160\u0100 EMULSIJA &#8211; TONIZ\u0112JO\u0160A DZI\u013bA DARB\u012aBA AR ARGANA E\u013b\u013bU<\/p>\n<p>&nbsp;<\/p>\n<p>Bag\u0101t\u012bga \u0137erme\u0146a emulsija, kas viegli uzs\u016bcas ar argana e\u013c\u013cu, jojobas e\u013c\u013cu un avokado e\u013c\u013cu. Lieliski, lai nodro\u0161in\u0101tu ikdienas mitrin\u0101\u0161anu p\u0113c vannas vai du\u0161as, lai atsvaidzin\u0101tu un m\u012bkstin\u0101tu \u0101du.<br \/>\nVEG\u0100NU FORMULA &#8211; 76,05% Dab\u012bgs<\/p>\n<\/div>\n<div><\/div>\n<div>\u0100tri ies\u016bcas \u0137erme\u0146a kr\u0113ms, kas padara \u0101du maigu un samtainu. Tas satur argana e\u013c\u013cu, jojobas e\u013c\u013cu un avokado e\u013c\u013cu, kas ir \u012bpa\u0161i l\u012bdz\u012bga \u0101dai un viegli uzs\u016bcas. Izv\u0113l\u0113to sast\u0101vda\u013cu sajaukums garant\u0113 mitrin\u0101\u0161anu un baro\u0161anu, nov\u0113r\u0161ot \u0101das sausumu un sniedzot \u0101dai komforta saj\u016btu<\/div>\n<div><\/div>\n<div>Hidratissima mitrino\u0161o emulsiju var lietot jebkur\u0101 vecum\u0101 un ir piem\u0113rota visiem \u0101das tipiem.\\<\/div>\n<div><\/div>\n<div>ARG\u0100NA E\u013b\u013bA: bag\u0101ta ar vitam\u012bniem un neaizvietojam\u0101m tauksk\u0101b\u0113m, tai rakstur\u012bga m\u012bkstino\u0161a, barojo\u0161a un atjaunojo\u0161a iedarb\u012bba. Tas ir ide\u0101li piem\u0113rots, lai saglab\u0101tu \u0137erme\u0146a \u0101du, kas bie\u017ei vien ir pak\u013cauta sausumam, barotu un elast\u012bgu.<br \/>\nAVOKADO E\u013b\u013bA: ieg\u016bta no svaigu aug\u013cu m\u012bkstuma un bag\u0101ta ar linolsk\u0101bi. Pateicoties t\u0101 nomierino\u0161aj\u0101m un m\u012bkstino\u0161aj\u0101m \u012bpa\u0161\u012bb\u0101m, tas dzi\u013ci baro un aizsarg\u0101 \u0101du.<br \/>\nJOJOBAS E\u013b\u013bA: ieg\u016bta no siltaj\u0101m viet\u0101m rakstur\u012bg\u0101 kr\u016bma jojobas s\u0113kl\u0101m, kas ir bag\u0101ta ar nep\u0101rziepjojam\u0101m viel\u0101m, kas nodro\u0161ina \u0101das aizsardz\u012bbu, nov\u0113r\u0161ot \u0101das sausumu.<\/div>\n","protected":false},"excerpt":{"rendered":"<p>BODY HOME USE &#8211; HIDRATISSIMA MOISTURIZING EMULSION &#8211; TONING DEEP ACTION WITH ARGAN OIL HIDRATISSIMA MITRINO\u0160\u0100 EMULSIJA &#8211; TONIZ\u0112JO\u0160A DZI\u013bA DARB\u012aBA AR ARGANA E\u013b\u013bU &nbsp; Bag\u0101t\u012bga \u0137erme\u0146a emulsija, kas viegli uzs\u016bcas ar argana e\u013c\u013cu, jojobas e\u013c\u013cu un avokado e\u013c\u013cu. Lieliski, lai nodro\u0161in\u0101tu ikdienas mitrin\u0101\u0161anu p\u0113c vannas vai du\u0161as, lai atsvaidzin\u0101tu un m\u012bkstin\u0101tu \u0101du. VEG\u0100NU FORMULA &#8211; 76,05% Dab\u012bgs \u0100tri ies\u016bcas \u0137erme\u0146a kr\u0113ms, kas padara \u0101du maigu un samtainu. Tas satur argana e\u013c\u013cu, jojobas e\u013c\u013cu un avokado e\u013c\u013cu, kas ir \u012bpa\u0161i l\u012bdz\u012bga \u0101dai un viegli uzs\u016bcas. Izv\u0113l\u0113to sast\u0101vda\u013cu sajaukums garant\u0113 mitrin\u0101\u0161anu&hellip;<\/p>\n","protected":false},"featured_media":5253,"template":"","meta":[],"product_brand":[],"product_cat":[33,64],"product_tag":[],"class_list":{"0":"post-5252","1":"product","2":"type-product","3":"status-publish","4":"has-post-thumbnail","6":"product_cat-uncategorized","7":"product_cat-kermenu-kopsana","9":"first","10":"instock","11":"featured","12":"shipping-taxable","13":"purchasable","14":"product-type-simple"},"_links":{"self":[{"href":"https:\/\/www.happysunday.eu\/index.php?rest_route=\/wp\/v2\/product\/5252","targetHints":{"allow":["GET"]}}],"collection":[{"href":"https:\/\/www.happysunday.eu\/index.php?rest_route=\/wp\/v2\/product"}],"about":[{"href":"https:\/\/www.happysunday.eu\/index.php?rest_route=\/wp\/v2\/types\/product"}],"wp:featuredmedia":[{"embeddable":true,"href":"https:\/\/www.happysunday.eu\/index.php?rest_route=\/wp\/v2\/media\/5253"}],"wp:attachment":[{"href":"https:\/\/www.happysunday.eu\/index.php?rest_route=%2Fwp%2Fv2%2Fmedia&parent=5252"}],"wp:term":[{"taxonomy":"product_brand","embeddable":true,"href":"https:\/\/www.happysunday.eu\/index.php?rest_route=%2Fwp%2Fv2%2Fproduct_brand&post=5252"},{"taxonomy":"product_cat","embeddable":true,"href":"https:\/\/www.happysunday.eu\/index.php?rest_route=%2Fwp%2Fv2%2Fproduct_cat&post=5252"},{"taxonomy":"product_tag","embeddable":true,"href":"https:\/\/www.happysunday.eu\/index.php?rest_route=%2Fwp%2Fv2%2Fproduct_tag&post=5252"}],"curies":[{"name":"wp","href":"https:\/\/api.w.org\/{rel}","templated":true}]}}