{"id":5270,"date":"2024-06-07T14:26:32","date_gmt":"2024-06-07T14:26:32","guid":{"rendered":"https:\/\/www.happysunday.eu\/?post_type=product&#038;p=5270"},"modified":"2026-04-07T07:02:05","modified_gmt":"2026-04-07T07:02:05","slug":"pecsaulosanas-mitrinoss-sprejs-200ml","status":"publish","type":"product","link":"https:\/\/www.happysunday.eu\/?product=pecsaulosanas-mitrinoss-sprejs-200ml","title":{"rendered":"P\u0112CSAU\u013bO\u0160ANAS SOS PRET APDEGUMU MITRINO\u0160S SPREJS 200ML"},"content":{"rendered":"<div id=\"product-title\">\n<h1 class=\"product_title entry-title\">THAT&#8217;S SO ALL IN ONE AFTER SUN SOOTHING MOISTURIZING AFTERSUN<\/h1>\n<p>All-In-One After Sun ir p\u0113csau\u013co\u0161an\u0101s aerosols, kas dzi\u013ci mitrina, atsvaidzina un nomierina aps\u0101rtumu, ko izraisa intens\u012bva saules iedarb\u012bba. Tas ir SOS l\u012bdzeklis ar augstu pantenola saturu, ko izmanto saules apdegumu gad\u012bjum\u0101. Ar \u012bpa\u0161u formulu, kas bag\u0101tin\u0101ta ar D.S.B. C\u00ae pretiekaisuma un nomierino\u0161ai iedarb\u012bbai un Aloe Vera, That\u2019so p\u0113csau\u013co\u0161an\u0101s aerosols aizsarg\u0101 \u0101du no br\u012bvajiem radik\u0101\u013ciem un atjauno mitrumu un baro\u0161anu, atst\u0101jot to uz ilgu laiku gludu un samtainu.<br \/>\nInovat\u012bv\u0101 sast\u0101vda\u013ca BRONZYL\u00ae stimul\u0113 melan\u012bna ra\u017eo\u0161anas un iedeguma veido\u0161an\u0101s procesu, k\u0101 ar\u012b padara All-In-One After Sun par ide\u0101lu risin\u0101jumu tiem, kas v\u0113las pagarin\u0101t iedeguma ilgumu un pie\u0161\u0137irt savam \u0137ermenim intens\u012bvu, vienm\u0113r\u012bgu kr\u0101su.<br \/>\nVisbeidzot, mentols sniedz pat\u012bkamu svaiguma saj\u016btu \u0101dai, kas ir dehidr\u0113ta un aps\u0101rtusi p\u0113c saules iedarb\u012bbas.<\/p>\n<\/div>\n","protected":false},"excerpt":{"rendered":"<p>THAT&#8217;S SO ALL IN ONE AFTER SUN SOOTHING MOISTURIZING AFTERSUN All-In-One After Sun ir p\u0113csau\u013co\u0161an\u0101s aerosols, kas dzi\u013ci mitrina, atsvaidzina un nomierina aps\u0101rtumu, ko izraisa intens\u012bva saules iedarb\u012bba. Tas ir SOS l\u012bdzeklis ar augstu pantenola saturu, ko izmanto saules apdegumu gad\u012bjum\u0101. Ar \u012bpa\u0161u formulu, kas bag\u0101tin\u0101ta ar D.S.B. C\u00ae pretiekaisuma un nomierino\u0161ai iedarb\u012bbai un Aloe Vera, That\u2019so p\u0113csau\u013co\u0161an\u0101s aerosols aizsarg\u0101 \u0101du no br\u012bvajiem radik\u0101\u013ciem un atjauno mitrumu un baro\u0161anu, atst\u0101jot to uz ilgu laiku gludu un samtainu. Inovat\u012bv\u0101 sast\u0101vda\u013ca BRONZYL\u00ae stimul\u0113 melan\u012bna ra\u017eo\u0161anas un iedeguma veido\u0161an\u0101s procesu, k\u0101 ar\u012b padara&hellip;<\/p>\n","protected":false},"featured_media":5271,"template":"","meta":[],"product_brand":[],"product_cat":[33,84,34,83],"product_tag":[],"class_list":{"0":"post-5270","1":"product","2":"type-product","3":"status-publish","4":"has-post-thumbnail","6":"product_cat-uncategorized","7":"product_cat-saules-kosmetika","8":"product_cat-kosmetika","9":"product_cat-that-so","11":"first","12":"instock","13":"shipping-taxable","14":"purchasable","15":"product-type-simple"},"_links":{"self":[{"href":"https:\/\/www.happysunday.eu\/index.php?rest_route=\/wp\/v2\/product\/5270","targetHints":{"allow":["GET"]}}],"collection":[{"href":"https:\/\/www.happysunday.eu\/index.php?rest_route=\/wp\/v2\/product"}],"about":[{"href":"https:\/\/www.happysunday.eu\/index.php?rest_route=\/wp\/v2\/types\/product"}],"wp:featuredmedia":[{"embeddable":true,"href":"https:\/\/www.happysunday.eu\/index.php?rest_route=\/wp\/v2\/media\/5271"}],"wp:attachment":[{"href":"https:\/\/www.happysunday.eu\/index.php?rest_route=%2Fwp%2Fv2%2Fmedia&parent=5270"}],"wp:term":[{"taxonomy":"product_brand","embeddable":true,"href":"https:\/\/www.happysunday.eu\/index.php?rest_route=%2Fwp%2Fv2%2Fproduct_brand&post=5270"},{"taxonomy":"product_cat","embeddable":true,"href":"https:\/\/www.happysunday.eu\/index.php?rest_route=%2Fwp%2Fv2%2Fproduct_cat&post=5270"},{"taxonomy":"product_tag","embeddable":true,"href":"https:\/\/www.happysunday.eu\/index.php?rest_route=%2Fwp%2Fv2%2Fproduct_tag&post=5270"}],"curies":[{"name":"wp","href":"https:\/\/api.w.org\/{rel}","templated":true}]}}