{"id":5294,"date":"2024-06-09T12:44:08","date_gmt":"2024-06-09T12:44:08","guid":{"rendered":"https:\/\/www.happysunday.eu\/?post_type=product&#038;p=5294"},"modified":"2026-04-07T07:02:34","modified_gmt":"2026-04-07T07:02:34","slug":"koncentreti-pasiedeguma-pilieni-30ml","status":"publish","type":"product","link":"https:\/\/www.happysunday.eu\/?product=koncentreti-pasiedeguma-pilieni-30ml","title":{"rendered":"KONCENTR\u0112TI PA\u0160IEDEGUMA PILIENI 30ML"},"content":{"rendered":"<div id=\"product-title\">\n<h1 class=\"product_title entry-title\">THAT&#8217;S SO SUBLIME TAN ULTRA DARK SERUM 8% DHA<\/h1>\n<div class=\"woocommerce-product-details__short-description\">\n<p>Augstas kvalit\u0101tes iedeguma pilieni vienm\u0113r\u012bga un mirdzo\u0161a \u0101das iedeguma att\u012bst\u012bbai. Formula, kas bag\u0101tin\u0101ta ar n\u0101trija hialuron\u0101tu, alveju un biopept\u012bdu, kas pal\u012bdz uztur\u0113t \u0101du hidrat\u0113tu un samazina noveco\u0161an\u0101s paz\u012bmes. \u013boti dabisks un piel\u0101gojams iedeguma efekts, sajauciet da\u017eus pilienus pa\u0161iedeguma koncentr\u0101ta ar savu parasto mitrino\u0161o kr\u0113mu.<\/p>\n<p>PIELIETOJUMS:<br \/>\nAtkar\u012bb\u0101 no v\u0113lam\u0101 iedeguma intensit\u0101tes, sajauciet 2-6 pilienus ar savu parasto mitrino\u0161o kr\u0113mu uz plaukstas. Uzkl\u0101jiet uz att\u012br\u012btas sejas, kakla un dekolt\u0113 zonas. Lai ieg\u016btu maksim\u0101lu iedeguma efektu, izmantojiet t\u012brus pilienus. P\u0113c lieto\u0161anas r\u016bp\u012bgi nomazg\u0101jiet rokas ar ziep\u0113m. Izvairieties no saskares ar ac\u012bm. Nelietot cit\u0101di, nek\u0101 paredz\u0113ts.<\/p>\n<p>&nbsp;<\/p>\n<\/div>\n<\/div>\n","protected":false},"excerpt":{"rendered":"<p>THAT&#8217;S SO SUBLIME TAN ULTRA DARK SERUM 8% DHA Augstas kvalit\u0101tes iedeguma pilieni vienm\u0113r\u012bga un mirdzo\u0161a \u0101das iedeguma att\u012bst\u012bbai. Formula, kas bag\u0101tin\u0101ta ar n\u0101trija hialuron\u0101tu, alveju un biopept\u012bdu, kas pal\u012bdz uztur\u0113t \u0101du hidrat\u0113tu un samazina noveco\u0161an\u0101s paz\u012bmes. \u013boti dabisks un piel\u0101gojams iedeguma efekts, sajauciet da\u017eus pilienus pa\u0161iedeguma koncentr\u0101ta ar savu parasto mitrino\u0161o kr\u0113mu. PIELIETOJUMS: Atkar\u012bb\u0101 no v\u0113lam\u0101 iedeguma intensit\u0101tes, sajauciet 2-6 pilienus ar savu parasto mitrino\u0161o kr\u0113mu uz plaukstas. Uzkl\u0101jiet uz att\u012br\u012btas sejas, kakla un dekolt\u0113 zonas. Lai ieg\u016btu maksim\u0101lu iedeguma efektu, izmantojiet t\u012brus pilienus. P\u0113c lieto\u0161anas r\u016bp\u012bgi nomazg\u0101jiet rokas&hellip;<\/p>\n","protected":false},"featured_media":5295,"template":"","meta":[],"product_brand":[],"product_cat":[71,33,84,34,83],"product_tag":[],"class_list":{"0":"post-5294","1":"product","2":"type-product","3":"status-publish","4":"has-post-thumbnail","6":"product_cat-davanas","7":"product_cat-uncategorized","8":"product_cat-saules-kosmetika","9":"product_cat-kosmetika","10":"product_cat-that-so","12":"first","13":"instock","14":"featured","15":"shipping-taxable","16":"purchasable","17":"product-type-simple"},"_links":{"self":[{"href":"https:\/\/www.happysunday.eu\/index.php?rest_route=\/wp\/v2\/product\/5294","targetHints":{"allow":["GET"]}}],"collection":[{"href":"https:\/\/www.happysunday.eu\/index.php?rest_route=\/wp\/v2\/product"}],"about":[{"href":"https:\/\/www.happysunday.eu\/index.php?rest_route=\/wp\/v2\/types\/product"}],"wp:featuredmedia":[{"embeddable":true,"href":"https:\/\/www.happysunday.eu\/index.php?rest_route=\/wp\/v2\/media\/5295"}],"wp:attachment":[{"href":"https:\/\/www.happysunday.eu\/index.php?rest_route=%2Fwp%2Fv2%2Fmedia&parent=5294"}],"wp:term":[{"taxonomy":"product_brand","embeddable":true,"href":"https:\/\/www.happysunday.eu\/index.php?rest_route=%2Fwp%2Fv2%2Fproduct_brand&post=5294"},{"taxonomy":"product_cat","embeddable":true,"href":"https:\/\/www.happysunday.eu\/index.php?rest_route=%2Fwp%2Fv2%2Fproduct_cat&post=5294"},{"taxonomy":"product_tag","embeddable":true,"href":"https:\/\/www.happysunday.eu\/index.php?rest_route=%2Fwp%2Fv2%2Fproduct_tag&post=5294"}],"curies":[{"name":"wp","href":"https:\/\/api.w.org\/{rel}","templated":true}]}}