{"id":5319,"date":"2024-06-10T12:02:43","date_gmt":"2024-06-10T12:02:43","guid":{"rendered":"https:\/\/www.happysunday.eu\/?post_type=product&#038;p=5319"},"modified":"2026-04-07T07:02:33","modified_gmt":"2026-04-07T07:02:33","slug":"spf-50-50-50-saules-aizsargkrems-175ml","status":"publish","type":"product","link":"https:\/\/www.happysunday.eu\/?product=spf-50-50-50-saules-aizsargkrems-175ml","title":{"rendered":"SPF 50\/50+\/50++ SAULES AIZSARGKR\u0112MS 175ML"},"content":{"rendered":"<div id=\"product-title\">\n<h1 class=\"product_title entry-title\">THAT&#8217;S SO ALL IN ONE SPF 50\/50+\/50++ PROTECTION PLUS PROGRESSIVE SUNSCREEN<\/h1>\n<p>All-In-One SPF 50\/50+\/50++ ( kas atbilst SPF50\/SPF80\/SPF100) Protection Plus ir saules aizsargkr\u0113ms ar \u013coti augstu aizsardz\u012bbas faktoru, \u016bdensiztur\u012bgs, \u00a0kas paredz\u0113ts \u0101das boj\u0101jumu nov\u0113r\u0161anai cilv\u0113kiem ar \u013coti gai\u0161u \u0101du un jut\u012bgu \u0101du, tiem, kas nodarbojas ar ziemas aktivit\u0101t\u0113m liel\u0101 augstum\u0101, tiem, kas pak\u013cauti tropu saulei, b\u0113rniem un veciem cilv\u0113kiem. Progres\u012bvais sau\u013co\u0161an\u0101s aerosols nodro\u0161ina 3 saules aizsargl\u012bdzek\u013cus vien\u0101 produkt\u0101, pateicoties pak\u0101peniskajai sau\u013co\u0161an\u0101s tehnolo\u0123ijai, kas pak\u0101peniski palielin\u0101s ar katru lieto\u0161anas reizi ar 10 min\u016b\u0161u interv\u0101lu.<\/p>\n<p>All-In-One SPF 50\/50+\/50++ saules aizsargkr\u0113ms nodro\u0161ina \u013coti augsta spektra aizsardz\u012bbu, aizsarg\u0101jot \u0101du gan no UVB, gan UVA stariem, kas izraisa priek\u0161laic\u012bgu \u0101das noveco\u0161anos. Ar kl\u012bniski p\u0101rbaud\u012btu formulu un Baby Formula padara \u0161o aizsardz\u012bbu par ide\u0101lu. dro\u0161ai saules iedarb\u012bbai b\u0113rniem, tas ir bez alerg\u0113niem un kl\u012bniski p\u0101rbaud\u012bts no 0+ gadiem.<\/p>\n<p>All-In-One SPF 50\/50+\/50++, kas bag\u0101tin\u0101ts ar avokado e\u013c\u013cu, jojobu un E vitam\u012bnu, uzlabo \u0101das mitrin\u0101\u0161anu, tonusu un elast\u012bbu. \\nNep\u0101rtrauktas doz\u0113\u0161anas aerosols ar videi draudz\u012bgu, bezg\u0101zes BOV (Bag on Valve) tehnolo\u0123iju \u013cauj viegli uzkl\u0101t produktu, sasniedzot pat vissare\u017e\u0123\u012bt\u0101k\u0101s vietas.<\/p>\n<p>All-In-One SPF 50\/50+\/50++ ir \u016bdens un sviedru iztur\u012bgs, tam ir piem\u0113rota aizsardz\u012bba pret saules apdegumiem, un tas nov\u0113r\u0161 baltuma efektu uz \u0101das.\u2028Ar pareizo saules aizsardz\u012bbas faktoru m\u016bsu \u0101da ir dro\u0161a!<\/p>\n<\/div>\n","protected":false},"excerpt":{"rendered":"<p>THAT&#8217;S SO ALL IN ONE SPF 50\/50+\/50++ PROTECTION PLUS PROGRESSIVE SUNSCREEN All-In-One SPF 50\/50+\/50++ ( kas atbilst SPF50\/SPF80\/SPF100) Protection Plus ir saules aizsargkr\u0113ms ar \u013coti augstu aizsardz\u012bbas faktoru, \u016bdensiztur\u012bgs, \u00a0kas paredz\u0113ts \u0101das boj\u0101jumu nov\u0113r\u0161anai cilv\u0113kiem ar \u013coti gai\u0161u \u0101du un jut\u012bgu \u0101du, tiem, kas nodarbojas ar ziemas aktivit\u0101t\u0113m liel\u0101 augstum\u0101, tiem, kas pak\u013cauti tropu saulei, b\u0113rniem un veciem cilv\u0113kiem. Progres\u012bvais sau\u013co\u0161an\u0101s aerosols nodro\u0161ina 3 saules aizsargl\u012bdzek\u013cus vien\u0101 produkt\u0101, pateicoties pak\u0101peniskajai sau\u013co\u0161an\u0101s tehnolo\u0123ijai, kas pak\u0101peniski palielin\u0101s ar katru lieto\u0161anas reizi ar 10 min\u016b\u0161u interv\u0101lu. All-In-One SPF 50\/50+\/50++ saules aizsargkr\u0113ms nodro\u0161ina \u013coti&hellip;<\/p>\n","protected":false},"featured_media":5277,"template":"","meta":[],"product_brand":[],"product_cat":[33,84,58,83],"product_tag":[],"class_list":{"0":"post-5319","1":"product","2":"type-product","3":"status-publish","4":"has-post-thumbnail","6":"product_cat-uncategorized","7":"product_cat-saules-kosmetika","8":"product_cat-super-sale","9":"product_cat-that-so","11":"first","12":"instock","13":"shipping-taxable","14":"purchasable","15":"product-type-simple"},"_links":{"self":[{"href":"https:\/\/www.happysunday.eu\/index.php?rest_route=\/wp\/v2\/product\/5319","targetHints":{"allow":["GET"]}}],"collection":[{"href":"https:\/\/www.happysunday.eu\/index.php?rest_route=\/wp\/v2\/product"}],"about":[{"href":"https:\/\/www.happysunday.eu\/index.php?rest_route=\/wp\/v2\/types\/product"}],"wp:featuredmedia":[{"embeddable":true,"href":"https:\/\/www.happysunday.eu\/index.php?rest_route=\/wp\/v2\/media\/5277"}],"wp:attachment":[{"href":"https:\/\/www.happysunday.eu\/index.php?rest_route=%2Fwp%2Fv2%2Fmedia&parent=5319"}],"wp:term":[{"taxonomy":"product_brand","embeddable":true,"href":"https:\/\/www.happysunday.eu\/index.php?rest_route=%2Fwp%2Fv2%2Fproduct_brand&post=5319"},{"taxonomy":"product_cat","embeddable":true,"href":"https:\/\/www.happysunday.eu\/index.php?rest_route=%2Fwp%2Fv2%2Fproduct_cat&post=5319"},{"taxonomy":"product_tag","embeddable":true,"href":"https:\/\/www.happysunday.eu\/index.php?rest_route=%2Fwp%2Fv2%2Fproduct_tag&post=5319"}],"curies":[{"name":"wp","href":"https:\/\/api.w.org\/{rel}","templated":true}]}}