{"id":5331,"date":"2024-06-11T13:04:56","date_gmt":"2024-06-11T13:04:56","guid":{"rendered":"https:\/\/www.happysunday.eu\/?post_type=product&#038;p=5331"},"modified":"2026-04-07T16:03:57","modified_gmt":"2026-04-07T16:03:57","slug":"no-make-up-gift-set-light-nude-75ml-2","status":"publish","type":"product","link":"https:\/\/www.happysunday.eu\/?product=no-make-up-gift-set-light-nude-75ml-2","title":{"rendered":"NO MAKE UP GIFT SET LIGHT NUDE 75ML"},"content":{"rendered":"<div id=\"product-title\">\n<h1 class=\"product_title entry-title\" style=\"text-align: left;\">THAT&#8217;S SO FACE-UP NO-MAKEUP EFFECT SPRAY FOUNDATION<\/h1>\n<div class=\"woocommerce-product-details__short-description\">\n<div style=\"text-align: left;\" align=\"center\">\n<div style=\"text-align: left;\" align=\"center\">JAUN\u0100S PAAUDZES TON\u0100LA KR\u0112MA UN SEJAS SERUMA SAJAUKUMS.<\/div>\n<div style=\"text-align: left;\" align=\"center\"><span style=\"color: #bf0003;\">INTERNATIONAL BEAUTY FORUM 2023 L\u012aDERIS<\/span><\/div>\n<div style=\"text-align: left;\" align=\"center\">UNIK\u0100LS SMIDZIN\u0101MS L\u012aDZEKLIS IDE\u0100LAM NO-MAKE EFEKTAM.<\/div>\n<div style=\"text-align: left;\" align=\"center\">FACE UP BEAUTY FILTER ir izsmidzin\u0101ms ton\u0101lais kr\u0113ms un sejas kop\u0161anas seruma sajaukums, kas main\u012bs j\u016bsu makeup ikdienu!<\/div>\n<div style=\"text-align: left;\" align=\"center\">Perfekts make up 24 stundu laik\u0101!<\/div>\n<div style=\"text-align: left;\" align=\"center\">1 pudel\u012btes pietisks 45 reiz\u0113m.<\/div>\n<\/div>\n<\/div>\n<div class=\"woocommerce-product-details__short-description\">\n<div align=\"center\"><\/div>\n<p>\u0160is kosm\u0113tikas aerosols samazina nelielu sejas nepiln\u012bbu redzam\u012bbu un \u2013 pateicoties formulai, kas bag\u0101tin\u0101ta ar CG-TGP2 pept\u012bdu \u2013 veicina gai\u0161\u0101ku un vienm\u0113r\u012bg\u0101ku sejas kr\u0101su, pie\u0161\u0137irot \u0101dai mirdzo\u0161u izskatu tikai da\u017eu sekun\u017eu laik\u0101.<br \/>\nFace-up ir jauns novatorisks ton\u0101l\u0101 kr\u0113ma uzkl\u0101\u0161anas veids: No-Makeup grima aerosols ar Beauty Filter tehnolo\u0123iju, kas nodro\u0161ina maigu p\u016bdera efektu!<br \/>\nTekst\u016bra ir viegla un z\u012bdaina, un j\u016bs uz visiem laikiem b\u016bsiet p\u0101rsteigti, cik \u0101tri un viegli to var uzkl\u0101t.<br \/>\nNeatkar\u012bgi no t\u0101, vai j\u016bs vienm\u0113r steidzaties vai vienk\u0101r\u0161i v\u0113laties efekt\u012bvi sagatavoties, Face Up Beauty Filter vienm\u0113r ir j\u0101b\u016bt j\u016bsu r\u012bc\u012bb\u0101!<\/p>\n<p>K\u0100 TO IZMANTOT<br \/>\nPirms katras lieto\u0161anas reizes to sakratiet. Uzsmidziniet ton\u0101lo kr\u0113mu neliel\u0101 daudzum\u0101 uz oti\u0146as, p\u0113c tam vienm\u0113r\u012bgi uzkl\u0101jiet uz sejas un kakla. Ir iesp\u0113jams izsmidzin\u0101t produktu tie\u0161i uz sejas un p\u0113c tam izklied\u0113t ar oti\u0146u, tom\u0113r, \u0146emiet v\u0113r\u0101, ka \u0161\u0101d\u0101 veid\u0101 produkts tiks pat\u0113r\u0113ts \u0101tr\u0101k. Izsmidziniet tie\u0161i uz \u0101das ar nep\u0101rtraukt\u0101m un vienm\u0113r\u012bg\u0101m kust\u012bb\u0101m, turot aerosolu aptuveni 30 cm att\u0101lum\u0101 no sejas. Uzkl\u0101\u0161anas laik\u0101 aizveriet acis un l\u016bpas. Neieelpot. \u00a0P\u0113c 1 minutes ar make up otu amigi izl\u012bdziniet produktu.<\/p>\n<p>Piln\u012bgi nevainojamam un dab\u012bgam rezult\u0101tam, ka ar\u012b maz\u0101k\u0101m produkta pateri\u0146am, iesak\u0101m izmantot speci\u0101lu That&#8217;so no \u00a0makeup otu Izsmidziniet produktu tie\u0161i uz otu un uzkl\u0101jiet uz \u0101das ar da\u017e\u0101m viegl\u0101 otas kust\u012bb\u0101m. Lai pan\u0101ktu dabisku izskatu, izmantojiet to, lai izceltu iedegu\u0161o \u0101du pieres s\u0101nos, gar matu aug\u0161anas l\u012bniju, uz vaigu kauliem un zoda s\u0101nos.<\/p>\n<\/div>\n<\/div>\n","protected":false},"excerpt":{"rendered":"<p>THAT&#8217;S SO FACE-UP NO-MAKEUP EFFECT SPRAY FOUNDATION JAUN\u0100S PAAUDZES TON\u0100LA KR\u0112MA UN SEJAS SERUMA SAJAUKUMS. INTERNATIONAL BEAUTY FORUM 2023 L\u012aDERIS UNIK\u0100LS SMIDZIN\u0101MS L\u012aDZEKLIS IDE\u0100LAM NO-MAKE EFEKTAM. FACE UP BEAUTY FILTER ir izsmidzin\u0101ms ton\u0101lais kr\u0113ms un sejas kop\u0161anas seruma sajaukums, kas main\u012bs j\u016bsu makeup ikdienu! Perfekts make up 24 stundu laik\u0101! 1 pudel\u012btes pietisks 45 reiz\u0113m. \u0160is kosm\u0113tikas aerosols samazina nelielu sejas nepiln\u012bbu redzam\u012bbu un \u2013 pateicoties formulai, kas bag\u0101tin\u0101ta ar CG-TGP2 pept\u012bdu \u2013 veicina gai\u0161\u0101ku un vienm\u0113r\u012bg\u0101ku sejas kr\u0101su, pie\u0161\u0137irot \u0101dai mirdzo\u0161u izskatu tikai da\u017eu sekun\u017eu laik\u0101. Face-up ir jauns&hellip;<\/p>\n","protected":false},"featured_media":6342,"template":"","meta":[],"product_brand":[],"product_cat":[33,84,83],"product_tag":[],"class_list":{"0":"post-5331","1":"product","2":"type-product","3":"status-publish","4":"has-post-thumbnail","6":"product_cat-uncategorized","7":"product_cat-saules-kosmetika","8":"product_cat-that-so","10":"first","11":"instock","12":"shipping-taxable","13":"purchasable","14":"product-type-simple"},"_links":{"self":[{"href":"https:\/\/www.happysunday.eu\/index.php?rest_route=\/wp\/v2\/product\/5331","targetHints":{"allow":["GET"]}}],"collection":[{"href":"https:\/\/www.happysunday.eu\/index.php?rest_route=\/wp\/v2\/product"}],"about":[{"href":"https:\/\/www.happysunday.eu\/index.php?rest_route=\/wp\/v2\/types\/product"}],"wp:featuredmedia":[{"embeddable":true,"href":"https:\/\/www.happysunday.eu\/index.php?rest_route=\/wp\/v2\/media\/6342"}],"wp:attachment":[{"href":"https:\/\/www.happysunday.eu\/index.php?rest_route=%2Fwp%2Fv2%2Fmedia&parent=5331"}],"wp:term":[{"taxonomy":"product_brand","embeddable":true,"href":"https:\/\/www.happysunday.eu\/index.php?rest_route=%2Fwp%2Fv2%2Fproduct_brand&post=5331"},{"taxonomy":"product_cat","embeddable":true,"href":"https:\/\/www.happysunday.eu\/index.php?rest_route=%2Fwp%2Fv2%2Fproduct_cat&post=5331"},{"taxonomy":"product_tag","embeddable":true,"href":"https:\/\/www.happysunday.eu\/index.php?rest_route=%2Fwp%2Fv2%2Fproduct_tag&post=5331"}],"curies":[{"name":"wp","href":"https:\/\/api.w.org\/{rel}","templated":true}]}}