{"id":6127,"date":"2024-10-17T12:58:06","date_gmt":"2024-10-17T12:58:06","guid":{"rendered":"https:\/\/www.happysunday.eu\/?post_type=product&#038;p=6127"},"modified":"2026-04-07T07:05:51","modified_gmt":"2026-04-07T07:05:51","slug":"senjal-silk-vitaminu-koncentratu-ampulas-10-x-8ml","status":"publish","type":"product","link":"https:\/\/www.happysunday.eu\/?product=senjal-silk-vitaminu-koncentratu-ampulas-10-x-8ml","title":{"rendered":"SENJAL SILK VITAM\u012aNU KONCENTR\u0100TU AMPULAS 10 X 8ML"},"content":{"rendered":"<p>Kleral System Senjal Line Ampol Silk<\/p>\n<p>Divf\u0101zu ampulas matu atjauno\u0161anai atjauno matu bl\u012bvumu, padara tos sp\u012bd\u012bgus un z\u012bdainus, k\u0101 ar\u012b pie\u0161\u0137ir vesel\u012bgu, koptu izskatu. Z\u0101les \u013cauj sasniegt rezult\u0101tus, ko j\u016bs nekad iepriek\u0161 neesat sa\u0146\u0113mis. T\u0101 sauktais \u201c\u0161oka koncentr\u0101ts\u201d sausiem un dehidr\u0113tiem matiem. Atgrie\u017e matu bl\u012bvumu, vesel\u012bgu izskatu un sp\u012bdumu. Ir ilgsto\u0161a iedarb\u012bba. Ieteicams ar\u012b matu pieaudz\u0113\u0161anas kop\u0161anai. Sast\u0101v\u0101: Ciklopentasiloks\u0101ns: rada aizsargpl\u0113vi uz matiem, padara matus z\u012bdainus. Propil\u0113nglikols: mitrina matus, darbojas k\u0101 antistatisks l\u012bdzeklis un pie\u0161\u0137ir papildu sp\u012bdumu. Dimetikons: pie\u0161\u0137ir matiem sp\u012bdumu un z\u012bdainumu. Provitam\u012bns B5: pie\u0161\u0137ir matiem dabisku sp\u012bdumu un vesel\u012bgu izskatu, nodro\u0161ina apjomu. Mitrina matus un nov\u0113r\u0161 to l\u016b\u0161anu. Hidroliz\u0113ts kvie\u0161u prote\u012bns: kondicion\u0113 un atjauno matus, pie\u0161\u0137irot tiem dabisku sp\u012bdumu un z\u012bdainumu. Citronsk\u0101be: piem\u012bt savelko\u0161as \u012bpa\u0161\u012bbas, normaliz\u0113 galvas \u0101das pH l\u012bdzsvaru.<\/p>\n<p>Lieto\u0161anas nor\u0101d\u012bjumi<br \/>\nSakratiet ampulu un sajauciet abas f\u0101zes. Vienm\u0113r\u012bgi uzkl\u0101jiet uz t\u012briem, ar dvieli nosusin\u0101tiem matiem vis\u0101 garum\u0101. Neizskalojiet.<\/p>\n<p>RA\u017dOTS IT\u0100LIJ\u0100<\/p>\n<p>&nbsp;<\/p>\n","protected":false},"excerpt":{"rendered":"<p>Kleral System Senjal Line Ampol Silk Divf\u0101zu ampulas matu atjauno\u0161anai atjauno matu bl\u012bvumu, padara tos sp\u012bd\u012bgus un z\u012bdainus, k\u0101 ar\u012b pie\u0161\u0137ir vesel\u012bgu, koptu izskatu. Z\u0101les \u013cauj sasniegt rezult\u0101tus, ko j\u016bs nekad iepriek\u0161 neesat sa\u0146\u0113mis. T\u0101 sauktais \u201c\u0161oka koncentr\u0101ts\u201d sausiem un dehidr\u0113tiem matiem. Atgrie\u017e matu bl\u012bvumu, vesel\u012bgu izskatu un sp\u012bdumu. Ir ilgsto\u0161a iedarb\u012bba. Ieteicams ar\u012b matu pieaudz\u0113\u0161anas kop\u0161anai. Sast\u0101v\u0101: Ciklopentasiloks\u0101ns: rada aizsargpl\u0113vi uz matiem, padara matus z\u012bdainus. Propil\u0113nglikols: mitrina matus, darbojas k\u0101 antistatisks l\u012bdzeklis un pie\u0161\u0137ir papildu sp\u012bdumu. Dimetikons: pie\u0161\u0137ir matiem sp\u012bdumu un z\u012bdainumu. Provitam\u012bns B5: pie\u0161\u0137ir matiem dabisku sp\u012bdumu un&hellip;<\/p>\n","protected":false},"featured_media":6128,"template":"","meta":[],"product_brand":[],"product_cat":[71,33,69],"product_tag":[],"class_list":{"0":"post-6127","1":"product","2":"type-product","3":"status-publish","4":"has-post-thumbnail","6":"product_cat-davanas","7":"product_cat-uncategorized","8":"product_cat-matu-kopsana-2","10":"first","11":"instock","12":"shipping-taxable","13":"purchasable","14":"product-type-simple"},"_links":{"self":[{"href":"https:\/\/www.happysunday.eu\/index.php?rest_route=\/wp\/v2\/product\/6127","targetHints":{"allow":["GET"]}}],"collection":[{"href":"https:\/\/www.happysunday.eu\/index.php?rest_route=\/wp\/v2\/product"}],"about":[{"href":"https:\/\/www.happysunday.eu\/index.php?rest_route=\/wp\/v2\/types\/product"}],"wp:featuredmedia":[{"embeddable":true,"href":"https:\/\/www.happysunday.eu\/index.php?rest_route=\/wp\/v2\/media\/6128"}],"wp:attachment":[{"href":"https:\/\/www.happysunday.eu\/index.php?rest_route=%2Fwp%2Fv2%2Fmedia&parent=6127"}],"wp:term":[{"taxonomy":"product_brand","embeddable":true,"href":"https:\/\/www.happysunday.eu\/index.php?rest_route=%2Fwp%2Fv2%2Fproduct_brand&post=6127"},{"taxonomy":"product_cat","embeddable":true,"href":"https:\/\/www.happysunday.eu\/index.php?rest_route=%2Fwp%2Fv2%2Fproduct_cat&post=6127"},{"taxonomy":"product_tag","embeddable":true,"href":"https:\/\/www.happysunday.eu\/index.php?rest_route=%2Fwp%2Fv2%2Fproduct_tag&post=6127"}],"curies":[{"name":"wp","href":"https:\/\/api.w.org\/{rel}","templated":true}]}}