{"id":6370,"date":"2024-11-27T17:10:31","date_gmt":"2024-11-27T17:10:31","guid":{"rendered":"https:\/\/www.happysunday.eu\/?post_type=product&#038;p=6370"},"modified":"2026-04-07T07:06:33","modified_gmt":"2026-04-07T07:06:33","slug":"black-chocolate-summer-girl-300x-400ml","status":"publish","type":"product","link":"https:\/\/www.happysunday.eu\/?product=black-chocolate-summer-girl-300x-400ml","title":{"rendered":"Black Chocolate Summer Girl 300X 400ml"},"content":{"rendered":"<div id=\"product-title\">\n<p class=\"p1\"><strong><span class=\"s1\">Black Chocolate Summer Girl 300X Sau\u013co\u0161an\u0101s Losjons, 221 ml<\/span><\/strong><\/p>\n<p class=\"p1\"><span class=\"s2\">Izcel savu vasaras starojumu ar <\/span><span class=\"s1\">Black Chocolate Summer Girl 300X<\/span><span class=\"s2\"> \u2013 augstas veiktsp\u0113jas sau\u013co\u0161an\u0101s losjonu, kas nodro\u0161ina l\u012bdz pat <\/span><span class=\"s1\">300X pa\u0101trin\u0101tu iedegumu<\/span><span class=\"s2\">! \u0160\u012b luksusa formula ir bag\u0101tin\u0101ta ar tum\u0161o \u0161okol\u0101di, dab\u012bg\u0101m bronz\u0113jo\u0161\u0101m sast\u0101vda\u013c\u0101m un sp\u0113c\u012bgiem \u0101das kop\u0161anas ekstraktiem, kas sniedz izcilu rezult\u0101tu \u2013 dzi\u013cu, notur\u012bgu iedegumu un z\u012bdaini gludu \u0101du.<\/span><\/p>\n<p class=\"p1\"><strong><span class=\"s1\">Galven\u0101s \u012bpa\u0161\u012bbas:<\/span><\/strong><\/p>\n<ul>\n<li>\n<p class=\"p1\"><span class=\"s1\">L\u012bdz pat 300X bronz\u0113jo\u0161ais efekts intens\u012bvam iedegumam<\/span><\/p>\n<\/li>\n<li>\n<p class=\"p1\"><span class=\"s1\">Tum\u0161\u0101s \u0161okol\u0101des un dab\u012bgu ekstraktu komplekss baro \u0101du<\/span><\/p>\n<\/li>\n<li>\n<p class=\"p1\"><span class=\"s1\">Mitrino\u0161as sast\u0101vda\u013cas nodro\u0161ina maigumu un elast\u012bbu<\/span><\/p>\n<\/li>\n<li>\n<p class=\"p1\"><span class=\"s1\">Viegls, salds arom\u0101ts \u2013 perfekts vasaras saj\u016btai<\/span><\/p>\n<\/li>\n<li>\n<p class=\"p1\"><span class=\"s1\">Ide\u0101li piem\u0113rots sol\u0101rijam un dabiskai saulei<\/span><\/p>\n<\/li>\n<\/ul>\n<p class=\"p1\"><span class=\"s1\">Lieto\u0161ana:<\/span><span class=\"s2\"> Uzkl\u0101t vienm\u0113r\u012bgi uz \u0101das pirms sau\u013co\u0161an\u0101s. Tikai \u0101r\u012bgai lieto\u0161anai.<\/span><\/p>\n<p style=\"font-weight: 400;\"><strong>Ra\u017eots ASV.\u00a0<\/strong><\/p>\n<p style=\"font-weight: 400;\">\n<p>Smar\u017ea: Ave\u0146u saldais kr\u0113jums<\/p>\n<p>Clean Beauty: Vegan, Gluten-free, Paraben-free, Cruelty-free, Phthalate-free<\/p>\n<p>Satur tropisko aug\u013cu ekstraktus. Intens\u012bvi mitrin\u0101, re\u0123ener\u0113 un b\u0101ro \u0101du un padara z\u012bdainu.<\/p>\n<\/div>\n","protected":false},"excerpt":{"rendered":"<p>Black Chocolate Summer Girl 300X Sau\u013co\u0161an\u0101s Losjons, 221 ml Izcel savu vasaras starojumu ar Black Chocolate Summer Girl 300X \u2013 augstas veiktsp\u0113jas sau\u013co\u0161an\u0101s losjonu, kas nodro\u0161ina l\u012bdz pat 300X pa\u0101trin\u0101tu iedegumu! \u0160\u012b luksusa formula ir bag\u0101tin\u0101ta ar tum\u0161o \u0161okol\u0101di, dab\u012bg\u0101m bronz\u0113jo\u0161\u0101m sast\u0101vda\u013c\u0101m un sp\u0113c\u012bgiem \u0101das kop\u0161anas ekstraktiem, kas sniedz izcilu rezult\u0101tu \u2013 dzi\u013cu, notur\u012bgu iedegumu un z\u012bdaini gludu \u0101du. Galven\u0101s \u012bpa\u0161\u012bbas: L\u012bdz pat 300X bronz\u0113jo\u0161ais efekts intens\u012bvam iedegumam Tum\u0161\u0101s \u0161okol\u0101des un dab\u012bgu ekstraktu komplekss baro \u0101du Mitrino\u0161as sast\u0101vda\u013cas nodro\u0161ina maigumu un elast\u012bbu Viegls, salds arom\u0101ts \u2013 perfekts vasaras saj\u016btai Ide\u0101li&hellip;<\/p>\n","protected":false},"featured_media":6371,"template":"","meta":[],"product_brand":[],"product_cat":[34],"product_tag":[],"class_list":{"0":"post-6370","1":"product","2":"type-product","3":"status-publish","4":"has-post-thumbnail","6":"product_cat-kosmetika","8":"first","9":"instock","10":"shipping-taxable","11":"purchasable","12":"product-type-simple"},"_links":{"self":[{"href":"https:\/\/www.happysunday.eu\/index.php?rest_route=\/wp\/v2\/product\/6370","targetHints":{"allow":["GET"]}}],"collection":[{"href":"https:\/\/www.happysunday.eu\/index.php?rest_route=\/wp\/v2\/product"}],"about":[{"href":"https:\/\/www.happysunday.eu\/index.php?rest_route=\/wp\/v2\/types\/product"}],"wp:featuredmedia":[{"embeddable":true,"href":"https:\/\/www.happysunday.eu\/index.php?rest_route=\/wp\/v2\/media\/6371"}],"wp:attachment":[{"href":"https:\/\/www.happysunday.eu\/index.php?rest_route=%2Fwp%2Fv2%2Fmedia&parent=6370"}],"wp:term":[{"taxonomy":"product_brand","embeddable":true,"href":"https:\/\/www.happysunday.eu\/index.php?rest_route=%2Fwp%2Fv2%2Fproduct_brand&post=6370"},{"taxonomy":"product_cat","embeddable":true,"href":"https:\/\/www.happysunday.eu\/index.php?rest_route=%2Fwp%2Fv2%2Fproduct_cat&post=6370"},{"taxonomy":"product_tag","embeddable":true,"href":"https:\/\/www.happysunday.eu\/index.php?rest_route=%2Fwp%2Fv2%2Fproduct_tag&post=6370"}],"curies":[{"name":"wp","href":"https:\/\/api.w.org\/{rel}","templated":true}]}}