{"id":6880,"date":"2025-01-29T15:48:00","date_gmt":"2025-01-29T15:48:00","guid":{"rendered":"https:\/\/www.happysunday.eu\/?post_type=product&#038;p=6880"},"modified":"2026-04-07T07:07:11","modified_gmt":"2026-04-07T07:07:11","slug":"matu-balinatajs-black-lift-9-bleaching-powder-500gr","status":"publish","type":"product","link":"https:\/\/www.happysunday.eu\/?product=matu-balinatajs-black-lift-9-bleaching-powder-500gr","title":{"rendered":"MATU BALIN\u0100T\u0100JS Black Lift 9+ Bleaching Powder &#8211; 500gr"},"content":{"rendered":"<div id=\"product-title\">\n<h1>Black Lift 9+ Bleaching Powder &#8211; 500gr<\/h1>\n<\/div>\n<p>Pateicoties t\u0101 \u012bpa\u0161ajam sast\u0101vam, melnajam balino\u0161ajam pulverim ir balino\u0161a un kondicion\u0113jo\u0161a iedarb\u012bba, vienlaikus nodro\u0161inot t\u012bru pel\u0113ku rezult\u0101tu un smil\u0161ainas nokr\u0101sas bez dzelteniem atsp\u012bdumiem. Tas ir sajaukts ar Developer (10 l\u012bdz 40 tilp.), un tas rada kompaktu, viendab\u012bgu kr\u0113mu, kas var balin\u0101t l\u012bdz pat 9 to\u0146iem. To var izmantot k\u0101 visus tradicion\u0101los balin\u0101\u0161anas pulverus.<\/p>\n<div id=\"product-title\">\n<p>&nbsp;<\/p>\n<\/div>\n","protected":false},"excerpt":{"rendered":"<p>Black Lift 9+ Bleaching Powder &#8211; 500gr Pateicoties t\u0101 \u012bpa\u0161ajam sast\u0101vam, melnajam balino\u0161ajam pulverim ir balino\u0161a un kondicion\u0113jo\u0161a iedarb\u012bba, vienlaikus nodro\u0161inot t\u012bru pel\u0113ku rezult\u0101tu un smil\u0161ainas nokr\u0101sas bez dzelteniem atsp\u012bdumiem. Tas ir sajaukts ar Developer (10 l\u012bdz 40 tilp.), un tas rada kompaktu, viendab\u012bgu kr\u0113mu, kas var balin\u0101t l\u012bdz pat 9 to\u0146iem. To var izmantot k\u0101 visus tradicion\u0101los balin\u0101\u0161anas pulverus. &nbsp;<\/p>\n","protected":false},"featured_media":6881,"template":"","meta":[],"product_brand":[],"product_cat":[69,58],"product_tag":[],"class_list":{"0":"post-6880","1":"product","2":"type-product","3":"status-publish","4":"has-post-thumbnail","6":"product_cat-matu-kopsana-2","7":"product_cat-super-sale","9":"first","10":"instock","11":"shipping-taxable","12":"purchasable","13":"product-type-simple"},"_links":{"self":[{"href":"https:\/\/www.happysunday.eu\/index.php?rest_route=\/wp\/v2\/product\/6880","targetHints":{"allow":["GET"]}}],"collection":[{"href":"https:\/\/www.happysunday.eu\/index.php?rest_route=\/wp\/v2\/product"}],"about":[{"href":"https:\/\/www.happysunday.eu\/index.php?rest_route=\/wp\/v2\/types\/product"}],"wp:featuredmedia":[{"embeddable":true,"href":"https:\/\/www.happysunday.eu\/index.php?rest_route=\/wp\/v2\/media\/6881"}],"wp:attachment":[{"href":"https:\/\/www.happysunday.eu\/index.php?rest_route=%2Fwp%2Fv2%2Fmedia&parent=6880"}],"wp:term":[{"taxonomy":"product_brand","embeddable":true,"href":"https:\/\/www.happysunday.eu\/index.php?rest_route=%2Fwp%2Fv2%2Fproduct_brand&post=6880"},{"taxonomy":"product_cat","embeddable":true,"href":"https:\/\/www.happysunday.eu\/index.php?rest_route=%2Fwp%2Fv2%2Fproduct_cat&post=6880"},{"taxonomy":"product_tag","embeddable":true,"href":"https:\/\/www.happysunday.eu\/index.php?rest_route=%2Fwp%2Fv2%2Fproduct_tag&post=6880"}],"curies":[{"name":"wp","href":"https:\/\/api.w.org\/{rel}","templated":true}]}}