{"id":740,"date":"2021-01-21T13:46:39","date_gmt":"2021-01-21T13:46:39","guid":{"rendered":"https:\/\/www.happysunday.eu\/?post_type=product&#038;p=740"},"modified":"2026-04-07T06:53:34","modified_gmt":"2026-04-07T06:53:34","slug":"purifying-cleansing-gel-500ml","status":"publish","type":"product","link":"https:\/\/www.happysunday.eu\/?product=purifying-cleansing-gel-500ml","title":{"rendered":"ATT\u012aRO\u0160S GELS TAUKAINAI UN KOMBIN\u0112AI \u0100DAI 500ml"},"content":{"rendered":"<p>T\u0113jas koka t\u012br\u012b\u0161anas \u017eeleja taukainai un kombin\u0113tai \u0101dai.<br \/>\nMaigs t\u012br\u012b\u0161anas l\u012bdzeklis kombin\u0113tai, taukainai un problem\u0101tiskai \u0101dai. Iz\u0161\u0137\u012bdina putek\u013cus, net\u012brumus, sebumu, att\u012bra no atmiru\u0161aj\u0101m \u0161\u016bn\u0101m. Tam ir antiseptiska un pretiekaisuma iedarb\u012bba.<br \/>\nLieto\u0161ana: nelielu daudzumu \u017eelejas sajauc plaukst\u0101s ar \u016bdeni un ar maigu mas\u0113jo\u0161u kust\u012bbu uzkl\u0101j uz sejas, kakla, dekolt\u0113. Nomazg\u0101jiet ar siltu \u016bdeni. Turpiniet t\u012br\u012b\u0161anu, izmantojot toniku.<br \/>\nAkt\u012bv\u0101s sast\u0101vda\u013cas: kaprilglikoz\u012bds, t\u0113jas koka e\u013c\u013ca.<\/p>\n","protected":false},"excerpt":{"rendered":"<p>T\u0113jas koka t\u012br\u012b\u0161anas \u017eeleja taukainai un kombin\u0113tai \u0101dai. Maigs t\u012br\u012b\u0161anas l\u012bdzeklis kombin\u0113tai, taukainai un problem\u0101tiskai \u0101dai. Iz\u0161\u0137\u012bdina putek\u013cus, net\u012brumus, sebumu, att\u012bra no atmiru\u0161aj\u0101m \u0161\u016bn\u0101m. Tam ir antiseptiska un pretiekaisuma iedarb\u012bba. Lieto\u0161ana: nelielu daudzumu \u017eelejas sajauc plaukst\u0101s ar \u016bdeni un ar maigu mas\u0113jo\u0161u kust\u012bbu uzkl\u0101j uz sejas, kakla, dekolt\u0113. Nomazg\u0101jiet ar siltu \u016bdeni. Turpiniet t\u012br\u012b\u0161anu, izmantojot toniku. Akt\u012bv\u0101s sast\u0101vda\u013cas: kaprilglikoz\u012bds, t\u0113jas koka e\u013c\u013ca.<\/p>\n","protected":false},"featured_media":736,"template":"","meta":[],"product_brand":[],"product_cat":[63],"product_tag":[],"class_list":{"0":"post-740","1":"product","2":"type-product","3":"status-publish","4":"has-post-thumbnail","6":"product_cat-kosmetologija","8":"first","9":"instock","10":"shipping-taxable","11":"purchasable","12":"product-type-simple"},"_links":{"self":[{"href":"https:\/\/www.happysunday.eu\/index.php?rest_route=\/wp\/v2\/product\/740","targetHints":{"allow":["GET"]}}],"collection":[{"href":"https:\/\/www.happysunday.eu\/index.php?rest_route=\/wp\/v2\/product"}],"about":[{"href":"https:\/\/www.happysunday.eu\/index.php?rest_route=\/wp\/v2\/types\/product"}],"wp:featuredmedia":[{"embeddable":true,"href":"https:\/\/www.happysunday.eu\/index.php?rest_route=\/wp\/v2\/media\/736"}],"wp:attachment":[{"href":"https:\/\/www.happysunday.eu\/index.php?rest_route=%2Fwp%2Fv2%2Fmedia&parent=740"}],"wp:term":[{"taxonomy":"product_brand","embeddable":true,"href":"https:\/\/www.happysunday.eu\/index.php?rest_route=%2Fwp%2Fv2%2Fproduct_brand&post=740"},{"taxonomy":"product_cat","embeddable":true,"href":"https:\/\/www.happysunday.eu\/index.php?rest_route=%2Fwp%2Fv2%2Fproduct_cat&post=740"},{"taxonomy":"product_tag","embeddable":true,"href":"https:\/\/www.happysunday.eu\/index.php?rest_route=%2Fwp%2Fv2%2Fproduct_tag&post=740"}],"curies":[{"name":"wp","href":"https:\/\/api.w.org\/{rel}","templated":true}]}}