{"id":7454,"date":"2025-04-08T11:19:19","date_gmt":"2025-04-08T11:19:19","guid":{"rendered":"https:\/\/www.happysunday.eu\/?post_type=product&#038;p=7454"},"modified":"2026-04-07T07:07:10","modified_gmt":"2026-04-07T07:07:10","slug":"sejas-attirosa-putas-150ml","status":"publish","type":"product","link":"https:\/\/www.happysunday.eu\/?product=sejas-attirosa-putas-150ml","title":{"rendered":"SEJAS ATT\u012aRO\u0160\u0100 PUTAS 150ML"},"content":{"rendered":"<div id=\"product-title\">\n<p class=\"p1\"><span class=\"s1\">SEJAS ATT\u012aRO\u0160\u0100 PUTAS<\/span><\/p>\n<p class=\"p1\"><span class=\"s1\">T\u012bra un starojo\u0161a \u0101da ik dienu!<\/span><\/p>\n<p class=\"p1\"><span class=\"s2\">Remover All Instant Cleanser ir maigas sejas att\u012bro\u0161\u0101s putas, kas efekt\u012bvi no\u0146em net\u012brumus, lieko sebumu un dekorat\u012bvo kosm\u0113tiku, atst\u0101jot \u0101du maigu, gludu un starojo\u0161u.<\/span><\/p>\n<p class=\"p1\"><span class=\"s1\">Tavs ikdienas skaistuma ritu\u0101ls:<\/span><\/p>\n<p class=\"p3\"><span class=\"s2\">\u2022 Viegl\u0101 \u201cm\u0101ko\u0146u\u201d tekst\u016bra maigi att\u012bra un vienlaikus dzi\u013ci mitrina \u0101du<\/span><\/p>\n<p class=\"p3\"><span class=\"s2\">\u2022 Nomierino\u0161s sast\u0101vs ar alveju, kli\u0146\u0123er\u012bti un betainu pal\u012bdz mazin\u0101t aps\u0101rtumu<\/span><\/p>\n<p class=\"p3\"><span class=\"s2\">\u2022 Inovat\u012bv\u0101 <\/span><span class=\"s1\">Gold Filter<\/span><span class=\"s2\"> tehnolo\u0123ija pie\u0161\u0137ir sejai svaigu un vienm\u0113r\u012bgu izskatu, izl\u012bdzina \u0101das tekst\u016bru un uzreiz padara to glud\u0101ku<\/span><\/p>\n<p class=\"p1\"><span class=\"s1\">Ide\u0101li piem\u0113rots ar\u012b jut\u012bgai \u0101dai<\/span><span class=\"s2\"> \u2014 lieto katru r\u012btu un vakaru, lai baud\u012btu t\u012br\u012bbas un komforta saj\u016btu p\u0113c katras lieto\u0161anas reizes.<\/span><\/p>\n<p class=\"p1\"><span class=\"s1\">\u0160is att\u012br\u012bt\u0101js ir MUST-HAVE Tav\u0101 vannasistab\u0101!<\/span><\/p>\n<p class=\"p1\"><span class=\"s2\">Tava \u0101da b\u016bs pateic\u012bga par maigumu, mitrin\u0101\u0161anu un dabisku mirdzumu!<\/span><\/p>\n<\/div>\n","protected":false},"excerpt":{"rendered":"<p>SEJAS ATT\u012aRO\u0160\u0100 PUTAS T\u012bra un starojo\u0161a \u0101da ik dienu! Remover All Instant Cleanser ir maigas sejas att\u012bro\u0161\u0101s putas, kas efekt\u012bvi no\u0146em net\u012brumus, lieko sebumu un dekorat\u012bvo kosm\u0113tiku, atst\u0101jot \u0101du maigu, gludu un starojo\u0161u. Tavs ikdienas skaistuma ritu\u0101ls: \u2022 Viegl\u0101 \u201cm\u0101ko\u0146u\u201d tekst\u016bra maigi att\u012bra un vienlaikus dzi\u013ci mitrina \u0101du \u2022 Nomierino\u0161s sast\u0101vs ar alveju, kli\u0146\u0123er\u012bti un betainu pal\u012bdz mazin\u0101t aps\u0101rtumu \u2022 Inovat\u012bv\u0101 Gold Filter tehnolo\u0123ija pie\u0161\u0137ir sejai svaigu un vienm\u0113r\u012bgu izskatu, izl\u012bdzina \u0101das tekst\u016bru un uzreiz padara to glud\u0101ku Ide\u0101li piem\u0113rots ar\u012b jut\u012bgai \u0101dai \u2014 lieto katru r\u012btu un vakaru, lai&hellip;<\/p>\n","protected":false},"featured_media":7455,"template":"","meta":[],"product_brand":[],"product_cat":[33,63,58,83],"product_tag":[],"class_list":{"0":"post-7454","1":"product","2":"type-product","3":"status-publish","4":"has-post-thumbnail","6":"product_cat-uncategorized","7":"product_cat-kosmetologija","8":"product_cat-super-sale","9":"product_cat-that-so","11":"first","12":"instock","13":"featured","14":"shipping-taxable","15":"purchasable","16":"product-type-simple"},"_links":{"self":[{"href":"https:\/\/www.happysunday.eu\/index.php?rest_route=\/wp\/v2\/product\/7454","targetHints":{"allow":["GET"]}}],"collection":[{"href":"https:\/\/www.happysunday.eu\/index.php?rest_route=\/wp\/v2\/product"}],"about":[{"href":"https:\/\/www.happysunday.eu\/index.php?rest_route=\/wp\/v2\/types\/product"}],"wp:featuredmedia":[{"embeddable":true,"href":"https:\/\/www.happysunday.eu\/index.php?rest_route=\/wp\/v2\/media\/7455"}],"wp:attachment":[{"href":"https:\/\/www.happysunday.eu\/index.php?rest_route=%2Fwp%2Fv2%2Fmedia&parent=7454"}],"wp:term":[{"taxonomy":"product_brand","embeddable":true,"href":"https:\/\/www.happysunday.eu\/index.php?rest_route=%2Fwp%2Fv2%2Fproduct_brand&post=7454"},{"taxonomy":"product_cat","embeddable":true,"href":"https:\/\/www.happysunday.eu\/index.php?rest_route=%2Fwp%2Fv2%2Fproduct_cat&post=7454"},{"taxonomy":"product_tag","embeddable":true,"href":"https:\/\/www.happysunday.eu\/index.php?rest_route=%2Fwp%2Fv2%2Fproduct_tag&post=7454"}],"curies":[{"name":"wp","href":"https:\/\/api.w.org\/{rel}","templated":true}]}}