{"id":765,"date":"2021-01-21T14:01:09","date_gmt":"2021-01-21T14:01:09","guid":{"rendered":"https:\/\/www.happysunday.eu\/?post_type=product&#038;p=765"},"modified":"2026-04-07T06:53:34","modified_gmt":"2026-04-07T06:53:34","slug":"intensive-antiage-cream-500ml","status":"publish","type":"product","link":"https:\/\/www.happysunday.eu\/?product=intensive-antiage-cream-500ml","title":{"rendered":"SEJAS INTENS\u012aVS PRETNOVECO\u0160AN\u0100S KR\u0112MS 500ml"},"content":{"rendered":"<p>Intens\u012bvs kr\u0113ms ar noveco\u0161anos ar bi\u0161u ma\u0161u peru pieni\u0146a ekstraktu<br \/>\nPretnoveco\u0161an\u0101s kr\u0113ms sausai, dehidr\u0113tai un \u0101das tonusa zaud\u0113\u0161anai. Pateicoties bi\u0161u ma\u0161u pieni\u0146a ekstraktam, tam ir barojo\u0161as, mitrino\u0161as un balino\u0161as \u012bpa\u0161\u012bbas. Peru pieni\u0146\u0161 sast\u0101vs ir \u013coti l\u012bdz\u012bgs cilv\u0113ka serumam: tas satur album\u012bnus un globul\u012bnus, satur daudz B vitam\u012bnu, k\u0101 ar\u012b vitam\u012bnus A, C, D, E, PP, tauksk\u0101bes. Peru pieni\u0146\u0101 ir ar\u012b viela germicid\u012bns, kas kav\u0113 bakt\u0113riju att\u012bst\u012bbu.<br \/>\nLieto\u0161ana: uzkl\u0101t nelielu daudzumu kr\u0113ma ar kust\u012bbu kust\u012bb\u0101m, l\u012bdz tas piln\u012bb\u0101 uzs\u016bcas.<br \/>\nAkt\u012bv\u0101s sast\u0101vda\u013cas: \u016adens, mande\u013cu e\u013c\u013ca, \u0160\u012b sviests, peru pieni\u0146a ekstrakts, avokado e\u013c\u013ca, licet\u012bns, tokoferols, askorbila palmit\u0101ts, glicer\u012bns.<\/p>\n","protected":false},"excerpt":{"rendered":"<p>Intens\u012bvs kr\u0113ms ar noveco\u0161anos ar bi\u0161u ma\u0161u peru pieni\u0146a ekstraktu Pretnoveco\u0161an\u0101s kr\u0113ms sausai, dehidr\u0113tai un \u0101das tonusa zaud\u0113\u0161anai. Pateicoties bi\u0161u ma\u0161u pieni\u0146a ekstraktam, tam ir barojo\u0161as, mitrino\u0161as un balino\u0161as \u012bpa\u0161\u012bbas. Peru pieni\u0146\u0161 sast\u0101vs ir \u013coti l\u012bdz\u012bgs cilv\u0113ka serumam: tas satur album\u012bnus un globul\u012bnus, satur daudz B vitam\u012bnu, k\u0101 ar\u012b vitam\u012bnus A, C, D, E, PP, tauksk\u0101bes. Peru pieni\u0146\u0101 ir ar\u012b viela germicid\u012bns, kas kav\u0113 bakt\u0113riju att\u012bst\u012bbu. Lieto\u0161ana: uzkl\u0101t nelielu daudzumu kr\u0113ma ar kust\u012bbu kust\u012bb\u0101m, l\u012bdz tas piln\u012bb\u0101 uzs\u016bcas. Akt\u012bv\u0101s sast\u0101vda\u013cas: \u016adens, mande\u013cu e\u013c\u013ca, \u0160\u012b sviests, peru pieni\u0146a ekstrakts, avokado e\u013c\u013ca,&hellip;<\/p>\n","protected":false},"featured_media":745,"template":"","meta":[],"product_brand":[],"product_cat":[63],"product_tag":[],"class_list":{"0":"post-765","1":"product","2":"type-product","3":"status-publish","4":"has-post-thumbnail","6":"product_cat-kosmetologija","8":"first","9":"instock","10":"shipping-taxable","11":"purchasable","12":"product-type-simple"},"_links":{"self":[{"href":"https:\/\/www.happysunday.eu\/index.php?rest_route=\/wp\/v2\/product\/765","targetHints":{"allow":["GET"]}}],"collection":[{"href":"https:\/\/www.happysunday.eu\/index.php?rest_route=\/wp\/v2\/product"}],"about":[{"href":"https:\/\/www.happysunday.eu\/index.php?rest_route=\/wp\/v2\/types\/product"}],"wp:featuredmedia":[{"embeddable":true,"href":"https:\/\/www.happysunday.eu\/index.php?rest_route=\/wp\/v2\/media\/745"}],"wp:attachment":[{"href":"https:\/\/www.happysunday.eu\/index.php?rest_route=%2Fwp%2Fv2%2Fmedia&parent=765"}],"wp:term":[{"taxonomy":"product_brand","embeddable":true,"href":"https:\/\/www.happysunday.eu\/index.php?rest_route=%2Fwp%2Fv2%2Fproduct_brand&post=765"},{"taxonomy":"product_cat","embeddable":true,"href":"https:\/\/www.happysunday.eu\/index.php?rest_route=%2Fwp%2Fv2%2Fproduct_cat&post=765"},{"taxonomy":"product_tag","embeddable":true,"href":"https:\/\/www.happysunday.eu\/index.php?rest_route=%2Fwp%2Fv2%2Fproduct_tag&post=765"}],"curies":[{"name":"wp","href":"https:\/\/api.w.org\/{rel}","templated":true}]}}