{"id":768,"date":"2021-01-21T14:12:13","date_gmt":"2021-01-21T14:12:13","guid":{"rendered":"https:\/\/www.happysunday.eu\/?post_type=product&#038;p=768"},"modified":"2026-04-07T06:53:34","modified_gmt":"2026-04-07T06:53:34","slug":"antiage-creamy-mask-500ml","status":"publish","type":"product","link":"https:\/\/www.happysunday.eu\/?product=antiage-creamy-mask-500ml","title":{"rendered":"PRETNOVECO\u0160AN\u0100S SEJAS MASKA 500ml"},"content":{"rendered":"<div id=\"product-title\">\n<h3><span class=\"s1\">Antiage Creamy Mask <\/span><span class=\"s1\">maiga un barojo\u0161a sejas maska ar hialuronsk\u0101bi un E vitam\u012bnu.\u00a0<\/span><\/h3>\n<p class=\"p1\"><span class=\"s1\">\u0160\u012b maiga un kr\u0113mveida maska ir \u012bpa\u0161i rad\u012bta, lai uzlabotu \u0101das elast\u012bbu un nov\u0113rstu noveco\u0161an\u0101s paz\u012bmes. Formula, bag\u0101tin\u0101ta ar hialuronsk\u0101bi un E vitam\u012bnu, nodro\u0161ina intens\u012bvu kop\u0161anu nobriedu\u0161ai, noguru\u0161ai vai dr\u016bmai \u0101dai, pal\u012bdz atjaunot toni un mazina smalk\u0101s l\u012bnijas un noguruma paz\u012bmes.<\/span><\/p>\n<\/div>\n<p class=\"p1\"><span class=\"s1\">Sejas maska paredz\u0113ta nobriedu\u0161as \u0101das kop\u0161anai. \u012apa\u0161i ieteicama, ja \u0101da izskat\u0101s nogurusi, zaud\u0113jusi mirdzumu vai \u0161\u0137iet toni-netur\u0113jo\u0161a.<span class=\"Apple-converted-space\">\u00a0 <\/span><\/span><\/p>\n<h4><span class=\"s1\">Sast\u0101vda\u013cas un to \u012bpa\u0161\u012bbas:<\/span><\/h4>\n<ul>\n<li>\n<p class=\"p1\"><span class=\"s1\">Hialuronsk\u0101be<\/span><span class=\"s2\"> \u2013 pal\u012bdz saglab\u0101t mitrumu, atjauno \u0101das toni un elast\u012bbu.<span class=\"Apple-converted-space\">\u00a0 <\/span><\/span><\/p>\n<\/li>\n<li>\n<p class=\"p1\"><span class=\"s1\">E vitam\u012bns (Tokoferola acet\u0101ts)<\/span><span class=\"s2\"> \u2013 sp\u0113c\u012bgs antioksidants, aizsarg\u0101 \u0101du no vides stressoriem.<span class=\"Apple-converted-space\">\u00a0 <\/span><\/span><\/p>\n<\/li>\n<li>\n<p class=\"p1\"><span class=\"s1\">Mandeles e\u013c\u013ca<\/span><span class=\"s2\"> \u2013 auksti spiest\u0101, bag\u0101ta ar linolsk\u0101bi un D vitam\u012bnu; uztur \u0101das elast\u012bbu.<span class=\"Apple-converted-space\">\u00a0 <\/span><\/span><\/p>\n<\/li>\n<li>\n<p class=\"p1\"><span class=\"s1\">Avokado e\u013c\u013ca<\/span><span class=\"s2\"> \u2013 nomierino\u0161a un barojo\u0161a, dzi\u013ci uztur \u0101du.<span class=\"Apple-converted-space\">\u00a0 <\/span><\/span><\/p>\n<\/li>\n<li>\n<p class=\"p1\"><span class=\"s1\">Cinks oks\u012bds<\/span><span class=\"s2\"> \u2013 pal\u012bdz aizsarg\u0101t \u0101du, atstaro gaismu un veicina vienm\u0113r\u012bg\u0101ku toni.<span class=\"Apple-converted-space\">\u00a0 <\/span><\/span><\/p>\n<\/li>\n<\/ul>\n<p>&nbsp;<\/p>\n<h4><span class=\"s1\">Lieto\u0161ana:<\/span><\/h4>\n<ol start=\"1\">\n<li>\n<p class=\"p1\"><span class=\"s1\">Att\u012bri seju ar piem\u0113rotu l\u012bdzekli.<\/span><\/p>\n<\/li>\n<li>\n<p class=\"p1\"><span class=\"s1\">Uzkl\u0101j masku vienm\u0113r\u012bg\u0101 k\u0101rt\u0101 pa visu seju, izvairoties no acu zonas.<\/span><\/p>\n<\/li>\n<li>\n<p class=\"p1\"><span class=\"s1\">Atst\u0101j uz 10 min\u016bt\u0113m, p\u0113c tam noskalo ar siltu \u016bdeni.\u00a0<\/span><\/p>\n<\/li>\n<\/ol>\n<p>Ra\u017eots It\u0101lij\u0101<\/p>\n<p>&nbsp;<\/p>\n<div id=\"product-title\">\n<h3><\/h3>\n<\/div>\n","protected":false},"excerpt":{"rendered":"<p>Antiage Creamy Mask maiga un barojo\u0161a sejas maska ar hialuronsk\u0101bi un E vitam\u012bnu.\u00a0 \u0160\u012b maiga un kr\u0113mveida maska ir \u012bpa\u0161i rad\u012bta, lai uzlabotu \u0101das elast\u012bbu un nov\u0113rstu noveco\u0161an\u0101s paz\u012bmes. Formula, bag\u0101tin\u0101ta ar hialuronsk\u0101bi un E vitam\u012bnu, nodro\u0161ina intens\u012bvu kop\u0161anu nobriedu\u0161ai, noguru\u0161ai vai dr\u016bmai \u0101dai, pal\u012bdz atjaunot toni un mazina smalk\u0101s l\u012bnijas un noguruma paz\u012bmes. Sejas maska paredz\u0113ta nobriedu\u0161as \u0101das kop\u0161anai. \u012apa\u0161i ieteicama, ja \u0101da izskat\u0101s nogurusi, zaud\u0113jusi mirdzumu vai \u0161\u0137iet toni-netur\u0113jo\u0161a.\u00a0 Sast\u0101vda\u013cas un to \u012bpa\u0161\u012bbas: Hialuronsk\u0101be \u2013 pal\u012bdz saglab\u0101t mitrumu, atjauno \u0101das toni un elast\u012bbu.\u00a0 E vitam\u012bns (Tokoferola acet\u0101ts) \u2013&hellip;<\/p>\n","protected":false},"featured_media":755,"template":"","meta":[],"product_brand":[],"product_cat":[63],"product_tag":[],"class_list":{"0":"post-768","1":"product","2":"type-product","3":"status-publish","4":"has-post-thumbnail","6":"product_cat-kosmetologija","8":"first","9":"instock","10":"shipping-taxable","11":"purchasable","12":"product-type-simple"},"_links":{"self":[{"href":"https:\/\/www.happysunday.eu\/index.php?rest_route=\/wp\/v2\/product\/768","targetHints":{"allow":["GET"]}}],"collection":[{"href":"https:\/\/www.happysunday.eu\/index.php?rest_route=\/wp\/v2\/product"}],"about":[{"href":"https:\/\/www.happysunday.eu\/index.php?rest_route=\/wp\/v2\/types\/product"}],"wp:featuredmedia":[{"embeddable":true,"href":"https:\/\/www.happysunday.eu\/index.php?rest_route=\/wp\/v2\/media\/755"}],"wp:attachment":[{"href":"https:\/\/www.happysunday.eu\/index.php?rest_route=%2Fwp%2Fv2%2Fmedia&parent=768"}],"wp:term":[{"taxonomy":"product_brand","embeddable":true,"href":"https:\/\/www.happysunday.eu\/index.php?rest_route=%2Fwp%2Fv2%2Fproduct_brand&post=768"},{"taxonomy":"product_cat","embeddable":true,"href":"https:\/\/www.happysunday.eu\/index.php?rest_route=%2Fwp%2Fv2%2Fproduct_cat&post=768"},{"taxonomy":"product_tag","embeddable":true,"href":"https:\/\/www.happysunday.eu\/index.php?rest_route=%2Fwp%2Fv2%2Fproduct_tag&post=768"}],"curies":[{"name":"wp","href":"https:\/\/api.w.org\/{rel}","templated":true}]}}