{"id":7684,"date":"2025-04-30T12:27:51","date_gmt":"2025-04-30T12:27:51","guid":{"rendered":"https:\/\/www.happysunday.eu\/?post_type=product&#038;p=7684"},"modified":"2026-04-07T07:07:43","modified_gmt":"2026-04-07T07:07:43","slug":"orchid-oil-sun-sampuns-ar-uva-uvb-aizsardzibu-250ml","status":"publish","type":"product","link":"https:\/\/www.happysunday.eu\/?product=orchid-oil-sun-sampuns-ar-uva-uvb-aizsardzibu-250ml","title":{"rendered":"ORCHID OIL SUN \u0160AMP\u016aNS ar UVA\/UVB AIZSARDZ\u012aBU 250ML"},"content":{"rendered":"<p class=\"p2\"><span class=\"s2\">Kleral System Orchid Sun \u0161amp\u016bns<\/span><\/p>\n<p class=\"p2\"><span class=\"s3\">Maigs \u0161amp\u016bns ar orhideju ekstraktu, \u012bpa\u0161i izstr\u0101d\u0101ts matu kop\u0161anai p\u0113c saules iedarb\u012bbas. Tas efekt\u012bvi att\u012bra matus un galvas \u0101du, vienlaikus atjaunojot mitruma l\u012bmeni un nodro\u0161inot aizsardz\u012bbu pret UV boj\u0101jumiem. Piem\u0113rots visiem matu tipiem, \u012bpa\u0161i p\u0113c sau\u013co\u0161an\u0101s, peld\u0113\u0161an\u0101s s\u0101ls\u016bden\u012b vai basein\u0101.<\/span><\/p>\n<p class=\"p2\"><span class=\"s2\">Galven\u0101s \u012bpa\u0161\u012bbas:<\/span><\/p>\n<p class=\"p1\">\n<ul>\n<li>\n<p class=\"p1\"><span class=\"s1\">Bag\u0101tin\u0101ts ar orhideju ekstraktu<\/span><\/p>\n<\/li>\n<li>\n<p class=\"p1\"><span class=\"s1\">Mitrina un atjauno matus<\/span><\/p>\n<\/li>\n<li>\n<p class=\"p1\"><span class=\"s1\">Aizsarg\u0101 pret saules iedarb\u012bbas rad\u012btiem boj\u0101jumiem<\/span><\/p>\n<\/li>\n<li>\n<p class=\"p1\"><span class=\"s1\">Piem\u0113rots ikdienas lieto\u0161anai vasaras sezon\u0101<\/span><\/p>\n<\/li>\n<\/ul>\n<p>&nbsp;<\/p>\n<p class=\"p2\"><span class=\"s3\">Lai j\u016bsu mati b\u016btu vesel\u012bgi, m\u012bksti un sp\u012bd\u012bgi \u2013 ar\u012b p\u0113c saulainas dienas!<\/span><\/p>\n<p>RA\u017dOTS IT\u0100LIJ\u0100<\/p>\n<p>&nbsp;<\/p>\n","protected":false},"excerpt":{"rendered":"<p>Kleral System Orchid Sun \u0161amp\u016bns Maigs \u0161amp\u016bns ar orhideju ekstraktu, \u012bpa\u0161i izstr\u0101d\u0101ts matu kop\u0161anai p\u0113c saules iedarb\u012bbas. Tas efekt\u012bvi att\u012bra matus un galvas \u0101du, vienlaikus atjaunojot mitruma l\u012bmeni un nodro\u0161inot aizsardz\u012bbu pret UV boj\u0101jumiem. Piem\u0113rots visiem matu tipiem, \u012bpa\u0161i p\u0113c sau\u013co\u0161an\u0101s, peld\u0113\u0161an\u0101s s\u0101ls\u016bden\u012b vai basein\u0101. Galven\u0101s \u012bpa\u0161\u012bbas: Bag\u0101tin\u0101ts ar orhideju ekstraktu Mitrina un atjauno matus Aizsarg\u0101 pret saules iedarb\u012bbas rad\u012btiem boj\u0101jumiem Piem\u0113rots ikdienas lieto\u0161anai vasaras sezon\u0101 &nbsp; Lai j\u016bsu mati b\u016btu vesel\u012bgi, m\u012bksti un sp\u012bd\u012bgi \u2013 ar\u012b p\u0113c saulainas dienas! RA\u017dOTS IT\u0100LIJ\u0100 &nbsp;<\/p>\n","protected":false},"featured_media":7685,"template":"","meta":[],"product_brand":[],"product_cat":[33,69,58],"product_tag":[],"class_list":{"0":"post-7684","1":"product","2":"type-product","3":"status-publish","4":"has-post-thumbnail","6":"product_cat-uncategorized","7":"product_cat-matu-kopsana-2","8":"product_cat-super-sale","10":"first","11":"instock","12":"shipping-taxable","13":"purchasable","14":"product-type-simple"},"_links":{"self":[{"href":"https:\/\/www.happysunday.eu\/index.php?rest_route=\/wp\/v2\/product\/7684","targetHints":{"allow":["GET"]}}],"collection":[{"href":"https:\/\/www.happysunday.eu\/index.php?rest_route=\/wp\/v2\/product"}],"about":[{"href":"https:\/\/www.happysunday.eu\/index.php?rest_route=\/wp\/v2\/types\/product"}],"wp:featuredmedia":[{"embeddable":true,"href":"https:\/\/www.happysunday.eu\/index.php?rest_route=\/wp\/v2\/media\/7685"}],"wp:attachment":[{"href":"https:\/\/www.happysunday.eu\/index.php?rest_route=%2Fwp%2Fv2%2Fmedia&parent=7684"}],"wp:term":[{"taxonomy":"product_brand","embeddable":true,"href":"https:\/\/www.happysunday.eu\/index.php?rest_route=%2Fwp%2Fv2%2Fproduct_brand&post=7684"},{"taxonomy":"product_cat","embeddable":true,"href":"https:\/\/www.happysunday.eu\/index.php?rest_route=%2Fwp%2Fv2%2Fproduct_cat&post=7684"},{"taxonomy":"product_tag","embeddable":true,"href":"https:\/\/www.happysunday.eu\/index.php?rest_route=%2Fwp%2Fv2%2Fproduct_tag&post=7684"}],"curies":[{"name":"wp","href":"https:\/\/api.w.org\/{rel}","templated":true}]}}