{"id":7944,"date":"2026-05-04T07:34:26","date_gmt":"2026-05-04T07:34:26","guid":{"rendered":"https:\/\/www.happysunday.eu\/?post_type=product&#038;p=7944"},"modified":"2026-05-05T07:26:37","modified_gmt":"2026-05-05T07:26:37","slug":"double-dark-black-chocolate-mochaccino-400x-400ml","status":"publish","type":"product","link":"https:\/\/www.happysunday.eu\/?product=double-dark-black-chocolate-mochaccino-400x-400ml","title":{"rendered":"Double Dark Black Chocolate Mochaccino 400x 400ml"},"content":{"rendered":"<div id=\"product-title\">\n<p class=\"p1\"><strong><span class=\"s1\">Double Dark Black Chocolate Mochaccino 400X \u2013 Sau\u013co\u0161an\u0101s kr\u0113ms ar 400X bronzeri, 400 ml<\/span><\/strong><\/p>\n<p class=\"p1\"><span class=\"s2\">Izbaudi greznu iedegumu ar <\/span><span class=\"s1\">Double Dark Black Chocolate Mochaccino 400X<\/span><span class=\"s2\"> \u2013 augst\u0101k\u0101s kvalit\u0101tes sau\u013co\u0161an\u0101s kr\u0113mu, kas apvieno intens\u012bvu bronz\u0113jo\u0161u efektu ar bag\u0101t\u012bgu \u0101das kop\u0161anu.<\/span><\/p>\n<p class=\"p1\"><strong><span class=\"s1\">Galven\u0101s \u012bpa\u0161\u012bbas:<\/span><\/strong><\/p>\n<ul>\n<li>\n<p class=\"p1\"><span class=\"s1\">400X bronz\u0113jo\u0161ais komplekss<\/span><span class=\"s2\"> nodro\u0161ina dzi\u013cu, tum\u0161u iedegumu.<\/span><\/p>\n<\/li>\n<li>\n<p class=\"p1\"><span class=\"s1\">Color Espresso\u2122<\/span><span class=\"s2\"> \u2013 tum\u0161\u0101 karameles un viegl\u0101 DHA kombin\u0101cija paaugstina iedeguma intensit\u0101ti.<\/span><\/p>\n<\/li>\n<li>\n<p class=\"p1\"><span class=\"s1\">Kofe\u012bns un kafijas ogu ekstrakts<\/span><span class=\"s2\"> toniz\u0113 \u0101du, pie\u0161\u0137irot tai jaunekl\u012bgu mirdzumu.<\/span><\/p>\n<\/li>\n<li>\n<p class=\"p1\"><span class=\"s1\">Maksim\u0101lais silikona un sald\u0101s kr\u0113juma mais\u012bjums<\/span><span class=\"s2\"> nodro\u0161ina z\u012bdainu un gludu \u0101das saj\u016btu.<\/span><\/p>\n<\/li>\n<li>\n<p class=\"p1\"><span class=\"s1\">Arom\u0101ts<\/span><span class=\"s2\">: Kafijas ogas un kr\u0113jums.<\/span><\/p>\n<\/li>\n<li>\n<p class=\"p1\"><span class=\"s1\">Clean Beauty<\/span><span class=\"s2\">: Veg\u0101nisks, bez glut\u0113na, parab\u0113niem un sulf\u0101tiem; nav test\u0113ts uz dz\u012bvniekiem. <\/span><\/p>\n<\/li>\n<\/ul>\n<p>&nbsp;<\/p>\n<p class=\"p1\"><span class=\"s2\">\u0160is kr\u0113ms ir piem\u0113rots vid\u0113jiem un pieredz\u0113ju\u0161iem sau\u013cot\u0101jiem, kas v\u0113las ieg\u016bt notur\u012bgu, dzi\u013cu iedegumu, vienlaikus r\u016bp\u0113joties par \u0101das vesel\u012bbu un izskatu.<\/span><\/p>\n<\/div>\n","protected":false},"excerpt":{"rendered":"<p>Double Dark Black Chocolate Mochaccino 400X \u2013 Sau\u013co\u0161an\u0101s kr\u0113ms ar 400X bronzeri, 400 ml Izbaudi greznu iedegumu ar Double Dark Black Chocolate Mochaccino 400X \u2013 augst\u0101k\u0101s kvalit\u0101tes sau\u013co\u0161an\u0101s kr\u0113mu, kas apvieno intens\u012bvu bronz\u0113jo\u0161u efektu ar bag\u0101t\u012bgu \u0101das kop\u0161anu. Galven\u0101s \u012bpa\u0161\u012bbas: 400X bronz\u0113jo\u0161ais komplekss nodro\u0161ina dzi\u013cu, tum\u0161u iedegumu. Color Espresso\u2122 \u2013 tum\u0161\u0101 karameles un viegl\u0101 DHA kombin\u0101cija paaugstina iedeguma intensit\u0101ti. Kofe\u012bns un kafijas ogu ekstrakts toniz\u0113 \u0101du, pie\u0161\u0137irot tai jaunekl\u012bgu mirdzumu. Maksim\u0101lais silikona un sald\u0101s kr\u0113juma mais\u012bjums nodro\u0161ina z\u012bdainu un gludu \u0101das saj\u016btu. Arom\u0101ts: Kafijas ogas un kr\u0113jums. Clean Beauty: Veg\u0101nisks,&hellip;<\/p>\n","protected":false},"featured_media":7945,"template":"","meta":[],"product_brand":[],"product_cat":[34],"product_tag":[],"class_list":{"0":"post-7944","1":"product","2":"type-product","3":"status-publish","4":"has-post-thumbnail","6":"product_cat-kosmetika","8":"first","9":"outofstock","10":"shipping-taxable","11":"purchasable","12":"product-type-simple"},"_links":{"self":[{"href":"https:\/\/www.happysunday.eu\/index.php?rest_route=\/wp\/v2\/product\/7944","targetHints":{"allow":["GET"]}}],"collection":[{"href":"https:\/\/www.happysunday.eu\/index.php?rest_route=\/wp\/v2\/product"}],"about":[{"href":"https:\/\/www.happysunday.eu\/index.php?rest_route=\/wp\/v2\/types\/product"}],"wp:featuredmedia":[{"embeddable":true,"href":"https:\/\/www.happysunday.eu\/index.php?rest_route=\/wp\/v2\/media\/7945"}],"wp:attachment":[{"href":"https:\/\/www.happysunday.eu\/index.php?rest_route=%2Fwp%2Fv2%2Fmedia&parent=7944"}],"wp:term":[{"taxonomy":"product_brand","embeddable":true,"href":"https:\/\/www.happysunday.eu\/index.php?rest_route=%2Fwp%2Fv2%2Fproduct_brand&post=7944"},{"taxonomy":"product_cat","embeddable":true,"href":"https:\/\/www.happysunday.eu\/index.php?rest_route=%2Fwp%2Fv2%2Fproduct_cat&post=7944"},{"taxonomy":"product_tag","embeddable":true,"href":"https:\/\/www.happysunday.eu\/index.php?rest_route=%2Fwp%2Fv2%2Fproduct_tag&post=7944"}],"curies":[{"name":"wp","href":"https:\/\/api.w.org\/{rel}","templated":true}]}}