{"id":8012,"date":"2025-05-27T07:46:11","date_gmt":"2025-05-27T07:46:11","guid":{"rendered":"https:\/\/www.happysunday.eu\/?post_type=product&#038;p=8012"},"modified":"2026-04-07T07:07:41","modified_gmt":"2026-04-07T07:07:41","slug":"intensivs-anticelulita-gels-ar-termo-efektu-200ml","status":"publish","type":"product","link":"https:\/\/www.happysunday.eu\/?product=intensivs-anticelulita-gels-ar-termo-efektu-200ml","title":{"rendered":"INTENS\u012aVS ANTICELUL\u012aTA GELS AR TERMO EFEKTU 200ML"},"content":{"rendered":"<div id=\"product-title\">\n<h3><span class=\"s1\">INTENSIVE CRACKLING GEL <\/span><\/h3>\n<p class=\"p1\"><span class=\"s1\">Put\u0101s veidots, sprak\u0161\u0137o\u0161s anticelul\u012bta gels<\/span><\/p>\n<p class=\"p1\"><span class=\"s2\">Aizmirsti par ierastajiem anticelul\u012bta l\u012bdzek\u013ciem \u2013 iepaz\u012bsti <\/span><span class=\"s1\">Intensive Crackling Gel<\/span><span class=\"s2\">, inovat\u012bvu un saj\u016btu pilnu spreju-mousse ar sprak\u0161\u0137o\u0161u efektu, kas uzreiz <\/span><span class=\"s1\">aktiviz\u0113 \u0101das mikrocirkul\u0101ciju<\/span><span class=\"s2\"> un <\/span><span class=\"s1\">m\u0113r\u0137tiec\u012bgi c\u012bn\u0101s ar celul\u012btu<\/span><span class=\"s2\">.<\/span><\/p>\n<p class=\"p1\"><span class=\"s2\">\u0160\u012b <\/span><span class=\"s1\">revolucion\u0101r\u0101 tekst\u016bra<\/span><span class=\"s2\"> nodro\u0161ina maigu, dzirdamu \u201cspr\u0113g\u0101\u0161anas\u201d saj\u016btu uz \u0101das, vienlaikus pieg\u0101d\u0101jot dzi\u013ci iedarb\u012bgus akt\u012bvos komponentus, kas pal\u012bdz <\/span><span class=\"s1\">samazin\u0101t celul\u012bta paz\u012bmes<\/span><span class=\"s2\"> un uzlabot \u0101das izskatu jau no pirmaj\u0101m lieto\u0161anas reiz\u0113m.<\/span><\/p>\n<h4><span class=\"s1\">Galven\u0101s priek\u0161roc\u012bbas:<\/span><\/h4>\n<ul>\n<li>\n<p class=\"p1\"><span class=\"s1\">Unik\u0101la tehnolo\u0123ija<\/span><span class=\"s2\"> stimul\u0113 \u0101das mikrocirkul\u0101ciju, uzs\u0101kot intens\u012bvu precelul\u012bta iedarb\u012bbu jau uzkl\u0101\u0161anas br\u012bd\u012b.<\/span><\/p>\n<\/li>\n<li>\n<p class=\"p1\"><span class=\"s1\">Kofe\u012bns un karnit\u012bns<\/span><span class=\"s2\"> \u2013 veicina tauku vielmai\u0146u un uzlabo dren\u0101\u017eas procesus.<\/span><\/p>\n<\/li>\n<li>\n<p class=\"p1\"><span class=\"s1\">Centella Asiatica un b\u0113rza ekstrakts<\/span><span class=\"s2\"> \u2013 stiprina asinsvadus un uzlabo mikrocirkul\u0101ciju, mazinot piet\u016bkumu un \u0101das nel\u012bdzenumu.<\/span><\/p>\n<\/li>\n<li>\n<p class=\"p1\"><span class=\"s1\">Redzams \u0101das izl\u012bdzin\u0101jums un nostiprin\u0101jums<\/span><span class=\"s2\"> \u2013 celul\u012bta skart\u0101s zonas ar laiku k\u013c\u016bst glud\u0101kas, stingr\u0101kas.\u00a0<\/span><\/p>\n<\/li>\n<\/ul>\n<h4><\/h4>\n<p class=\"p1\"><span class=\"s1\">Intensive Crackling Gel<\/span><span class=\"s2\"> ir vair\u0101k nek\u0101 kosm\u0113tikas l\u012bdzeklis \u2013 t\u0101<\/span><span class=\"s1\">\u00a0efekt\u012bva pieredze<\/span><span class=\"s2\">, kas apvieno modernu tehnolo\u0123iju ar izcilu rezult\u0101tu. T\u0101 <\/span><span class=\"s1\">uzmundrino\u0161ais efekts<\/span><span class=\"s2\">, svaigais arom\u0101ts un <\/span><span class=\"s1\">kl\u012bniski pier\u0101d\u012btie komponenti<\/span><span class=\"s2\"> padara to par ide\u0101lu sabiedroto c\u012b\u0146\u0101 ar celul\u012btu un nevienm\u0113r\u012bgu \u0101das strukt\u016bru.<\/span><\/p>\n<\/div>\n","protected":false},"excerpt":{"rendered":"<p>INTENSIVE CRACKLING GEL Put\u0101s veidots, sprak\u0161\u0137o\u0161s anticelul\u012bta gels Aizmirsti par ierastajiem anticelul\u012bta l\u012bdzek\u013ciem \u2013 iepaz\u012bsti Intensive Crackling Gel, inovat\u012bvu un saj\u016btu pilnu spreju-mousse ar sprak\u0161\u0137o\u0161u efektu, kas uzreiz aktiviz\u0113 \u0101das mikrocirkul\u0101ciju un m\u0113r\u0137tiec\u012bgi c\u012bn\u0101s ar celul\u012btu. \u0160\u012b revolucion\u0101r\u0101 tekst\u016bra nodro\u0161ina maigu, dzirdamu \u201cspr\u0113g\u0101\u0161anas\u201d saj\u016btu uz \u0101das, vienlaikus pieg\u0101d\u0101jot dzi\u013ci iedarb\u012bgus akt\u012bvos komponentus, kas pal\u012bdz samazin\u0101t celul\u012bta paz\u012bmes un uzlabot \u0101das izskatu jau no pirmaj\u0101m lieto\u0161anas reiz\u0113m. Galven\u0101s priek\u0161roc\u012bbas: Unik\u0101la tehnolo\u0123ija stimul\u0113 \u0101das mikrocirkul\u0101ciju, uzs\u0101kot intens\u012bvu precelul\u012bta iedarb\u012bbu jau uzkl\u0101\u0161anas br\u012bd\u012b. Kofe\u012bns un karnit\u012bns \u2013 veicina tauku vielmai\u0146u un uzlabo dren\u0101\u017eas&hellip;<\/p>\n","protected":false},"featured_media":8013,"template":"","meta":[],"product_brand":[],"product_cat":[71,33,64,73,83],"product_tag":[],"class_list":{"0":"post-8012","1":"product","2":"type-product","3":"status-publish","4":"has-post-thumbnail","6":"product_cat-davanas","7":"product_cat-uncategorized","8":"product_cat-kermenu-kopsana","9":"product_cat-masaza","10":"product_cat-that-so","12":"first","13":"instock","14":"shipping-taxable","15":"purchasable","16":"product-type-simple"},"_links":{"self":[{"href":"https:\/\/www.happysunday.eu\/index.php?rest_route=\/wp\/v2\/product\/8012","targetHints":{"allow":["GET"]}}],"collection":[{"href":"https:\/\/www.happysunday.eu\/index.php?rest_route=\/wp\/v2\/product"}],"about":[{"href":"https:\/\/www.happysunday.eu\/index.php?rest_route=\/wp\/v2\/types\/product"}],"wp:featuredmedia":[{"embeddable":true,"href":"https:\/\/www.happysunday.eu\/index.php?rest_route=\/wp\/v2\/media\/8013"}],"wp:attachment":[{"href":"https:\/\/www.happysunday.eu\/index.php?rest_route=%2Fwp%2Fv2%2Fmedia&parent=8012"}],"wp:term":[{"taxonomy":"product_brand","embeddable":true,"href":"https:\/\/www.happysunday.eu\/index.php?rest_route=%2Fwp%2Fv2%2Fproduct_brand&post=8012"},{"taxonomy":"product_cat","embeddable":true,"href":"https:\/\/www.happysunday.eu\/index.php?rest_route=%2Fwp%2Fv2%2Fproduct_cat&post=8012"},{"taxonomy":"product_tag","embeddable":true,"href":"https:\/\/www.happysunday.eu\/index.php?rest_route=%2Fwp%2Fv2%2Fproduct_tag&post=8012"}],"curies":[{"name":"wp","href":"https:\/\/api.w.org\/{rel}","templated":true}]}}