{"id":862,"date":"2021-01-23T14:12:30","date_gmt":"2021-01-23T14:12:30","guid":{"rendered":"https:\/\/www.happysunday.eu\/?post_type=product&#038;p=862"},"modified":"2026-04-07T06:54:42","modified_gmt":"2026-04-07T06:54:42","slug":"cleansing-gel-purifying-200ml","status":"publish","type":"product","link":"https:\/\/www.happysunday.eu\/?product=cleansing-gel-purifying-200ml","title":{"rendered":"SEJAS ATT\u012aRO\u0160S GELS KOMBIN\u0112TAI UN TAUKAINAI \u0100DAI 200ml"},"content":{"rendered":"<div id=\"product-title\">\n<p><strong>Cleansing Gel Purifying. <\/strong><\/p>\n<p>Tas att\u012bra, att\u012bra \u0101du no p\u0101rm\u0113r\u012bga sebuma un att\u012bra poras no net\u012brumiem. Ide\u0101li piem\u0113rots ikdienas lieto\u0161anai, tas saglab\u0101 dabisko lip\u012bdu l\u012bdzsvaru \u0101d\u0101 un veic savelko\u0161u un mat\u0113jo\u0161u darb\u012bbu. Tas atst\u0101j \u0101du pat\u012bkami svaigu un att\u012br\u012btu.<br \/>\n96,99% dab\u012bgs<\/p>\n<p>Svaigs g\u0113ls, kas att\u012bra aizs\u0113r\u0113ju\u0161\u0101s poras no net\u012brumiem un uztur dabisko sebuma veido\u0161anos, bez p\u0101rm\u0113r\u012bgiem \u0101das boj\u0101jumiem. \u0122en\u0113tisk\u0101 predispoz\u012bcija, hormon\u0101l\u0101s izmai\u0146as, \u0101das sausums un pies\u0101r\u0146ojums ir tikai da\u017ei iesp\u0113jamie \u0101das virsmas defektu veido\u0161an\u0101s c\u0113lo\u0146i. Lai nov\u0113rstu un nov\u0113rstu melngalvju, plankumu un sp\u012bd\u012bgas T-zonas veido\u0161anos, ieteicams lietot Cleansing Gel Purifying, jo tas nodro\u0161ina \u0101das t\u012br\u012bbu, necaurredzam\u012bbu un svaigumu.<\/p>\n<p>\u0160is g\u0113ls ir izstr\u0101d\u0101ts jebkura vecuma jauktai, taukainai un p\u016bt\u012b\u0161u \u0101dai, kurai nepiecie\u0161ama kosm\u0113tika ar l\u012bdzsvarojo\u0161u, nomierino\u0161u un att\u012bro\u0161u iedarb\u012bbu.<\/p>\n<p>Lieto\u0161ana:<\/p>\n<p>1. Samitriniet seju ar siltu \u016bdeni vai emul\u0123\u0113jiet \u017eeleju ar \u016bdeni plaukst\u0101. Kad g\u0113ls satiekas ar \u016bdeni, tas rada maigas att\u012bro\u0161as putas, kas att\u012bra \u0101du no dekorat\u012bv\u0101s kosm\u0113tikas un net\u012brumiem, att\u012brot poras un nepiln\u012bbas.<br \/>\n2. Uzman\u012bgi iemas\u0113jiet seju un kaklu un r\u016bp\u012bgi noskalojiet.<br \/>\n3. Izvairieties no acu zonas.<\/p>\n<p>4. Uzkl\u0101jiet Rose Tonic Comfort Balancing.<\/p>\n<p>&nbsp;<\/p>\n<p>Funkcion\u0101l\u0101s sast\u0101vda\u013cas:<\/p>\n<p>T\u0112JAS KOKA E\u013b\u013bA: \u0113terisk\u0101 e\u013c\u013ca, kas ieg\u016bta auksti no Austr\u0101lijas auga Melaleuca Alternifolia lap\u0101m un jauniem zariem. Tam ir att\u012bro\u0161as un nomierino\u0161as \u012bpa\u0161\u012bbas, kas iedarbojas uz \u0101das net\u012brumiem un uztur dabisko lip\u012bdu l\u012bdzsvaru.<\/p>\n<p>Dermatolo\u0123iski p\u0101rbaud\u012bts.<\/p>\n<\/div>\n","protected":false},"excerpt":{"rendered":"<p>Cleansing Gel Purifying. Tas att\u012bra, att\u012bra \u0101du no p\u0101rm\u0113r\u012bga sebuma un att\u012bra poras no net\u012brumiem. Ide\u0101li piem\u0113rots ikdienas lieto\u0161anai, tas saglab\u0101 dabisko lip\u012bdu l\u012bdzsvaru \u0101d\u0101 un veic savelko\u0161u un mat\u0113jo\u0161u darb\u012bbu. Tas atst\u0101j \u0101du pat\u012bkami svaigu un att\u012br\u012btu. 96,99% dab\u012bgs Svaigs g\u0113ls, kas att\u012bra aizs\u0113r\u0113ju\u0161\u0101s poras no net\u012brumiem un uztur dabisko sebuma veido\u0161anos, bez p\u0101rm\u0113r\u012bgiem \u0101das boj\u0101jumiem. \u0122en\u0113tisk\u0101 predispoz\u012bcija, hormon\u0101l\u0101s izmai\u0146as, \u0101das sausums un pies\u0101r\u0146ojums ir tikai da\u017ei iesp\u0113jamie \u0101das virsmas defektu veido\u0161an\u0101s c\u0113lo\u0146i. Lai nov\u0113rstu un nov\u0113rstu melngalvju, plankumu un sp\u012bd\u012bgas T-zonas veido\u0161anos, ieteicams lietot Cleansing Gel Purifying, jo&hellip;<\/p>\n","protected":false},"featured_media":854,"template":"","meta":[],"product_brand":[],"product_cat":[63],"product_tag":[],"class_list":{"0":"post-862","1":"product","2":"type-product","3":"status-publish","4":"has-post-thumbnail","6":"product_cat-kosmetologija","8":"first","9":"instock","10":"shipping-taxable","11":"purchasable","12":"product-type-simple"},"_links":{"self":[{"href":"https:\/\/www.happysunday.eu\/index.php?rest_route=\/wp\/v2\/product\/862","targetHints":{"allow":["GET"]}}],"collection":[{"href":"https:\/\/www.happysunday.eu\/index.php?rest_route=\/wp\/v2\/product"}],"about":[{"href":"https:\/\/www.happysunday.eu\/index.php?rest_route=\/wp\/v2\/types\/product"}],"wp:featuredmedia":[{"embeddable":true,"href":"https:\/\/www.happysunday.eu\/index.php?rest_route=\/wp\/v2\/media\/854"}],"wp:attachment":[{"href":"https:\/\/www.happysunday.eu\/index.php?rest_route=%2Fwp%2Fv2%2Fmedia&parent=862"}],"wp:term":[{"taxonomy":"product_brand","embeddable":true,"href":"https:\/\/www.happysunday.eu\/index.php?rest_route=%2Fwp%2Fv2%2Fproduct_brand&post=862"},{"taxonomy":"product_cat","embeddable":true,"href":"https:\/\/www.happysunday.eu\/index.php?rest_route=%2Fwp%2Fv2%2Fproduct_cat&post=862"},{"taxonomy":"product_tag","embeddable":true,"href":"https:\/\/www.happysunday.eu\/index.php?rest_route=%2Fwp%2Fv2%2Fproduct_tag&post=862"}],"curies":[{"name":"wp","href":"https:\/\/api.w.org\/{rel}","templated":true}]}}