{"id":864,"date":"2021-01-23T14:27:14","date_gmt":"2021-01-23T14:27:14","guid":{"rendered":"https:\/\/www.happysunday.eu\/?post_type=product&#038;p=864"},"modified":"2026-04-07T06:54:42","modified_gmt":"2026-04-07T06:54:42","slug":"moisturizing-day-cream-comfort-50ml","status":"publish","type":"product","link":"https:\/\/www.happysunday.eu\/?product=moisturizing-day-cream-comfort-50ml","title":{"rendered":"MITRINO\u0160S DIENAS KR\u0112MS KOMFORTS 50ml"},"content":{"rendered":"<div id=\"product-title\">\n<p><strong>VERDEOASI MOISTURIZING* DAY CREAM COMFORT<\/strong><\/p>\n<p>Tas acumirkl\u012b mitrina \u0101du, sniedzot t\u0101s svaigumu visas dienas garum\u0101. Maiga un viegli ies\u016bcas tekst\u016bra pal\u012bdz grima uzkl\u0101\u0161an\u0101 un nolieto\u0161an\u0101.<br \/>\n72,83% dab\u012bgs<\/p>\n<p>Mitrino\u0161s, viegls un viegli ies\u016bcas kr\u0113ms, kas garant\u0113 ilgsto\u0161u mitrin\u0101\u0161anu; ja to lieto pirms grima uzkl\u0101\u0161anas, tas atvieglo uzkl\u0101\u0161anu un pagarina t\u0101 ilgumu. Ja to lieto katru dienu, tas pie\u0161\u0137ir \u0101dai komfortu, mirdzumu un skaistumu.<\/p>\n<p>Ikdienas mitrin\u0101\u0161ana ir svar\u012bga, lai nov\u0113rstu \u0101das sausumu. Pateicoties vieglai tekst\u016brai, \u0161is kr\u0113ms ir ide\u0101li piem\u0113rots visiem \u0101das tipiem un visiem vecumiem: paredz\u0113ts jaunai \u0101dai, kurai nav nepiecie\u0161ama p\u0101rm\u0113r\u012bga baro\u0161ana, nobriedu\u0161ai \u0101dai, kurai nepat\u012bk bag\u0101t\u012bgas tekst\u016bras un tiem, kas vasaras period\u0101 v\u0113las nomainiet parasto kr\u0113mu pret svaig\u0101ku un viegl\u0101ku.<\/p>\n<p>Funkcion\u0101l\u0101s sast\u0101vda\u013cas:<\/p>\n<p>HIALURONSK\u0100BE: \u0161aj\u0101 sast\u0101v\u0101 var atrast augstas molekulmasas hialuronsk\u0101bi, kas \u013cauj izveidot vienm\u0113r\u012bgu un elast\u012bgu pl\u0113vi uz \u0101das virsmas. Tas nov\u0113r\u0161 \u0101das sausumu, pie\u0161\u0137irot \u0101dai gludumu un kompaktumu.<br \/>\nJ\u016aRAS KOLAG\u0112NS: dabiska j\u016bras izcelsmes sast\u0101vda\u013ca, pateicoties t\u0101s t\u012br\u012bbai, tai ir iev\u0113rojama afinit\u0101te ar cilv\u0113ka kolag\u0113na strukt\u016bru. Tas pie\u0161\u0137ir \u0101dai glud\u0101ku un kupl\u0101ku izskatu.<br \/>\nMARINE ELASTIN: dabiska j\u016bras izcelsmes sast\u0101vda\u013ca, kam rakstur\u012bga zema molekulmasa, kas \u013cauj viegli uzs\u016bkties \u0101d\u0101. Tas ir noder\u012bgi, lai veicin\u0101tu jaun\u0101 elast\u012bna sint\u0113zi un stiprin\u0101tu \u0101das tonusu un elast\u012bbu.<\/p>\n<p>Dermatolo\u0123iski p\u0101rbaud\u012bts.<\/p>\n<\/div>\n","protected":false},"excerpt":{"rendered":"<p>VERDEOASI MOISTURIZING* DAY CREAM COMFORT Tas acumirkl\u012b mitrina \u0101du, sniedzot t\u0101s svaigumu visas dienas garum\u0101. Maiga un viegli ies\u016bcas tekst\u016bra pal\u012bdz grima uzkl\u0101\u0161an\u0101 un nolieto\u0161an\u0101. 72,83% dab\u012bgs Mitrino\u0161s, viegls un viegli ies\u016bcas kr\u0113ms, kas garant\u0113 ilgsto\u0161u mitrin\u0101\u0161anu; ja to lieto pirms grima uzkl\u0101\u0161anas, tas atvieglo uzkl\u0101\u0161anu un pagarina t\u0101 ilgumu. Ja to lieto katru dienu, tas pie\u0161\u0137ir \u0101dai komfortu, mirdzumu un skaistumu. Ikdienas mitrin\u0101\u0161ana ir svar\u012bga, lai nov\u0113rstu \u0101das sausumu. Pateicoties vieglai tekst\u016brai, \u0161is kr\u0113ms ir ide\u0101li piem\u0113rots visiem \u0101das tipiem un visiem vecumiem: paredz\u0113ts jaunai \u0101dai, kurai nav nepiecie\u0161ama&hellip;<\/p>\n","protected":false},"featured_media":852,"template":"","meta":[],"product_brand":[],"product_cat":[63],"product_tag":[],"class_list":{"0":"post-864","1":"product","2":"type-product","3":"status-publish","4":"has-post-thumbnail","6":"product_cat-kosmetologija","8":"first","9":"instock","10":"shipping-taxable","11":"purchasable","12":"product-type-simple"},"_links":{"self":[{"href":"https:\/\/www.happysunday.eu\/index.php?rest_route=\/wp\/v2\/product\/864","targetHints":{"allow":["GET"]}}],"collection":[{"href":"https:\/\/www.happysunday.eu\/index.php?rest_route=\/wp\/v2\/product"}],"about":[{"href":"https:\/\/www.happysunday.eu\/index.php?rest_route=\/wp\/v2\/types\/product"}],"wp:featuredmedia":[{"embeddable":true,"href":"https:\/\/www.happysunday.eu\/index.php?rest_route=\/wp\/v2\/media\/852"}],"wp:attachment":[{"href":"https:\/\/www.happysunday.eu\/index.php?rest_route=%2Fwp%2Fv2%2Fmedia&parent=864"}],"wp:term":[{"taxonomy":"product_brand","embeddable":true,"href":"https:\/\/www.happysunday.eu\/index.php?rest_route=%2Fwp%2Fv2%2Fproduct_brand&post=864"},{"taxonomy":"product_cat","embeddable":true,"href":"https:\/\/www.happysunday.eu\/index.php?rest_route=%2Fwp%2Fv2%2Fproduct_cat&post=864"},{"taxonomy":"product_tag","embeddable":true,"href":"https:\/\/www.happysunday.eu\/index.php?rest_route=%2Fwp%2Fv2%2Fproduct_tag&post=864"}],"curies":[{"name":"wp","href":"https:\/\/api.w.org\/{rel}","templated":true}]}}