{"id":870,"date":"2021-01-23T14:38:03","date_gmt":"2021-01-23T14:38:03","guid":{"rendered":"https:\/\/www.happysunday.eu\/?post_type=product&#038;p=870"},"modified":"2026-04-07T06:54:41","modified_gmt":"2026-04-07T06:54:41","slug":"invisible-mask-super-hydrating-200ml","status":"publish","type":"product","link":"https:\/\/www.happysunday.eu\/?product=invisible-mask-super-hydrating-200ml","title":{"rendered":"VERDEOASI Invisible Mask Super Hydrating 200ml"},"content":{"rendered":"<div id=\"product-title\">\n<p class=\"p1\"><span class=\"s1\">Revolucion\u0101ra \u201cneredzam\u0101\u201d \u017eelejas tekst\u016bra nodro\u0161ina t\u016bl\u012bt\u0113ju mitrin\u0101\u0161anas efektu, atjaunojot \u0101das svaigumu un m\u012bkstumu. Noguruma paz\u012bmes (bl\u0101vums, savilk\u0161an\u0101s saj\u016bta) k\u013c\u016bst maz\u0101k paman\u0101mas, \u0101da k\u013c\u016bst glud\u0101ka, mirdzo\u0161a un atp\u016btusies. Ar 91,58 % dabisku sast\u0101vu. <\/span><\/p>\n<p class=\"p1\"><span class=\"s1\">Kam piem\u0113rota<\/span><\/p>\n<p class=\"p1\"><span class=\"s2\">Maska piem\u0113rota <\/span><span class=\"s1\">visiem \u0101das tipiem un da\u017e\u0101d\u0101m vecuma grup\u0101m<\/span><span class=\"s2\"> \u2014 gan sausai, gan kombin\u0113tai \u0101dai, gan noguruma skartai sejas \u0101dai. <\/span><\/p>\n<p class=\"p1\"><span class=\"s1\">Galven\u0101s akt\u012bv\u0101s sast\u0101vda\u013cas un to \u012bpa\u0161\u012bbas<\/span><\/p>\n<ul>\n<li>\n<p class=\"p1\"><span class=\"s1\">J\u016bras kolag\u0113ns<\/span><span class=\"s2\">: uzlabo \u0101das elast\u012bbu, pie\u0161\u0137ir komforta saj\u016btu.<\/span><\/p>\n<\/li>\n<li>\n<p class=\"p1\"><span class=\"s1\">Kudzu ekstrakts (Pueraria lobata)<\/span><span class=\"s2\">: pal\u012bdz uztur\u0113t \u0101das strukt\u016bru un aizsarg\u0101 pret sausumu.<\/span><\/p>\n<\/li>\n<li>\n<p class=\"p1\"><span class=\"s1\">Dab\u012bgais hialuronsk\u0101bes aizvietot\u0101js (no karrubas)<\/span><span class=\"s2\">: m\u012bkstina un elastific\u0113 \u0101du, l\u012bdz\u012bgi hialuronsk\u0101bei.<\/span><\/p>\n<\/li>\n<li>\n<p class=\"p1\"><span class=\"s1\">Mikroelements (Zn, Cu, Mg, Mn)<\/span><span class=\"s2\">: atbalsta \u0161\u016bnu vielmai\u0146u un pal\u012bdz uztur\u0113t ilgsto\u0161u mitrumu. <\/span><\/p>\n<\/li>\n<\/ul>\n<\/div>\n<p class=\"p1\"><span class=\"s1\">K\u0101 lietot<\/span><\/p>\n<ol start=\"1\">\n<li>\n<p class=\"p1\"><span class=\"s1\">Uzkl\u0101jiet uz r\u016bp\u012bgi att\u012br\u012btas sejas, kakla un dekolt\u0113 zonas 1\u20132 reizes ned\u0113\u013c\u0101.<span class=\"Apple-converted-space\">\u00a0 <\/span><\/span><\/p>\n<\/li>\n<li>\n<p class=\"p1\"><span class=\"s1\">Atst\u0101jiet iedarboties 5\u201315 min\u016btes.<span class=\"Apple-converted-space\">\u00a0 <\/span><\/span><\/p>\n<\/li>\n<li>\n<p class=\"p1\"><span class=\"s1\">R\u016bp\u012bgi noskalojiet ar siltu \u016bdeni.<span class=\"Apple-converted-space\">\u00a0 <\/span><\/span><\/p>\n<p class=\"p1\"><span class=\"s1\">Masku var lietot jebkur\u0101 dienas laik\u0101 vai pirms nakts miega k\u0101 intens\u012bvu kop\u0161anas posmu. <\/span><\/p>\n<\/li>\n<\/ol>\n<p>&nbsp;<\/p>\n","protected":false},"excerpt":{"rendered":"<p>Revolucion\u0101ra \u201cneredzam\u0101\u201d \u017eelejas tekst\u016bra nodro\u0161ina t\u016bl\u012bt\u0113ju mitrin\u0101\u0161anas efektu, atjaunojot \u0101das svaigumu un m\u012bkstumu. Noguruma paz\u012bmes (bl\u0101vums, savilk\u0161an\u0101s saj\u016bta) k\u013c\u016bst maz\u0101k paman\u0101mas, \u0101da k\u013c\u016bst glud\u0101ka, mirdzo\u0161a un atp\u016btusies. Ar 91,58 % dabisku sast\u0101vu. Kam piem\u0113rota Maska piem\u0113rota visiem \u0101das tipiem un da\u017e\u0101d\u0101m vecuma grup\u0101m \u2014 gan sausai, gan kombin\u0113tai \u0101dai, gan noguruma skartai sejas \u0101dai. Galven\u0101s akt\u012bv\u0101s sast\u0101vda\u013cas un to \u012bpa\u0161\u012bbas J\u016bras kolag\u0113ns: uzlabo \u0101das elast\u012bbu, pie\u0161\u0137ir komforta saj\u016btu. Kudzu ekstrakts (Pueraria lobata): pal\u012bdz uztur\u0113t \u0101das strukt\u016bru un aizsarg\u0101 pret sausumu. Dab\u012bgais hialuronsk\u0101bes aizvietot\u0101js (no karrubas): m\u012bkstina un elastific\u0113 \u0101du, l\u012bdz\u012bgi&hellip;<\/p>\n","protected":false},"featured_media":849,"template":"","meta":[],"product_brand":[],"product_cat":[63],"product_tag":[],"class_list":{"0":"post-870","1":"product","2":"type-product","3":"status-publish","4":"has-post-thumbnail","6":"product_cat-kosmetologija","8":"first","9":"outofstock","10":"shipping-taxable","11":"purchasable","12":"product-type-simple"},"_links":{"self":[{"href":"https:\/\/www.happysunday.eu\/index.php?rest_route=\/wp\/v2\/product\/870","targetHints":{"allow":["GET"]}}],"collection":[{"href":"https:\/\/www.happysunday.eu\/index.php?rest_route=\/wp\/v2\/product"}],"about":[{"href":"https:\/\/www.happysunday.eu\/index.php?rest_route=\/wp\/v2\/types\/product"}],"wp:featuredmedia":[{"embeddable":true,"href":"https:\/\/www.happysunday.eu\/index.php?rest_route=\/wp\/v2\/media\/849"}],"wp:attachment":[{"href":"https:\/\/www.happysunday.eu\/index.php?rest_route=%2Fwp%2Fv2%2Fmedia&parent=870"}],"wp:term":[{"taxonomy":"product_brand","embeddable":true,"href":"https:\/\/www.happysunday.eu\/index.php?rest_route=%2Fwp%2Fv2%2Fproduct_brand&post=870"},{"taxonomy":"product_cat","embeddable":true,"href":"https:\/\/www.happysunday.eu\/index.php?rest_route=%2Fwp%2Fv2%2Fproduct_cat&post=870"},{"taxonomy":"product_tag","embeddable":true,"href":"https:\/\/www.happysunday.eu\/index.php?rest_route=%2Fwp%2Fv2%2Fproduct_tag&post=870"}],"curies":[{"name":"wp","href":"https:\/\/api.w.org\/{rel}","templated":true}]}}