{"id":875,"date":"2021-01-23T14:57:55","date_gmt":"2021-01-23T14:57:55","guid":{"rendered":"https:\/\/www.happysunday.eu\/?post_type=product&#038;p=875"},"modified":"2026-04-07T06:54:41","modified_gmt":"2026-04-07T06:54:41","slug":"sos-pimples-15ml","status":"publish","type":"product","link":"https:\/\/www.happysunday.eu\/?product=sos-pimples-15ml","title":{"rendered":"VERDEOASI SOS Pimples 15ml"},"content":{"rendered":"<div id=\"product-title\">\n<p><strong>SOS Pimples<\/strong>. Nor\u0101da k\u0101 atbalstu plankumu un piemais\u012bjumu izzu\u0161anai. Tas iz\u017e\u016bst \u0101das nepiln\u012bbas un nomierina iekaisu\u0161o un aps\u0101rtu\u0161o \u0101du. Ide\u0101li k\u0101 \u0101rk\u0101rtas l\u012bdzeklis pret p\u016bt\u012bt\u0113m un ikdienas att\u012br\u012b\u0161anas re\u017e\u012bms, lai nov\u0113rstu to izskatu.<\/p>\n<p>Lieto\u0161ana: uz plankumiem uzkl\u0101jiet vienu vai vair\u0101kas reizes dien\u0101. Izvairieties no saskares ar ac\u012bm.<\/p>\n<p>Funkcion\u0101l\u0101s sast\u0101vda\u013cas: T\u0113jas koka e\u013c\u013ca &#8211; att\u012bra, lavanda &#8211; att\u012bra, E vitam\u012bna acet\u0101ts &#8211; antioksidants.<\/p>\n<p>Dermatolo\u0123iski p\u0101rbaud\u012bts.<\/p>\n<\/div>\n","protected":false},"excerpt":{"rendered":"<p>SOS Pimples. Nor\u0101da k\u0101 atbalstu plankumu un piemais\u012bjumu izzu\u0161anai. Tas iz\u017e\u016bst \u0101das nepiln\u012bbas un nomierina iekaisu\u0161o un aps\u0101rtu\u0161o \u0101du. Ide\u0101li k\u0101 \u0101rk\u0101rtas l\u012bdzeklis pret p\u016bt\u012bt\u0113m un ikdienas att\u012br\u012b\u0161anas re\u017e\u012bms, lai nov\u0113rstu to izskatu. Lieto\u0161ana: uz plankumiem uzkl\u0101jiet vienu vai vair\u0101kas reizes dien\u0101. Izvairieties no saskares ar ac\u012bm. Funkcion\u0101l\u0101s sast\u0101vda\u013cas: T\u0113jas koka e\u013c\u013ca &#8211; att\u012bra, lavanda &#8211; att\u012bra, E vitam\u012bna acet\u0101ts &#8211; antioksidants. Dermatolo\u0123iski p\u0101rbaud\u012bts.<\/p>\n","protected":false},"featured_media":845,"template":"","meta":[],"product_brand":[],"product_cat":[63],"product_tag":[],"class_list":{"0":"post-875","1":"product","2":"type-product","3":"status-publish","4":"has-post-thumbnail","6":"product_cat-kosmetologija","8":"first","9":"instock","10":"shipping-taxable","11":"purchasable","12":"product-type-simple"},"_links":{"self":[{"href":"https:\/\/www.happysunday.eu\/index.php?rest_route=\/wp\/v2\/product\/875","targetHints":{"allow":["GET"]}}],"collection":[{"href":"https:\/\/www.happysunday.eu\/index.php?rest_route=\/wp\/v2\/product"}],"about":[{"href":"https:\/\/www.happysunday.eu\/index.php?rest_route=\/wp\/v2\/types\/product"}],"wp:featuredmedia":[{"embeddable":true,"href":"https:\/\/www.happysunday.eu\/index.php?rest_route=\/wp\/v2\/media\/845"}],"wp:attachment":[{"href":"https:\/\/www.happysunday.eu\/index.php?rest_route=%2Fwp%2Fv2%2Fmedia&parent=875"}],"wp:term":[{"taxonomy":"product_brand","embeddable":true,"href":"https:\/\/www.happysunday.eu\/index.php?rest_route=%2Fwp%2Fv2%2Fproduct_brand&post=875"},{"taxonomy":"product_cat","embeddable":true,"href":"https:\/\/www.happysunday.eu\/index.php?rest_route=%2Fwp%2Fv2%2Fproduct_cat&post=875"},{"taxonomy":"product_tag","embeddable":true,"href":"https:\/\/www.happysunday.eu\/index.php?rest_route=%2Fwp%2Fv2%2Fproduct_tag&post=875"}],"curies":[{"name":"wp","href":"https:\/\/api.w.org\/{rel}","templated":true}]}}