{"id":936,"date":"2021-01-30T13:21:22","date_gmt":"2021-01-30T13:21:22","guid":{"rendered":"https:\/\/www.happysunday.eu\/?post_type=product&#038;p=936"},"modified":"2026-04-07T06:55:50","modified_gmt":"2026-04-07T06:55:50","slug":"firming-cream-500ml","status":"publish","type":"product","link":"https:\/\/www.happysunday.eu\/?product=firming-cream-500ml","title":{"rendered":"KR\u0112MS \u0136ERME\u0145A UN KR\u016a\u0160U \u0100DAS TVIRTUMAM 500ml"},"content":{"rendered":"<div id=\"product-title\">\n<p><strong>DR KRAUT <b>BODY FIRM &#8211; <\/b><b>FIRMING CREAM with Hops and Shea Butter\u00a0<\/b><\/strong><\/p>\n<p>Nostiprino\u0161s kr\u0113ms, kas bag\u0101tin\u0101ts ar api\u0146iem un \u0161\u012b sviestu, lai barotu, toniz\u0113tu un izl\u012bdzin\u0101tu \u0101du.<br \/>\nVEGAN FORMULA &#8211; 72,21% Dab\u012bgs<\/p>\n<p>Kr\u0113mu izmanto proced\u016br\u0101s, lai stiprin\u0101tu \u0137erme\u0146a \u0101du un atjaunotu kr\u016b\u0161u elast\u012bbu. \u0160\u012b sviests un mandar\u012bnu e\u013c\u013ca, kas ir sast\u0101v\u0101, izl\u012bdzina un nostiprina \u0101du, nodro\u0161inot t\u0101s elast\u012bbu un tvirtumu. Vi\u0146iem ir m\u012bkstino\u0161as un re\u0123enerat\u012bvas \u012bpa\u0161\u012bbas, kas ietekm\u0113 kolag\u0113na sint\u0113zi. Centella Asiatica hidroglikola ekstrakts sp\u0113j \u0101tri iek\u013c\u016bt dzi\u013c\u0101kajos \u0101das sl\u0101\u0146os un palielin\u0101t kolag\u0113na ra\u017eo\u0161anu par 30%. Api\u0146u ekstrakts &#8211; t\u0101 saukto fitoestrog\u0113nu, sievie\u0161u dzimuma hormonu l\u012bdzinieku &#8211; avots uzlabo \u016bdens tauku metabolismu \u0101das \u0161\u016bn\u0101s, palielina \u0101das elast\u012bbu un tvirtumu, izl\u012bdzina smalk\u0101s grumbi\u0146as. Gai\u0161a tekst\u016bra ar smalku arom\u0101tu rada komforta saj\u016btu.<\/p>\n<p>Lieto\u0161ana: uzkl\u0101t uz t\u012bras \u0101das ar viegl\u0101m mas\u0101\u017eas kust\u012bb\u0101m, l\u012bdz t\u0101 piln\u012bb\u0101 uzs\u016bcas.<\/p>\n<p>APIS: z\u0101laugu augs, no kura ziedkop\u0101m ieg\u016btas \u0113terisk\u0101s e\u013c\u013cas un ekstrakti, kas noder, lai nostiprin\u0101tu un nov\u0113rstu \u0101das tonusa zudumu. To raksturojo\u0161ie elementi aizsarg\u0101 \u0101du, veidojot virspus\u0113ju pl\u0113vi, kas nov\u0113r\u0161 \u0101das sausumu.<br \/>\nSHEA sviests: sviests, kas ieg\u016bts no \u0161\u012b koka, kam rakstur\u012bgs augsts nep\u0101rziepjojamo vielu saturs \u2013 vielas, kas saglab\u0101 \u0101das dabisko elast\u012bbu un tvirtumu.<br \/>\nSOJAS E\u013b\u013bA: ieg\u016bta no sojas pupi\u0146\u0101m, t\u0101 veido aizsarg\u0101jo\u0161u hidrolip\u012bdu pl\u0113vi, kas neitraliz\u0113 \u0101das sausumu un aizsarg\u0101 \u0101du no \u0101r\u0113jiem faktoriem.<br \/>\nCENTELLAS EKSTRAKTS: \u0100zijas z\u0101laugu augs ar elast\u012bg\u0101m un toniz\u0113jo\u0161\u0101m \u012bpa\u0161\u012bb\u0101m, kas noder celul\u012bta izrais\u012btu \u0101das boj\u0101jumu \u0101rst\u0113\u0161an\u0101. Tas veicina fiziolo\u0123isko asins mikrocirkul\u0101ciju un sniedz viegluma saj\u016btu noguru\u0161\u0101m un piet\u016bku\u0161\u0101m k\u0101j\u0101m.<br \/>\nMANDAR\u012aNU \u0112TERISK\u0100 E\u013b\u013bA: ieg\u016bta, izspie\u017eot aug\u013ca mizas, tai rakstur\u012bgas toniz\u0113jo\u0161as un atsvaidzino\u0161as \u012bpa\u0161\u012bbas. Tas nodro\u0161ina izcilu arom\u0101tu un pal\u012bdz kop\u0101 ar cit\u0101m sast\u0101v\u0101 eso\u0161aj\u0101m sast\u0101vda\u013c\u0101m saglab\u0101t \u0101du toniz\u0113tu un vit\u0101lu.<\/p>\n<\/div>\n","protected":false},"excerpt":{"rendered":"<p>DR KRAUT BODY FIRM &#8211; FIRMING CREAM with Hops and Shea Butter\u00a0 Nostiprino\u0161s kr\u0113ms, kas bag\u0101tin\u0101ts ar api\u0146iem un \u0161\u012b sviestu, lai barotu, toniz\u0113tu un izl\u012bdzin\u0101tu \u0101du. VEGAN FORMULA &#8211; 72,21% Dab\u012bgs Kr\u0113mu izmanto proced\u016br\u0101s, lai stiprin\u0101tu \u0137erme\u0146a \u0101du un atjaunotu kr\u016b\u0161u elast\u012bbu. \u0160\u012b sviests un mandar\u012bnu e\u013c\u013ca, kas ir sast\u0101v\u0101, izl\u012bdzina un nostiprina \u0101du, nodro\u0161inot t\u0101s elast\u012bbu un tvirtumu. Vi\u0146iem ir m\u012bkstino\u0161as un re\u0123enerat\u012bvas \u012bpa\u0161\u012bbas, kas ietekm\u0113 kolag\u0113na sint\u0113zi. Centella Asiatica hidroglikola ekstrakts sp\u0113j \u0101tri iek\u013c\u016bt dzi\u013c\u0101kajos \u0101das sl\u0101\u0146os un palielin\u0101t kolag\u0113na ra\u017eo\u0161anu par 30%. Api\u0146u ekstrakts &#8211; t\u0101&hellip;<\/p>\n","protected":false},"featured_media":899,"template":"","meta":[],"product_brand":[],"product_cat":[64,73],"product_tag":[],"class_list":{"0":"post-936","1":"product","2":"type-product","3":"status-publish","4":"has-post-thumbnail","6":"product_cat-kermenu-kopsana","7":"product_cat-masaza","9":"first","10":"instock","11":"shipping-taxable","12":"purchasable","13":"product-type-simple"},"_links":{"self":[{"href":"https:\/\/www.happysunday.eu\/index.php?rest_route=\/wp\/v2\/product\/936","targetHints":{"allow":["GET"]}}],"collection":[{"href":"https:\/\/www.happysunday.eu\/index.php?rest_route=\/wp\/v2\/product"}],"about":[{"href":"https:\/\/www.happysunday.eu\/index.php?rest_route=\/wp\/v2\/types\/product"}],"wp:featuredmedia":[{"embeddable":true,"href":"https:\/\/www.happysunday.eu\/index.php?rest_route=\/wp\/v2\/media\/899"}],"wp:attachment":[{"href":"https:\/\/www.happysunday.eu\/index.php?rest_route=%2Fwp%2Fv2%2Fmedia&parent=936"}],"wp:term":[{"taxonomy":"product_brand","embeddable":true,"href":"https:\/\/www.happysunday.eu\/index.php?rest_route=%2Fwp%2Fv2%2Fproduct_brand&post=936"},{"taxonomy":"product_cat","embeddable":true,"href":"https:\/\/www.happysunday.eu\/index.php?rest_route=%2Fwp%2Fv2%2Fproduct_cat&post=936"},{"taxonomy":"product_tag","embeddable":true,"href":"https:\/\/www.happysunday.eu\/index.php?rest_route=%2Fwp%2Fv2%2Fproduct_tag&post=936"}],"curies":[{"name":"wp","href":"https:\/\/api.w.org\/{rel}","templated":true}]}}