{"id":937,"date":"2021-01-30T13:24:35","date_gmt":"2021-01-30T13:24:35","guid":{"rendered":"https:\/\/www.happysunday.eu\/?post_type=product&#038;p=937"},"modified":"2026-04-07T06:56:29","modified_gmt":"2026-04-07T06:56:29","slug":"detox-mud-500ml","status":"publish","type":"product","link":"https:\/\/www.happysunday.eu\/?product=detox-mud-500ml","title":{"rendered":"DETOX \u0136ERMENA DUB\u013bU MASKA AR J\u016aRASZ\u0100L\u0112M UN ZA\u013bO M\u0100LU 500ml"},"content":{"rendered":"<div id=\"product-title\">\n<p>DR KRAUT <b>BODY FIRM &#8211; <\/b><strong>DETOX MUD with Pure Clay and Vulcanyl\u00a0<\/strong><\/p>\n<p>DETOX dub\u013cu maska \u200b\u200bar j\u016brasz\u0101l\u0113m un za\u013co m\u0101lu.<\/p>\n<p>Dr.Kraut Detox Mud &#8211; dub\u013cu maska, kas paredz\u0113ta toks\u012bnu att\u012br\u012b\u0161anai, no\u0146em\u0161anai un piet\u016bkuma mazin\u0101\u0161anai. Za\u013cais m\u0101ls kombin\u0101cij\u0101 ar vulk\u0101niskiem putek\u013ciem pa\u0101trina interstici\u0101la \u0161\u0137idruma mikrocirkul\u0101ciju un vielmai\u0146as procesus, pies\u0101tina \u0101du ar miner\u0101lviel\u0101m. Kan\u0113\u013ca \u0113terisk\u0101 e\u013c\u013ca paaugstina \u0101das temperat\u016bru, stimul\u0113 asinsriti un atsl\u0101bina musku\u013cus. Citronu \u0113terisk\u0101 e\u013c\u013ca balina, izgaismo vecuma plankumus. Patent\u0113tais j\u016brasz\u0101\u013cu komplekss no\u0146em toksiskas vielas, nodro\u0161ina sp\u0113c\u012bgu pacel\u0161anu, nostiprina \u0101du, pies\u0101tina ar vitam\u012bniem un miner\u0101lviel\u0101m.<br \/>\nLielisks produkts \u0101das sagatavo\u0161anai pirms citas kosm\u0113tikas lieto\u0161anas.<\/p>\n<p>Pielietojums:<br \/>\nsejai: uzkl\u0101jiet vid\u0113jo k\u0101rtu uz visas sejas, kakla un dekolt\u0113. Atst\u0101j uz 20 min\u016bt\u0113m. P\u0101r\u0113jo da\u013cu nomazg\u0101jiet ar t\u012br\u012b\u0161anas pienu.<br \/>\n\u0137ermenim: uzkl\u0101t ar pl\u0101nu k\u0101rtu, iet\u012bt puscaurlaid\u012bg\u0101 pl\u0113v\u0113, atst\u0101t uz 40 min\u016bt\u0113m. Atlikumus no\u0146em ar mitru dr\u0101nu.<\/p>\n<p>PURE CAY: miner\u0101lu avots, kam rakstur\u012bga lieliska att\u012bro\u0161a un mineraliz\u0113jo\u0161a iedarb\u012bba. Pateicoties apmai\u0146as procesam, m\u0101ls sp\u0113j absorb\u0113t net\u012brumus no \u0101das, izdalot miner\u0101ls\u0101\u013cus.<br \/>\nVULCANYL: pulveris, kas ieg\u016bts no vulk\u0101niskajiem akme\u0146iem, apvieno rakstur\u012bgu p\u012blinga efektu, kas noloba un toniz\u0113 \u0101das virsmu ar absorb\u0113jo\u0161u un att\u012bro\u0161u darb\u012bbu.<br \/>\nAL\u0122\u0112S: Fucus a\u013c\u0123u m\u012bkstino\u0161\u0101s un att\u012bro\u0161\u0101s \u012bpa\u0161\u012bbas tiek izmantotas, lai maigi nolob\u012btu \u0101du un izvair\u012btos no \u0101das sabiez\u0113\u0161anas (a\u013c\u0123es dabiski satur zemu joda procentu).<br \/>\nKA\u0145\u0112\u013bA \u0112TERISK\u0100 E\u013b\u013bA: ieg\u016bta no kan\u0113\u013ca koka, tai ir rakstur\u012bgas toniz\u0113jo\u0161as \u012bpa\u0161\u012bbas, kas ir noder\u012bgas k\u0101 kosm\u0113tikas pal\u012bgvielas celul\u012bta izrais\u012btu \u0101das boj\u0101jumu \u0101rst\u0113\u0161an\u0101.<br \/>\nKRAVAS \u0112TERISK\u0100 E\u013b\u013bA: ieg\u016bta no Eugenia Caryophyllata auga ziediem, tai rakstur\u012bgas toniz\u0113jo\u0161as \u012bpa\u0161\u012bbas, kas ir noder\u012bgas k\u0101 kosm\u0113tikas pal\u012bgl\u012bdzek\u013ci celul\u012bta izrais\u012btu \u0101das boj\u0101jumu \u0101rst\u0113\u0161an\u0101.<br \/>\nCITRONU \u0112TERISK\u0100 E\u013b\u013bA: ieg\u016bta no citrona aug\u013ciem, tai piem\u012bt att\u012bro\u0161as un atsvaidzino\u0161as \u012bpa\u0161\u012bbas, kas ir noder\u012bgas k\u0101 kosm\u0113tiskais pal\u012bgl\u012bdzeklis \u016bdens aiztures un celul\u012bta izrais\u012btu \u0101das boj\u0101jumu \u0101rst\u0113\u0161an\u0101.<\/p>\n<\/div>\n","protected":false},"excerpt":{"rendered":"<p>DR KRAUT BODY FIRM &#8211; DETOX MUD with Pure Clay and Vulcanyl\u00a0 DETOX dub\u013cu maska \u200b\u200bar j\u016brasz\u0101l\u0113m un za\u013co m\u0101lu. Dr.Kraut Detox Mud &#8211; dub\u013cu maska, kas paredz\u0113ta toks\u012bnu att\u012br\u012b\u0161anai, no\u0146em\u0161anai un piet\u016bkuma mazin\u0101\u0161anai. Za\u013cais m\u0101ls kombin\u0101cij\u0101 ar vulk\u0101niskiem putek\u013ciem pa\u0101trina interstici\u0101la \u0161\u0137idruma mikrocirkul\u0101ciju un vielmai\u0146as procesus, pies\u0101tina \u0101du ar miner\u0101lviel\u0101m. Kan\u0113\u013ca \u0113terisk\u0101 e\u013c\u013ca paaugstina \u0101das temperat\u016bru, stimul\u0113 asinsriti un atsl\u0101bina musku\u013cus. Citronu \u0113terisk\u0101 e\u013c\u013ca balina, izgaismo vecuma plankumus. Patent\u0113tais j\u016brasz\u0101\u013cu komplekss no\u0146em toksiskas vielas, nodro\u0161ina sp\u0113c\u012bgu pacel\u0161anu, nostiprina \u0101du, pies\u0101tina ar vitam\u012bniem un miner\u0101lviel\u0101m. Lielisks produkts \u0101das sagatavo\u0161anai pirms&hellip;<\/p>\n","protected":false},"featured_media":900,"template":"","meta":[],"product_brand":[],"product_cat":[64],"product_tag":[],"class_list":{"0":"post-937","1":"product","2":"type-product","3":"status-publish","4":"has-post-thumbnail","6":"product_cat-kermenu-kopsana","8":"first","9":"outofstock","10":"shipping-taxable","11":"purchasable","12":"product-type-simple"},"_links":{"self":[{"href":"https:\/\/www.happysunday.eu\/index.php?rest_route=\/wp\/v2\/product\/937","targetHints":{"allow":["GET"]}}],"collection":[{"href":"https:\/\/www.happysunday.eu\/index.php?rest_route=\/wp\/v2\/product"}],"about":[{"href":"https:\/\/www.happysunday.eu\/index.php?rest_route=\/wp\/v2\/types\/product"}],"wp:featuredmedia":[{"embeddable":true,"href":"https:\/\/www.happysunday.eu\/index.php?rest_route=\/wp\/v2\/media\/900"}],"wp:attachment":[{"href":"https:\/\/www.happysunday.eu\/index.php?rest_route=%2Fwp%2Fv2%2Fmedia&parent=937"}],"wp:term":[{"taxonomy":"product_brand","embeddable":true,"href":"https:\/\/www.happysunday.eu\/index.php?rest_route=%2Fwp%2Fv2%2Fproduct_brand&post=937"},{"taxonomy":"product_cat","embeddable":true,"href":"https:\/\/www.happysunday.eu\/index.php?rest_route=%2Fwp%2Fv2%2Fproduct_cat&post=937"},{"taxonomy":"product_tag","embeddable":true,"href":"https:\/\/www.happysunday.eu\/index.php?rest_route=%2Fwp%2Fv2%2Fproduct_tag&post=937"}],"curies":[{"name":"wp","href":"https:\/\/api.w.org\/{rel}","templated":true}]}}