{"id":983,"date":"2021-02-04T09:09:28","date_gmt":"2021-02-04T09:09:28","guid":{"rendered":"https:\/\/www.happysunday.eu\/?post_type=product&#038;p=983"},"modified":"2026-04-07T06:56:28","modified_gmt":"2026-04-07T06:56:28","slug":"jungle-fruit-150ml","status":"publish","type":"product","link":"https:\/\/www.happysunday.eu\/?product=jungle-fruit-150ml","title":{"rendered":"JUNGLE FRUIT 150ml"},"content":{"rendered":"<div id=\"product-title\">\n<p><strong>JUNGLE FRUIT <\/strong>Kr\u0113ms pirms sau\u013co\u0161an\u0101s sol\u0101rij\u0101 ar 12x bronzeriem, alvejas sulu un E vitm\u012bnu.<\/p>\n<p>Dom\u0101ts viseim, kas v\u0113las ieg\u016bt moment\u0101lu\u00a0 bronzas kr\u0101sas iedegumu. Nodro\u0161ina ilgu un notur\u012bgu iedegumu, k\u0101 ar\u012b \u0101tru br\u016bn\u012bgo efektu, pateicoties 12x bronzeru savienojumam. Papildus komponenti \u0101das kop\u0161anai, t\u0101di ka: kolag\u0113ns, kofe\u012bns, alvejas s\u016bla, \u00a0Beta-carotine, burk\u0101nu un kareme\u013cu ekstrakts, D-pantenols un glicer\u012bns, dzi\u013ci mitrina, un padara \u0101du elast\u012bgu.<\/p>\n<\/div>\n","protected":false},"excerpt":{"rendered":"<p>JUNGLE FRUIT Kr\u0113ms pirms sau\u013co\u0161an\u0101s sol\u0101rij\u0101 ar 12x bronzeriem, alvejas sulu un E vitm\u012bnu. Dom\u0101ts viseim, kas v\u0113las ieg\u016bt moment\u0101lu\u00a0 bronzas kr\u0101sas iedegumu. Nodro\u0161ina ilgu un notur\u012bgu iedegumu, k\u0101 ar\u012b \u0101tru br\u016bn\u012bgo efektu, pateicoties 12x bronzeru savienojumam. Papildus komponenti \u0101das kop\u0161anai, t\u0101di ka: kolag\u0113ns, kofe\u012bns, alvejas s\u016bla, \u00a0Beta-carotine, burk\u0101nu un kareme\u013cu ekstrakts, D-pantenols un glicer\u012bns, dzi\u013ci mitrina, un padara \u0101du elast\u012bgu.<\/p>\n","protected":false},"featured_media":968,"template":"","meta":[],"product_brand":[],"product_cat":[34],"product_tag":[],"class_list":{"0":"post-983","1":"product","2":"type-product","3":"status-publish","4":"has-post-thumbnail","6":"product_cat-kosmetika","8":"first","9":"instock","10":"shipping-taxable","11":"purchasable","12":"product-type-simple"},"_links":{"self":[{"href":"https:\/\/www.happysunday.eu\/index.php?rest_route=\/wp\/v2\/product\/983","targetHints":{"allow":["GET"]}}],"collection":[{"href":"https:\/\/www.happysunday.eu\/index.php?rest_route=\/wp\/v2\/product"}],"about":[{"href":"https:\/\/www.happysunday.eu\/index.php?rest_route=\/wp\/v2\/types\/product"}],"wp:featuredmedia":[{"embeddable":true,"href":"https:\/\/www.happysunday.eu\/index.php?rest_route=\/wp\/v2\/media\/968"}],"wp:attachment":[{"href":"https:\/\/www.happysunday.eu\/index.php?rest_route=%2Fwp%2Fv2%2Fmedia&parent=983"}],"wp:term":[{"taxonomy":"product_brand","embeddable":true,"href":"https:\/\/www.happysunday.eu\/index.php?rest_route=%2Fwp%2Fv2%2Fproduct_brand&post=983"},{"taxonomy":"product_cat","embeddable":true,"href":"https:\/\/www.happysunday.eu\/index.php?rest_route=%2Fwp%2Fv2%2Fproduct_cat&post=983"},{"taxonomy":"product_tag","embeddable":true,"href":"https:\/\/www.happysunday.eu\/index.php?rest_route=%2Fwp%2Fv2%2Fproduct_tag&post=983"}],"curies":[{"name":"wp","href":"https:\/\/api.w.org\/{rel}","templated":true}]}}